265
CDUS43 KGRR 130522
CLIGRR


CLIMATE REPORT
NATIONAL WEATHER SERVICE GRAND RAPIDS, MI
121 AM EDT FRI APR 13 2018


...................................

...THE GRAND RAPIDS MI CLIMATE SUMMARY FOR APRIL 12 2018...

CLIMATE NORMAL PERIOD 1981 TO 2010
CLIMATE RECORD PERIOD 1892 TO 2018


WEATHER ITEM   OBSERVED TIME   RECORD YEAR NORMAL DEPARTURE LAST
                VALUE   (LST)  VALUE       VALUE  FROM      YEAR
                                                  NORMAL
..................................................................
TEMPERATURE (F)
 YESTERDAY
  MAXIMUM         64   1252 PM  82    1977  57      7       58
  MINIMUM         44    244 AM  19    1950  37      7       39
                                      1939
  AVERAGE         54                        47      7       49

PRECIPITATION (IN)
  YESTERDAY        0.28          1.10 1994   0.12   0.16      T
  MONTH TO DATE    1.14                      1.30  -0.16     3.02
  SINCE MAR 1      2.30                      3.67  -1.37     6.29
  SINCE JAN 1      9.35                      7.55   1.80    11.85

SNOWFALL (IN)
  YESTERDAY        0.0           1.2  1989   0.0    0.0      0.0
  MONTH TO DATE    3.0                       1.2    1.8      0.4
  SINCE MAR 1      7.9                       9.5   -1.6      5.1
  SINCE JUL 1     74.7                      74.3    0.4     60.1
  SNOW DEPTH       0

DEGREE DAYS
 HEATING
  YESTERDAY       11                        18     -7       16
  MONTH TO DATE  369                       248    121      207
  SINCE MAR 1   1312                      1158    154     1128
  SINCE JUL 1   5968                      5935     33     5182

 COOLING
  YESTERDAY        0                         0      0        0
  MONTH TO DATE    0                         0      0        0
  SINCE MAR 1      0                         1     -1        0
  SINCE JAN 1      0                         1     -1        0
..................................................................


WIND (MPH)
  RESULTANT WIND SPEED   8   RESULTANT WIND DIRECTION   W (260)
  HIGHEST WIND SPEED    36   HIGHEST WIND DIRECTION    SW (240)
  HIGHEST GUST SPEED    43   HIGHEST GUST DIRECTION     W (250)
  AVERAGE WIND SPEED    13.5


SKY COVER
  POSSIBLE SUNSHINE  57 PERCENT
  AVERAGE SKY COVER 0.7


WEATHER CONDITIONS
 THE FOLLOWING WEATHER WAS RECORDED YESTERDAY.
  RAIN
  LIGHT RAIN
  FOG


RELATIVE HUMIDITY (PERCENT)
 HIGHEST    93           400 AM
 LOWEST     52          1100 AM
 AVERAGE    73

..........................................................


THE GRAND RAPIDS MI CLIMATE NORMALS FOR TODAY
                         NORMAL    RECORD    YEAR
 MAXIMUM TEMPERATURE (F)   57        80      1941
 MINIMUM TEMPERATURE (F)   37        16      1957


SUNRISE AND SUNSET
APRIL 13 2018.........SUNRISE   704 AM EDT   SUNSET   822 PM EDT
APRIL 14 2018.........SUNRISE   702 AM EDT   SUNSET   823 PM EDT


-  INDICATES NEGATIVE NUMBERS.
R  INDICATES RECORD WAS SET OR TIED.
MM INDICATES DATA IS MISSING.
T  INDICATES TRACE AMOUNT.




$$
