000
CDUS43 KGRR 080530
CLIGRR


CLIMATE REPORT
NATIONAL WEATHER SERVICE GRAND RAPIDS, MI
130 AM EDT SUN APR 8 2018


...................................

...THE GRAND RAPIDS MI CLIMATE SUMMARY FOR APRIL 7 2018...

CLIMATE NORMAL PERIOD 1981 TO 2010
CLIMATE RECORD PERIOD 1892 TO 2018


WEATHER ITEM   OBSERVED TIME   RECORD YEAR NORMAL DEPARTURE LAST
                VALUE   (LST)  VALUE       VALUE  FROM      YEAR
                                                  NORMAL
..................................................................
TEMPERATURE (F)
 YESTERDAY
  MAXIMUM         30   1211 PM  81    1991  55    -25       54
  MINIMUM         19   1159 PM   3    1982  35    -16       34
  AVERAGE         25                        45    -20       44

PRECIPITATION (IN)
  YESTERDAY        T             1.06 2006   0.11  -0.11     0.00
  MONTH TO DATE    0.81                      0.73   0.08     1.98
  SINCE MAR 1      1.97                      3.10  -1.13     5.25
  SINCE JAN 1      9.02                      6.98   2.04    10.81

SNOWFALL (IN)
  YESTERDAY        T             5.0  1956   0.1   -0.1      0.0
  MONTH TO DATE    3.0                       0.8    2.2      0.4
  SINCE MAR 1      7.9                       9.1   -1.2      5.1
  SINCE JUL 1     74.7                      73.9    0.8     60.1
  SNOW DEPTH       T

DEGREE DAYS
 HEATING
  YESTERDAY       40                        20     20       21
  MONTH TO DATE  241                       152     89      154
  SINCE MAR 1   1184                      1062    122     1075
  SINCE JUL 1   5840                      5839      1     5129

 COOLING
  YESTERDAY        0                         0      0        0
  MONTH TO DATE    0                         0      0        0
  SINCE MAR 1      0                         1     -1        0
  SINCE JAN 1      0                         1     -1        0
..................................................................


WIND (MPH)
  RESULTANT WIND SPEED   9   RESULTANT WIND DIRECTION   W (280)
  HIGHEST WIND SPEED    20   HIGHEST WIND DIRECTION     W (260)
  HIGHEST GUST SPEED    24   HIGHEST GUST DIRECTION     W (260)
  AVERAGE WIND SPEED     9.2


SKY COVER
  POSSIBLE SUNSHINE  16 PERCENT
  AVERAGE SKY COVER 0.5


WEATHER CONDITIONS
 THE FOLLOWING WEATHER WAS RECORDED YESTERDAY.
  LIGHT SNOW


RELATIVE HUMIDITY (PERCENT)
 HIGHEST    68           700 AM
 LOWEST     50           100 AM
 AVERAGE    59

..........................................................


THE GRAND RAPIDS MI CLIMATE NORMALS FOR TODAY
                         NORMAL    RECORD    YEAR
 MAXIMUM TEMPERATURE (F)   55        74      1931
 MINIMUM TEMPERATURE (F)   35         7      1982


SUNRISE AND SUNSET
APRIL  8 2018.........SUNRISE   712 AM EDT   SUNSET   816 PM EDT
APRIL  9 2018.........SUNRISE   710 AM EDT   SUNSET   818 PM EDT


-  INDICATES NEGATIVE NUMBERS.
R  INDICATES RECORD WAS SET OR TIED.
MM INDICATES DATA IS MISSING.
T  INDICATES TRACE AMOUNT.




$$
