742
CDUS43 KGRR 232129
CLIGRR


CLIMATE REPORT
NATIONAL WEATHER SERVICE GRAND RAPIDS, MI
529 PM EDT WED MAY 23 2018


...................................

...THE GRAND RAPIDS MI CLIMATE SUMMARY FOR MAY 23 2018...
VALID TODAY AS OF 0500 PM LOCAL TIME.

CLIMATE NORMAL PERIOD 1981 TO 2010
CLIMATE RECORD PERIOD 1892 TO 2018


WEATHER ITEM   OBSERVED TIME   RECORD YEAR NORMAL DEPARTURE LAST
                VALUE   (LST)  VALUE       VALUE  FROM      YEAR
                                                  NORMAL
..................................................................
TEMPERATURE (F)
 TODAY
  MAXIMUM         79    356 PM  90    1977  72      7       66
  MINIMUM         48    711 AM  30    1963  50     -2       56
  AVERAGE         64                        61      3       61

PRECIPITATION (IN)
  TODAY            0.00          2.26 1904   0.14  -0.14     0.04
  MONTH TO DATE    4.18                      2.96   1.22     1.13
  SINCE MAR 1      8.19                      8.68  -0.49    10.67
  SINCE JAN 1     15.24                     12.56   2.68    16.23

SNOWFALL (IN)
  TODAY            0.0           T    1917   0.0    0.0      0.0
  MONTH TO DATE    0.0                       0.0    0.0      0.0
  SINCE MAR 1     10.9                      10.1    0.8      5.1
  SINCE JUL 1     77.7                      74.9    2.8     60.1
  SNOW DEPTH       0

DEGREE DAYS
 HEATING
  TODAY            1                         6     -5        4
  MONTH TO DATE  105                       197    -92      226
  SINCE MAR 1   1788                      1625    163     1538
  SINCE JUL 1   6444                      6402     42     5592

 COOLING
  TODAY            0                         2     -2        0
  MONTH TO DATE   20                        21     -1       21
  SINCE MAR 1     20                        29     -9       26
  SINCE JAN 1     20                        29     -9       26
..................................................................


WIND (MPH)
  RESULTANT WIND SPEED   1   RESULTANT WIND DIRECTION  SW (240)
  HIGHEST WIND SPEED    10   HIGHEST WIND DIRECTION     W (250)
  HIGHEST GUST SPEED    14   HIGHEST GUST DIRECTION    SW (230)
  AVERAGE WIND SPEED     1.7


SKY COVER
  AVERAGE SKY COVER 0.7


WEATHER CONDITIONS
 THE FOLLOWING WEATHER WAS RECORDED TODAY.
  FOG
  FOG W/VISIBILITY <= 1/4 MILE


RELATIVE HUMIDITY (PERCENT)
 HIGHEST   100           100 AM
 LOWEST     36           100 PM
 AVERAGE    68

..........................................................


THE GRAND RAPIDS MI CLIMATE NORMALS FOR TOMORROW
                         NORMAL    RECORD    YEAR
 MAXIMUM TEMPERATURE (F)   72        89      2010
                                             2007
                                             1977
 MINIMUM TEMPERATURE (F)   50        33      1963
                                             1925


SUNRISE AND SUNSET
MAY 23 2018...........SUNRISE   612 AM EDT   SUNSET   906 PM EDT
MAY 24 2018...........SUNRISE   611 AM EDT   SUNSET   907 PM EDT


-  INDICATES NEGATIVE NUMBERS.
R  INDICATES RECORD WAS SET OR TIED.
MM INDICATES DATA IS MISSING.
T  INDICATES TRACE AMOUNT.




$$
