656
CDUS43 KGRR 170522
CLIGRR


CLIMATE REPORT
NATIONAL WEATHER SERVICE GRAND RAPIDS, MI
120 AM EDT THU MAY 17 2018


...................................

...THE GRAND RAPIDS MI CLIMATE SUMMARY FOR MAY 16 2018...

CLIMATE NORMAL PERIOD 1981 TO 2010
CLIMATE RECORD PERIOD 1892 TO 2018


WEATHER ITEM   OBSERVED TIME   RECORD YEAR NORMAL DEPARTURE LAST
                VALUE   (LST)  VALUE       VALUE  FROM      YEAR
                                                  NORMAL
..................................................................
TEMPERATURE (F)
 YESTERDAY
  MAXIMUM         80    447 PM  89    1977  70     10       88
                                      1962
  MINIMUM         52    554 AM  29    1997  48      4       57
  AVERAGE         66                        59      7       73

PRECIPITATION (IN)
  YESTERDAY        0.00          1.97 1974   0.12  -0.12     0.04
  MONTH TO DATE    2.81                      2.01   0.80     0.49
  SINCE MAR 1      6.82                      7.73  -0.91    10.03
  SINCE JAN 1     13.87                     11.61   2.26    15.59

SNOWFALL (IN)
  YESTERDAY        0.0           T    1997   0.0    0.0      0.0
  MONTH TO DATE    0.0                       0.0    0.0      0.0
  SINCE MAR 1     10.9                      10.1    0.8      5.1
  SINCE JUL 1     77.7                      74.9    2.8     60.1
  SNOW DEPTH       0

DEGREE DAYS
 HEATING
  YESTERDAY        0                         7     -7        0
  MONTH TO DATE   71                       152    -81      183
  SINCE MAR 1   1754                      1580    174     1495
  SINCE JUL 1   6410                      6357     53     5549

 COOLING
  YESTERDAY        1                         1      0        8
  MONTH TO DATE   20                        12      8        8
  SINCE MAR 1     20                        20      0       13
  SINCE JAN 1     20                        20      0       13
..................................................................


WIND (MPH)
  RESULTANT WIND SPEED   1   RESULTANT WIND DIRECTION  SW (220)
  HIGHEST WIND SPEED    12   HIGHEST WIND DIRECTION     W (280)
  HIGHEST GUST SPEED    17   HIGHEST GUST DIRECTION     W (280)
  AVERAGE WIND SPEED     4.9


SKY COVER
  POSSIBLE SUNSHINE 100 PERCENT
  AVERAGE SKY COVER 0.2


WEATHER CONDITIONS
 THE FOLLOWING WEATHER WAS RECORDED YESTERDAY.
  FOG


RELATIVE HUMIDITY (PERCENT)
 HIGHEST   100           600 AM
 LOWEST     27           600 PM
 AVERAGE    64

..........................................................


THE GRAND RAPIDS MI CLIMATE NORMALS FOR TODAY
                         NORMAL    RECORD    YEAR
 MAXIMUM TEMPERATURE (F)   70        91      1962
 MINIMUM TEMPERATURE (F)   48        30      1973


SUNRISE AND SUNSET
MAY 17 2018...........SUNRISE   617 AM EDT   SUNSET   900 PM EDT
MAY 18 2018...........SUNRISE   616 AM EDT   SUNSET   901 PM EDT


-  INDICATES NEGATIVE NUMBERS.
R  INDICATES RECORD WAS SET OR TIED.
MM INDICATES DATA IS MISSING.
T  INDICATES TRACE AMOUNT.




$$
