000
CDUS43 KMQT 230517
CLIMQT


CLIMATE REPORT
NATIONAL WEATHER SERVICE MARQUETTE MI
116 AM EDT WED MAY 23 2018


...................................

...THE MARQUETTE MI CLIMATE SUMMARY FOR MAY 22 2018...

CLIMATE NORMAL PERIOD 1981 TO 2010
CLIMATE RECORD PERIOD 1961 TO 2018


WEATHER ITEM   OBSERVED RECORD YEAR NORMAL DEPARTURE LAST
                VALUE   VALUE       VALUE  FROM      YEAR
                                           NORMAL
...........................................................
TEMPERATURE (F)
 YESTERDAY
  MAXIMUM         76     93    1964  64     12       55
  MINIMUM         47     21    1967  42      5       40
  AVERAGE         62                 53      9       48

PRECIPITATION (IN)
  YESTERDAY        0.00   1.16 1983   0.11  -0.11     0.03
  MONTH TO DATE    0.46               2.08  -1.62     2.38
  SINCE MAR 1      5.12               8.12  -3.00     9.62
  SINCE JAN 1      9.28              12.67  -3.39    14.20

SNOWFALL (IN)
  YESTERDAY        0.0    0.1  1987   0.0    0.0      0.0
  MONTH TO DATE    0.0                1.5   -1.5      0.9
  SINCE MAR 1     59.3               50.9    8.4     32.9
  SINCE JUL 1    175.3              203.3  -28.0    154.0
  SNOW DEPTH       0

DEGREE DAYS
 HEATING
  YESTERDAY        3                 12     -9       17
  MONTH TO DATE  312                351    -39      443
  SINCE MAR 1   2705               2429    276     2443
  SINCE JUL 1   9393               9053    340     8127

 COOLING
  YESTERDAY        0                  1     -1        0
  MONTH TO DATE    0                  2     -2        0
  SINCE MAR 1      0                  3     -3        0
  SINCE JAN 1      0                  3     -3        0
...........................................................

WIND (MPH)
  RESULTANT WIND SPEED  MM   RESULTANT WIND DIRECTION  MM
  HIGHEST WIND SPEED    MM   HIGHEST WIND DIRECTION    MM
  HIGHEST GUST SPEED    16   HIGHEST GUST DIRECTION     E (90)
  AVERAGE WIND SPEED    MM

SKY COVER
  POSSIBLE SUNSHINE  MM
  AVERAGE SKY COVER  MM

WEATHER CONDITIONS
 THE FOLLOWING WEATHER WAS RECORDED YESTERDAY.
  NO SIGNIFICANT WEATHER WAS OBSERVED.

RELATIVE HUMIDITY (PERCENT)
 HIGHEST    MM
 LOWEST     MM
 AVERAGE    MM
..........................................................

THE MARQUETTE MI CLIMATE NORMALS FOR TODAY
                         NORMAL    RECORD    YEAR
 MAXIMUM TEMPERATURE (F)   65        88      2010
 MINIMUM TEMPERATURE (F)   42        23      1963


SUNRISE AND SUNSET
MAY 23 2018...........SUNRISE   608 AM EDT   SUNSET   927 PM EDT
MAY 24 2018...........SUNRISE   607 AM EDT   SUNSET   928 PM EDT


-  INDICATES NEGATIVE NUMBERS.
R  INDICATES RECORD WAS SET OR TIED.
MM INDICATES DATA IS MISSING.
T  INDICATES TRACE AMOUNT.




$$
