000
CDUS43 KMQT 140521
CLIMQT


CLIMATE REPORT
NATIONAL WEATHER SERVICE MARQUETTE MI
120 AM EDT SAT APR 14 2018


...................................

...THE MARQUETTE MI CLIMATE SUMMARY FOR APRIL 13 2018...

CLIMATE NORMAL PERIOD 1981 TO 2010
CLIMATE RECORD PERIOD 1961 TO 2018


WEATHER ITEM   OBSERVED RECORD YEAR NORMAL DEPARTURE LAST
                VALUE   VALUE       VALUE  FROM      YEAR
                                           NORMAL
...........................................................
TEMPERATURE (F)
 YESTERDAY
  MAXIMUM         34     69    1998  46    -12       55
  MINIMUM         25      4    1992  27     -2       30
  AVERAGE         30                 37     -7       43

PRECIPITATION (IN)
  YESTERDAY        0.00   0.87 1985   0.11  -0.11     0.00
  MONTH TO DATE    0.60               1.40  -0.80     2.09
  SINCE MAR 1      1.98               4.43  -2.45     3.93
  SINCE JAN 1      6.14               8.98  -2.84     8.51

SNOWFALL (IN)
  YESTERDAY        0.0    8.2  1996   0.5   -0.5      0.0
  MONTH TO DATE    8.5                8.8   -0.3      9.0
  SINCE MAR 1     32.6               43.7  -11.1     28.9
  SINCE JUL 1    148.6              196.1  -47.5    150.0
  SNOW DEPTH      20

DEGREE DAYS
 HEATING
  YESTERDAY       35                 28      7       22
  MONTH TO DATE  559                406    153      323
  SINCE MAR 1   1886               1669    217     1575
  SINCE JUL 1   8574               8293    281     7259

 COOLING
  YESTERDAY        0                  0      0        0
  MONTH TO DATE    0                  0      0        0
  SINCE MAR 1      0                  0      0        0
  SINCE JAN 1      0                  0      0        0
...........................................................

WIND (MPH)
  RESULTANT WIND SPEED  MM   RESULTANT WIND DIRECTION  MM
  HIGHEST WIND SPEED    MM   HIGHEST WIND DIRECTION    MM
  HIGHEST GUST SPEED    23   HIGHEST GUST DIRECTION    NE (45)
  AVERAGE WIND SPEED    MM

SKY COVER
  POSSIBLE SUNSHINE  MM
  AVERAGE SKY COVER  MM

WEATHER CONDITIONS
 THE FOLLOWING WEATHER WAS RECORDED YESTERDAY.
  NO SIGNIFICANT WEATHER WAS OBSERVED.

RELATIVE HUMIDITY (PERCENT)
 HIGHEST    MM
 LOWEST     MM
 AVERAGE    MM
..........................................................

THE MARQUETTE MI CLIMATE NORMALS FOR TODAY
                         NORMAL    RECORD    YEAR
 MAXIMUM TEMPERATURE (F)   47        83      2003
 MINIMUM TEMPERATURE (F)   27         9      2008
                                             1996


SUNRISE AND SUNSET
APRIL 14 2018.........SUNRISE   705 AM EDT   SUNSET   837 PM EDT
APRIL 15 2018.........SUNRISE   703 AM EDT   SUNSET   838 PM EDT


-  INDICATES NEGATIVE NUMBERS.
R  INDICATES RECORD WAS SET OR TIED.
MM INDICATES DATA IS MISSING.
T  INDICATES TRACE AMOUNT.




$$
