000
CDUS43 KMQT 212101
CLIMQT


CLIMATE REPORT
NATIONAL WEATHER SERVICE MARQUETTE MI
500 PM EDT MON MAY 21 2018


...................................

...THE MARQUETTE MI CLIMATE SUMMARY FOR MAY 21 2018...
VALID TODAY AS OF 0500 PM LOCAL TIME.

CLIMATE NORMAL PERIOD 1981 TO 2010
CLIMATE RECORD PERIOD 1961 TO 2018


WEATHER ITEM   OBSERVED RECORD YEAR NORMAL DEPARTURE LAST
                VALUE   VALUE       VALUE  FROM      YEAR
                                           NORMAL
...........................................................
TEMPERATURE (F)
 TODAY
  MAXIMUM         75     90    1994  64     11       53
  MINIMUM         41     25    2002  42     -1       42
  AVERAGE         58                 53      5       48

PRECIPITATION (IN)
  TODAY            0.00   0.49 1974   0.11  -0.11     0.23
  MONTH TO DATE    0.46               1.97  -1.51     2.35
  SINCE MAR 1      5.12               8.01  -2.89     9.59
  SINCE JAN 1      9.28              12.56  -3.28    14.17

SNOWFALL (IN)
  TODAY            0.0    T    2008   0.0    0.0      0.0
                               1963
  MONTH TO DATE    0.0                1.5   -1.5      0.9
  SINCE MAR 1     59.3               50.9    8.4     32.9
  SINCE JUL 1    175.3              203.3  -28.0    154.0
  SNOW DEPTH       0

DEGREE DAYS
 HEATING
  TODAY            7                 13     -6       17
  MONTH TO DATE  309                339    -30      426
  SINCE MAR 1   2702               2417    285     2426
  SINCE JUL 1   9390               9041    349     8110

 COOLING
  TODAY            0                  1     -1        0
  MONTH TO DATE    0                  1     -1        0
  SINCE MAR 1      0                  2     -2        0
  SINCE JAN 1      0                  2     -2        0
...........................................................


WIND (MPH)
  HIGHEST WIND SPEED    MM   HIGHEST WIND DIRECTION    MM
  HIGHEST GUST SPEED    22   HIGHEST GUST DIRECTION     S (180)
  AVERAGE WIND SPEED    MM


SKY COVER
  POSSIBLE SUNSHINE  MM
  AVERAGE SKY COVER  MM


WEATHER CONDITIONS
 THE FOLLOWING WEATHER WAS RECORDED TODAY.
  NO SIGNIFICANT WEATHER WAS OBSERVED.


RELATIVE HUMIDITY (PERCENT)
 HIGHEST    MM
 LOWEST     MM
 AVERAGE    MM

..........................................................


THE MARQUETTE MI CLIMATE NORMALS FOR TOMORROW
                         NORMAL    RECORD    YEAR
 MAXIMUM TEMPERATURE (F)   64        93      1964
 MINIMUM TEMPERATURE (F)   42        21      1967


SUNRISE AND SUNSET
MAY 21 2018...........SUNRISE   610 AM EDT   SUNSET   925 PM EDT
MAY 22 2018...........SUNRISE   609 AM EDT   SUNSET   926 PM EDT


-  INDICATES NEGATIVE NUMBERS.
R  INDICATES RECORD WAS SET OR TIED.
MM INDICATES DATA IS MISSING.
T  INDICATES TRACE AMOUNT.




$$
