000
CDUS43 KMQT 200535
CLIMQT


CLIMATE REPORT
NATIONAL WEATHER SERVICE MARQUETTE MI
135 AM EDT FRI APR 20 2018


...................................

...THE MARQUETTE MI CLIMATE SUMMARY FOR APRIL 19 2018...

CLIMATE NORMAL PERIOD 1981 TO 2010
CLIMATE RECORD PERIOD 1961 TO 2018


WEATHER ITEM   OBSERVED RECORD YEAR NORMAL DEPARTURE LAST
                VALUE   VALUE       VALUE  FROM      YEAR
                                           NORMAL
...........................................................
TEMPERATURE (F)
 YESTERDAY
  MAXIMUM         48     79    1987  50     -2       46
  MINIMUM         23      9    1983  30     -7       33
  AVERAGE         36                 40     -4       40

PRECIPITATION (IN)
  YESTERDAY        0.00   3.09 1985   0.09  -0.09      T
  MONTH TO DATE    3.27               2.00   1.27     2.92
  SINCE MAR 1      4.65               5.03  -0.38     4.76
  SINCE JAN 1      8.81               9.58  -0.77     9.34

SNOWFALL (IN)
  YESTERDAY        0.0    6.3  2013   0.4   -0.4      0.0
  MONTH TO DATE   35.2               11.6   23.6      9.4
  SINCE MAR 1     59.3               46.5   12.8     29.3
  SINCE JUL 1    175.3              198.9  -23.6    150.4
  SNOW DEPTH      32

DEGREE DAYS
 HEATING
  YESTERDAY       29                 25      4       25
  MONTH TO DATE  794                565    229      474
  SINCE MAR 1   2121               1828    293     1726
  SINCE JUL 1   8809               8452    357     7410

 COOLING
  YESTERDAY        0                  0      0        0
  MONTH TO DATE    0                  0      0        0
  SINCE MAR 1      0                  0      0        0
  SINCE JAN 1      0                  0      0        0
...........................................................


WIND (MPH)
  RESULTANT WIND SPEED  MM   RESULTANT WIND DIRECTION  MM
  HIGHEST WIND SPEED    MM   HIGHEST WIND DIRECTION    MM
  HIGHEST GUST SPEED    21   HIGHEST GUST DIRECTION    NW (315)
  AVERAGE WIND SPEED    MM


SKY COVER
  POSSIBLE SUNSHINE  MM
  AVERAGE SKY COVER  MM


WEATHER CONDITIONS
 THE FOLLOWING WEATHER WAS RECORDED YESTERDAY.
  NO SIGNIFICANT WEATHER WAS OBSERVED.


RELATIVE HUMIDITY (PERCENT)
 HIGHEST    MM
 LOWEST     MM
 AVERAGE    MM

..........................................................


THE MARQUETTE MI CLIMATE NORMALS FOR TODAY
                         NORMAL    RECORD    YEAR
 MAXIMUM TEMPERATURE (F)   50        84      1987
 MINIMUM TEMPERATURE (F)   30        10      2013


SUNRISE AND SUNSET
APRIL 20 2018.........SUNRISE   654 AM EDT   SUNSET   845 PM EDT
APRIL 21 2018.........SUNRISE   652 AM EDT   SUNSET   846 PM EDT


-  INDICATES NEGATIVE NUMBERS.
R  INDICATES RECORD WAS SET OR TIED.
MM INDICATES DATA IS MISSING.
T  INDICATES TRACE AMOUNT.




$$
