000
CDUS43 KMQT 110503
CLIMQT


CLIMATE REPORT
NATIONAL WEATHER SERVICE MARQUETTE MI
102 AM EDT WED APR 11 2018


...................................

...THE MARQUETTE MI CLIMATE SUMMARY FOR APRIL 10 2018...

CLIMATE NORMAL PERIOD 1981 TO 2010
CLIMATE RECORD PERIOD 1961 TO 2018


WEATHER ITEM   OBSERVED RECORD YEAR NORMAL DEPARTURE LAST
                VALUE   VALUE       VALUE  FROM      YEAR
                                           NORMAL
...........................................................
TEMPERATURE (F)
 YESTERDAY
  MAXIMUM         40     73    1977  45     -5       46
  MINIMUM         10     -3    2007  25    -15       27
  AVERAGE         25                 35    -10       37

PRECIPITATION (IN)
  YESTERDAY        T      1.08 2002   0.11  -0.11     1.00
  MONTH TO DATE    0.15               1.08  -0.93     1.20
  SINCE MAR 1      1.53               4.11  -2.58     3.04
  SINCE JAN 1      5.69               8.66  -2.97     7.62

SNOWFALL (IN)
  YESTERDAY        T      8.6  2015   0.6   -0.6       T
  MONTH TO DATE    3.5                7.1   -3.6       T
  SINCE MAR 1     27.6               42.0  -14.4     19.9
  SINCE JUL 1    143.6              194.4  -50.8    141.0
  SNOW DEPTH      20

DEGREE DAYS
 HEATING
  YESTERDAY       40                 30     10       28
  MONTH TO DATE  460                320    140      233
  SINCE MAR 1   1787               1583    204     1485
  SINCE JUL 1   8475               8207    268     7169

 COOLING
  YESTERDAY        0                  0      0        0
  MONTH TO DATE    0                  0      0        0
  SINCE MAR 1      0                  0      0        0
  SINCE JAN 1      0                  0      0        0
...........................................................


WIND (MPH)
  RESULTANT WIND SPEED  MM   RESULTANT WIND DIRECTION  MM
  HIGHEST WIND SPEED    MM   HIGHEST WIND DIRECTION    MM
  HIGHEST GUST SPEED    18   HIGHEST GUST DIRECTION     W (270)
  AVERAGE WIND SPEED    MM


SKY COVER
  POSSIBLE SUNSHINE  MM
  AVERAGE SKY COVER  MM


WEATHER CONDITIONS
 THE FOLLOWING WEATHER WAS RECORDED YESTERDAY.
  LIGHT SNOW


RELATIVE HUMIDITY (PERCENT)
 HIGHEST    MM
 LOWEST     MM
 AVERAGE    MM

..........................................................


THE MARQUETTE MI CLIMATE NORMALS FOR TODAY
                         NORMAL    RECORD    YEAR
 MAXIMUM TEMPERATURE (F)   45        78      1977
 MINIMUM TEMPERATURE (F)   26         7      1973


SUNRISE AND SUNSET
APRIL 11 2018.........SUNRISE   711 AM EDT   SUNSET   833 PM EDT
APRIL 12 2018.........SUNRISE   709 AM EDT   SUNSET   834 PM EDT


-  INDICATES NEGATIVE NUMBERS.
R  INDICATES RECORD WAS SET OR TIED.
MM INDICATES DATA IS MISSING.
T  INDICATES TRACE AMOUNT.




$$
