000
CDUS43 KMQT 090503
CLIMQT

CLIMATE REPORT
NATIONAL WEATHER SERVICE MARQUETTE MI
102 AM EDT MON APR 9 2018


...................................

...THE MARQUETTE MI CLIMATE SUMMARY FOR APRIL 8 2018...

CLIMATE NORMAL PERIOD 1981 TO 2010
CLIMATE RECORD PERIOD 1961 TO 2018


WEATHER ITEM   OBSERVED RECORD YEAR NORMAL DEPARTURE LAST
                VALUE   VALUE       VALUE  FROM      YEAR
                                           NORMAL
...........................................................
TEMPERATURE (F)
 YESTERDAY
  MAXIMUM         31     66    2017  44    -13       66
  MINIMUM         -2     -5    1977  24    -26       29
  AVERAGE         15                 34    -19       48

PRECIPITATION (IN)
  YESTERDAY        0.00   1.52 1980   0.11  -0.11      T
  MONTH TO DATE    0.15               0.86  -0.71     0.05
  SINCE MAR 1      1.53               3.89  -2.36     1.89
  SINCE JAN 1      5.69               8.44  -2.75     6.47

SNOWFALL (IN)
  YESTERDAY        0.0    9.8  2010   0.7   -0.7      0.0
  MONTH TO DATE    3.5                5.9   -2.4      0.0
  SINCE MAR 1     27.6               40.8  -13.2     19.9
  SINCE JUL 1    143.6              193.2  -49.6    141.0
  SNOW DEPTH      20

DEGREE DAYS
 HEATING
  YESTERDAY       50                 31     19       17
  MONTH TO DATE  377                260    117      197
  SINCE MAR 1   1704               1523    181     1449
  SINCE JUL 1   8392               8147    245     7133

 COOLING
  YESTERDAY        0                  0      0        0
  MONTH TO DATE    0                  0      0        0
  SINCE MAR 1      0                  0      0        0
  SINCE JAN 1      0                  0      0        0
...........................................................


WIND (MPH)
  RESULTANT WIND SPEED  MM   RESULTANT WIND DIRECTION  MM
  HIGHEST WIND SPEED    MM   HIGHEST WIND DIRECTION    MM
  HIGHEST GUST SPEED    14   HIGHEST GUST DIRECTION     E (90)
  AVERAGE WIND SPEED    MM


SKY COVER
  POSSIBLE SUNSHINE  MM
  AVERAGE SKY COVER  MM


WEATHER CONDITIONS
 THE FOLLOWING WEATHER WAS RECORDED YESTERDAY.
  NO SIGNIFICANT WEATHER WAS OBSERVED.


RELATIVE HUMIDITY (PERCENT)
 HIGHEST    MM
 LOWEST     MM
 AVERAGE    MM

..........................................................


THE MARQUETTE MI CLIMATE NORMALS FOR TODAY
                         NORMAL    RECORD    YEAR
 MAXIMUM TEMPERATURE (F)   44        74      1987
 MINIMUM TEMPERATURE (F)   25        -1      2007


SUNRISE AND SUNSET
APRIL  9 2018.........SUNRISE   714 AM EDT   SUNSET   830 PM EDT
APRIL 10 2018.........SUNRISE   712 AM EDT   SUNSET   831 PM EDT


-  INDICATES NEGATIVE NUMBERS.
R  INDICATES RECORD WAS SET OR TIED.
MM INDICATES DATA IS MISSING.
T  INDICATES TRACE AMOUNT.




$$
