000
CDUS43 KMQT 190513
CLIMQT


CLIMATE REPORT
NATIONAL WEATHER SERVICE MARQUETTE MI
113 AM EDT SAT MAY 19 2018


...................................

...THE MARQUETTE MI CLIMATE SUMMARY FOR MAY 18 2018...

CLIMATE NORMAL PERIOD 1981 TO 2010
CLIMATE RECORD PERIOD 1961 TO 2018


WEATHER ITEM   OBSERVED RECORD YEAR NORMAL DEPARTURE LAST
                VALUE   VALUE       VALUE  FROM      YEAR
                                           NORMAL
...........................................................
TEMPERATURE (F)
 YESTERDAY
  MAXIMUM         73     87    1972  63     10       49
  MINIMUM         37     24    1981  41     -4       31
  AVERAGE         55                 52      3       40

PRECIPITATION (IN)
  YESTERDAY        0.00   1.03 1987   0.11  -0.11     0.31
  MONTH TO DATE    0.45               1.65  -1.20     1.95
  SINCE MAR 1      5.11               7.69  -2.58     9.19
  SINCE JAN 1      9.27              12.24  -2.97    13.77

SNOWFALL (IN)
  YESTERDAY        0.0    T    2017   0.0    0.0       T
                               2008
                               2002
  MONTH TO DATE    0.0                1.5   -1.5      0.9
  SINCE MAR 1     59.3               50.9    8.4     32.9
  SINCE JUL 1    175.3              203.3  -28.0    154.0
  SNOW DEPTH       0

DEGREE DAYS
 HEATING
  YESTERDAY       10                 14     -4       25
  MONTH TO DATE  271                300    -29      359
  SINCE MAR 1   2664               2378    286     2359
  SINCE JUL 1   9352               9002    350     8043

 COOLING
  YESTERDAY        0                  0      0        0
  MONTH TO DATE    0                  0      0        0
  SINCE MAR 1      0                  1     -1        0
  SINCE JAN 1      0                  1     -1        0
...........................................................

WIND (MPH)
  RESULTANT WIND SPEED  MM   RESULTANT WIND DIRECTION  MM
  HIGHEST WIND SPEED    MM   HIGHEST WIND DIRECTION    MM
  HIGHEST GUST SPEED    22   HIGHEST GUST DIRECTION     S (180)
  AVERAGE WIND SPEED    MM

SKY COVER
  POSSIBLE SUNSHINE  MM
  AVERAGE SKY COVER  MM

WEATHER CONDITIONS
 THE FOLLOWING WEATHER WAS RECORDED YESTERDAY.
  NO SIGNIFICANT WEATHER WAS OBSERVED.

RELATIVE HUMIDITY (PERCENT)
 HIGHEST    MM
 LOWEST     MM
 AVERAGE    MM
..........................................................

THE MARQUETTE MI CLIMATE NORMALS FOR TODAY
                         NORMAL    RECORD    YEAR
 MAXIMUM TEMPERATURE (F)   63        90      1972
 MINIMUM TEMPERATURE (F)   41        25      2002


SUNRISE AND SUNSET
MAY 19 2018...........SUNRISE   612 AM EDT   SUNSET   922 PM EDT
MAY 20 2018...........SUNRISE   611 AM EDT   SUNSET   923 PM EDT


-  INDICATES NEGATIVE NUMBERS.
R  INDICATES RECORD WAS SET OR TIED.
MM INDICATES DATA IS MISSING.
T  INDICATES TRACE AMOUNT.




$$
