000
CDUS43 KMQT 082105
CLIMQT


CLIMATE REPORT
NATIONAL WEATHER SERVICE MARQUETTE MI
505 PM EDT TUE MAY 8 2018


...................................

...THE MARQUETTE MI CLIMATE SUMMARY FOR MAY 8 2018...
VALID TODAY AS OF 0500 PM LOCAL TIME.

CLIMATE NORMAL PERIOD 1981 TO 2010
CLIMATE RECORD PERIOD 1961 TO 2018


WEATHER ITEM   OBSERVED RECORD YEAR NORMAL DEPARTURE LAST
                VALUE   VALUE       VALUE  FROM      YEAR
                                           NORMAL
...........................................................
TEMPERATURE (F)
 TODAY
  MAXIMUM         54     82    1992  59     -5       47
  MINIMUM         48     22    1983  37     11       23
  AVERAGE         51                 48      3       35

PRECIPITATION (IN)
  TODAY            T      0.67 2010   0.08  -0.08     0.00
  MONTH TO DATE    0.10               0.70  -0.60     0.62
  SINCE MAR 1      4.76               6.74  -1.98     7.86
  SINCE JAN 1      8.92              11.29  -2.37    12.44

SNOWFALL (IN)
  TODAY            0.0    5.2  2010   0.1   -0.1      0.0
  MONTH TO DATE    0.0                0.8   -0.8      0.9
  SINCE MAR 1     59.3               50.2    9.1     32.9
  SINCE JUL 1    175.3              202.6  -27.3    154.0
  SNOW DEPTH       0

DEGREE DAYS
 HEATING
  TODAY           14                 17     -3       30
  MONTH TO DATE  119                148    -29      203
  SINCE MAR 1   2512               2226    286     2203
  SINCE JUL 1   9200               8850    350     7887

 COOLING
  TODAY            0                  0      0        0
  MONTH TO DATE    0                  0      0        0
  SINCE MAR 1      0                  1     -1        0
  SINCE JAN 1      0                  1     -1        0
...........................................................


WIND (MPH)
  HIGHEST WIND SPEED    MM   HIGHEST WIND DIRECTION    MM
  HIGHEST GUST SPEED    15   HIGHEST GUST DIRECTION    NW (315)
  AVERAGE WIND SPEED    MM


SKY COVER
  POSSIBLE SUNSHINE  MM
  AVERAGE SKY COVER  MM


WEATHER CONDITIONS
 THE FOLLOWING WEATHER WAS RECORDED TODAY.
  LIGHT RAIN


RELATIVE HUMIDITY (PERCENT)
 HIGHEST    MM
 LOWEST     MM
 AVERAGE    MM

..........................................................


THE MARQUETTE MI CLIMATE NORMALS FOR TOMORROW
                         NORMAL    RECORD    YEAR
 MAXIMUM TEMPERATURE (F)   59        86      1985
 MINIMUM TEMPERATURE (F)   38        17      1983


SUNRISE AND SUNSET
MAY  8 2018...........SUNRISE   625 AM EDT   SUNSET   909 PM EDT
MAY  9 2018...........SUNRISE   624 AM EDT   SUNSET   910 PM EDT


-  INDICATES NEGATIVE NUMBERS.
R  INDICATES RECORD WAS SET OR TIED.
MM INDICATES DATA IS MISSING.
T  INDICATES TRACE AMOUNT.




$$
