000
CDUS43 KMQT 072108
CLIMQT


CLIMATE REPORT
NATIONAL WEATHER SERVICE MARQUETTE MI
505 PM EDT SAT APR 7 2018


...................................

...THE MARQUETTE MI CLIMATE SUMMARY FOR APRIL 7 2018...
VALID TODAY AS OF 500 PM LOCAL TIME.

CLIMATE NORMAL PERIOD 1981 TO 2010
CLIMATE RECORD PERIOD 1961 TO 2018


WEATHER ITEM   OBSERVED RECORD YEAR NORMAL DEPARTURE LAST
                VALUE   VALUE       VALUE  FROM      YEAR
                                           NORMAL
...........................................................
TEMPERATURE (F)
 TODAY
  MAXIMUM         25     77    1991  43    -18       49
  MINIMUM         13     -5    1979  24    -11       28
  AVERAGE         19                 34    -15       39

PRECIPITATION (IN)
  TODAY            T      0.55 2001   0.11  -0.11     0.00
                               1964
  MONTH TO DATE    0.15               0.75  -0.60     0.05
  SINCE MAR 1      1.53               3.78  -2.25     1.89
  SINCE JAN 1      5.69               8.33  -2.64     6.47

SNOWFALL (IN)
  TODAY            T      7.5  2007   0.7   -0.7      0.0
  MONTH TO DATE    3.5                5.2   -1.7      0.0
  SINCE MAR 1     27.6               40.1  -12.5     19.9
  SINCE JUL 1    143.6              192.5  -48.9    141.0
  SNOW DEPTH      20

DEGREE DAYS
 HEATING
  TODAY           46                 31     15       26
  MONTH TO DATE  324                229     95      180
  SINCE MAR 1   1651               1492    159     1432
  SINCE JUL 1   8339               8116    223     7116

 COOLING
  TODAY            0                  0      0        0
  MONTH TO DATE    0                  0      0        0
  SINCE MAR 1      0                  0      0        0
  SINCE JAN 1      0                  0      0        0
...........................................................


WIND (MPH)
  HIGHEST WIND SPEED    MM   HIGHEST WIND DIRECTION    MM
  HIGHEST GUST SPEED    28   HIGHEST GUST DIRECTION     W (270)
  AVERAGE WIND SPEED    MM


SKY COVER
  POSSIBLE SUNSHINE  MM
  AVERAGE SKY COVER  MM


WEATHER CONDITIONS
 THE FOLLOWING WEATHER WAS RECORDED TODAY.
  LIGHT SNOW


RELATIVE HUMIDITY (PERCENT)
 HIGHEST    MM
 LOWEST     MM
 AVERAGE    MM

..........................................................


THE MARQUETTE MI CLIMATE NORMALS FOR TOMORROW
                         NORMAL    RECORD    YEAR
 MAXIMUM TEMPERATURE (F)   44        66      2017
 MINIMUM TEMPERATURE (F)   24        -5      1977


SUNRISE AND SUNSET
APRIL  7 2018.........SUNRISE   718 AM EDT   SUNSET   827 PM EDT
APRIL  8 2018.........SUNRISE   716 AM EDT   SUNSET   829 PM EDT


-  INDICATES NEGATIVE NUMBERS.
R  INDICATES RECORD WAS SET OR TIED.
MM INDICATES DATA IS MISSING.
T  INDICATES TRACE AMOUNT.




$$
