000
CDUS43 KMQT 220542
CLIMQT


CLIMATE REPORT
NATIONAL WEATHER SERVICE MARQUETTE MI
140 AM EDT SUN APR 22 2018


...................................

...THE MARQUETTE MI CLIMATE SUMMARY FOR APRIL 21 2018...

CLIMATE NORMAL PERIOD 1981 TO 2010
CLIMATE RECORD PERIOD 1961 TO 2018


WEATHER ITEM   OBSERVED RECORD YEAR NORMAL DEPARTURE LAST
                VALUE   VALUE       VALUE  FROM      YEAR
                                           NORMAL
...........................................................
TEMPERATURE (F)
 YESTERDAY
  MAXIMUM         56     80    1985  51      5       49
  MINIMUM         24      9    1982  31     -7       31
  AVERAGE         40                 41     -1       40

PRECIPITATION (IN)
  YESTERDAY        0.00   1.15 1969   0.09  -0.09     0.13
  MONTH TO DATE    3.27               2.18   1.09     3.90
  SINCE MAR 1      4.65               5.21  -0.56     5.74
  SINCE JAN 1      8.81               9.76  -0.95    10.32

SNOWFALL (IN)
  YESTERDAY        0.0    9.9  2009   0.3   -0.3      1.4
  MONTH TO DATE   35.2               12.2   23.0     11.0
  SINCE MAR 1     59.3               47.1   12.2     30.9
  SINCE JUL 1    175.3              199.5  -24.2    152.0
  SNOW DEPTH      26

DEGREE DAYS
 HEATING
  YESTERDAY       25                 24      1       25
  MONTH TO DATE  847                614    233      530
  SINCE MAR 1   2174               1877    297     1782
  SINCE JUL 1   8862               8501    361     7466

 COOLING
  YESTERDAY        0                  0      0        0
  MONTH TO DATE    0                  0      0        0
  SINCE MAR 1      0                  0      0        0
  SINCE JAN 1      0                  0      0        0
...........................................................


WIND (MPH)
  HIGHEST WIND SPEED    MM   HIGHEST WIND DIRECTION    MM
  HIGHEST GUST SPEED    14   HIGHEST GUST DIRECTION    NE (45)
  AVERAGE WIND SPEED    MM


SKY COVER
  POSSIBLE SUNSHINE  MM
  AVERAGE SKY COVER  MM


WEATHER CONDITIONS
 THE FOLLOWING WEATHER WAS RECORDED YESTERDAY.
  NO SIGNIFICANT WEATHER WAS OBSERVED.


RELATIVE HUMIDITY (PERCENT)
 HIGHEST    MM
 LOWEST     MM
 AVERAGE    MM

..........................................................


THE MARQUETTE MI CLIMATE NORMALS FOR TODAY
                         NORMAL    RECORD    YEAR
 MAXIMUM TEMPERATURE (F)   51        92      1980
 MINIMUM TEMPERATURE (F)   31        14      1986


SUNRISE AND SUNSET
APRIL 22 2018.........SUNRISE   651 AM EDT   SUNSET   848 PM EDT
APRIL 23 2018.........SUNRISE   649 AM EDT   SUNSET   849 PM EDT


-  INDICATES NEGATIVE NUMBERS.
R  INDICATES RECORD WAS SET OR TIED.
MM INDICATES DATA IS MISSING.
T  INDICATES TRACE AMOUNT.



$$
JLA
