000
CDUS43 KMQT 180510
CLIMQT


CLIMATE REPORT
NATIONAL WEATHER SERVICE MARQUETTE MI
110 AM EDT FRI MAY 18 2018


...................................

...THE MARQUETTE MI CLIMATE SUMMARY FOR MAY 17 2018...

CLIMATE NORMAL PERIOD 1981 TO 2010
CLIMATE RECORD PERIOD 1961 TO 2018


WEATHER ITEM   OBSERVED RECORD YEAR NORMAL DEPARTURE LAST
                VALUE   VALUE       VALUE  FROM      YEAR
                                           NORMAL
...........................................................
TEMPERATURE (F)
 YESTERDAY
  MAXIMUM         47     88    1962  62    -15       65
  MINIMUM         34     21    1983  40     -6       45
  AVERAGE         41                 51    -10       55

PRECIPITATION (IN)
  YESTERDAY        0.00   0.84 2017   0.10  -0.10     0.84
  MONTH TO DATE    0.45               1.54  -1.09     1.64
  SINCE MAR 1      5.11               7.58  -2.47     8.88
  SINCE JAN 1      9.27              12.13  -2.86    13.46

SNOWFALL (IN)
  YESTERDAY        0.0    0.1  2002   0.0    0.0      0.0
  MONTH TO DATE    0.0                1.5   -1.5      0.9
  SINCE MAR 1     59.3               50.9    8.4     32.9
  SINCE JUL 1    175.3              203.3  -28.0    154.0
  SNOW DEPTH       0

DEGREE DAYS
 HEATING
  YESTERDAY       24                 14     10       10
  MONTH TO DATE  261                286    -25      334
  SINCE MAR 1   2654               2364    290     2334
  SINCE JUL 1   9342               8988    354     8018

 COOLING
  YESTERDAY        0                  0      0        0
  MONTH TO DATE    0                  0      0        0
  SINCE MAR 1      0                  1     -1        0
  SINCE JAN 1      0                  1     -1        0
...........................................................

WIND (MPH)
  RESULTANT WIND SPEED  MM   RESULTANT WIND DIRECTION  MM
  HIGHEST WIND SPEED    MM   HIGHEST WIND DIRECTION    MM
  HIGHEST GUST SPEED    25   HIGHEST GUST DIRECTION    NE (45)
  AVERAGE WIND SPEED    MM

SKY COVER
  POSSIBLE SUNSHINE  MM
  AVERAGE SKY COVER  MM

WEATHER CONDITIONS
 THE FOLLOWING WEATHER WAS RECORDED YESTERDAY.
  NO SIGNIFICANT WEATHER WAS OBSERVED.

RELATIVE HUMIDITY (PERCENT)
 HIGHEST    MM
 LOWEST     MM
 AVERAGE    MM
..........................................................

THE MARQUETTE MI CLIMATE NORMALS FOR TODAY
                         NORMAL    RECORD    YEAR
 MAXIMUM TEMPERATURE (F)   63        87      1972
 MINIMUM TEMPERATURE (F)   41        24      1981


SUNRISE AND SUNSET
MAY 18 2018...........SUNRISE   613 AM EDT   SUNSET   921 PM EDT
MAY 19 2018...........SUNRISE   612 AM EDT   SUNSET   922 PM EDT


-  INDICATES NEGATIVE NUMBERS.
R  INDICATES RECORD WAS SET OR TIED.
MM INDICATES DATA IS MISSING.
T  INDICATES TRACE AMOUNT.




$$
