000
CDUS43 KMQT 130515
CLIMQT


CLIMATE REPORT
NATIONAL WEATHER SERVICE MARQUETTE MI
115 AM EDT FRI APR 13 2018


...................................

...THE MARQUETTE MI CLIMATE SUMMARY FOR APRIL 12 2018...

CLIMATE NORMAL PERIOD 1981 TO 2010
CLIMATE RECORD PERIOD 1961 TO 2018


WEATHER ITEM   OBSERVED RECORD YEAR NORMAL DEPARTURE LAST
                VALUE   VALUE       VALUE  FROM      YEAR
                                           NORMAL
...........................................................
TEMPERATURE (F)
 YESTERDAY
  MAXIMUM         37     80    1968  46     -9       53
  MINIMUM         25      9    1992  26     -1       14
  AVERAGE         31                 36     -5       34

PRECIPITATION (IN)
  YESTERDAY        0.44   1.21 1982   0.11   0.33     0.00
  MONTH TO DATE    0.60               1.29  -0.69     2.09
  SINCE MAR 1      1.98               4.32  -2.34     3.93
  SINCE JAN 1      6.14               8.87  -2.73     8.51

SNOWFALL (IN)
  YESTERDAY        4.8    9.4  2013   0.6    4.2      0.0
                               1972
  MONTH TO DATE    8.5                8.3    0.2      9.0
  SINCE MAR 1     32.6               43.2  -10.6     28.9
  SINCE JUL 1    148.6              195.6  -47.0    150.0
  SNOW DEPTH      19

DEGREE DAYS
 HEATING
  YESTERDAY       34                 29      5       31
  MONTH TO DATE  524                378    146      301
  SINCE MAR 1   1851               1641    210     1553
  SINCE JUL 1   8539               8265    274     7237

 COOLING
  YESTERDAY        0                  0      0        0
  MONTH TO DATE    0                  0      0        0
  SINCE MAR 1      0                  0      0        0
  SINCE JAN 1      0                  0      0        0
...........................................................

WIND (MPH)
  RESULTANT WIND SPEED  MM   RESULTANT WIND DIRECTION  MM
  HIGHEST WIND SPEED    MM   HIGHEST WIND DIRECTION    MM
  HIGHEST GUST SPEED    13   HIGHEST GUST DIRECTION    NW (315)
  AVERAGE WIND SPEED    MM

SKY COVER
  POSSIBLE SUNSHINE  MM
  AVERAGE SKY COVER  MM

WEATHER CONDITIONS
 THE FOLLOWING WEATHER WAS RECORDED YESTERDAY.
  LIGHT SNOW
  FOG

RELATIVE HUMIDITY (PERCENT)
 HIGHEST    MM
 LOWEST     MM
 AVERAGE    MM
..........................................................

THE MARQUETTE MI CLIMATE NORMALS FOR TODAY
                         NORMAL    RECORD    YEAR
 MAXIMUM TEMPERATURE (F)   46        69      1998
 MINIMUM TEMPERATURE (F)   27         4      1992


SUNRISE AND SUNSET
APRIL 13 2018.........SUNRISE   707 AM EDT   SUNSET   835 PM EDT
APRIL 14 2018.........SUNRISE   705 AM EDT   SUNSET   837 PM EDT


-  INDICATES NEGATIVE NUMBERS.
R  INDICATES RECORD WAS SET OR TIED.
MM INDICATES DATA IS MISSING.
T  INDICATES TRACE AMOUNT.




$$
