000
CDUS43 KMQT 120503
CLIMQT

CLIMATE REPORT
NATIONAL WEATHER SERVICE MARQUETTE MI
102 AM EDT THU APR 12 2018


...................................

...THE MARQUETTE MI CLIMATE SUMMARY FOR APRIL 11 2018...

CLIMATE NORMAL PERIOD 1981 TO 2010
CLIMATE RECORD PERIOD 1961 TO 2018


WEATHER ITEM   OBSERVED RECORD YEAR NORMAL DEPARTURE LAST
                VALUE   VALUE       VALUE  FROM      YEAR
                                           NORMAL
...........................................................
TEMPERATURE (F)
 YESTERDAY
  MAXIMUM         45     78    1977  45      0       30
  MINIMUM         24      7    1973  26     -2       26
  AVERAGE         35                 36     -1       28

PRECIPITATION (IN)
  YESTERDAY        0.01   2.22 2008   0.10  -0.09     0.89
  MONTH TO DATE    0.16               1.18  -1.02     2.09
  SINCE MAR 1      1.54               4.21  -2.67     3.93
  SINCE JAN 1      5.70               8.76  -3.06     8.51

SNOWFALL (IN)
  YESTERDAY        0.2   13.6  2008   0.6   -0.4      9.0
  MONTH TO DATE    3.7                7.7   -4.0      9.0
  SINCE MAR 1     27.8               42.6  -14.8     28.9
  SINCE JUL 1    143.8              195.0  -51.2    150.0
  SNOW DEPTH      19

DEGREE DAYS
 HEATING
  YESTERDAY       30                 29      1       37
  MONTH TO DATE  490                349    141      270
  SINCE MAR 1   1817               1612    205     1522
  SINCE JUL 1   8505               8236    269     7206

 COOLING
  YESTERDAY        0                  0      0        0
  MONTH TO DATE    0                  0      0        0
  SINCE MAR 1      0                  0      0        0
  SINCE JAN 1      0                  0      0        0
...........................................................


WIND (MPH)
  RESULTANT WIND SPEED  MM   RESULTANT WIND DIRECTION  MM
  HIGHEST WIND SPEED    MM   HIGHEST WIND DIRECTION    MM
  HIGHEST GUST SPEED    22   HIGHEST GUST DIRECTION     W (270)
  AVERAGE WIND SPEED    MM


SKY COVER
  POSSIBLE SUNSHINE  MM
  AVERAGE SKY COVER  MM


WEATHER CONDITIONS
 THE FOLLOWING WEATHER WAS RECORDED YESTERDAY.
  LIGHT SNOW


RELATIVE HUMIDITY (PERCENT)
 HIGHEST    MM
 LOWEST     MM
 AVERAGE    MM

..........................................................


THE MARQUETTE MI CLIMATE NORMALS FOR TODAY
                         NORMAL    RECORD    YEAR
 MAXIMUM TEMPERATURE (F)   46        80      1968
 MINIMUM TEMPERATURE (F)   26         9      1992


SUNRISE AND SUNSET
APRIL 12 2018.........SUNRISE   709 AM EDT   SUNSET   834 PM EDT
APRIL 13 2018.........SUNRISE   707 AM EDT   SUNSET   835 PM EDT


-  INDICATES NEGATIVE NUMBERS.
R  INDICATES RECORD WAS SET OR TIED.
MM INDICATES DATA IS MISSING.
T  INDICATES TRACE AMOUNT.




$$
