000
CXUS53 KMQT 020812
CLMMQT

ARBCLMMQT 000
TTAA00 KMQT 020811


CLIMATE REPORT
NATIONAL WEATHER SERVICE MARQUETTE MI
309 AM EST FRI MAR 2 2018

...................................

...THE MARQUETTE MI CLIMATE SUMMARY FOR THE MONTH OF FEBRUARY 2018...

CLIMATE NORMAL PERIOD 1981 TO 2010
CLIMATE RECORD PERIOD 1961 TO 2018

WEATHER         OBSERVED          NORMAL  DEPART  LAST YEAR`S
                 VALUE   DATE(S)  VALUE   FROM    VALUE  DATE(S)
                                          NORMAL
................................................................
TEMPERATURE (F)
RECORD
 HIGH              61   02/17/1981
 LOW              -34   02/17/1979
HIGHEST            48   02/14        24      24       56  02/21
LOWEST            -18   02/08         5     -23       -6  02/27
                                                          02/03
AVG. MAXIMUM     23.6              25.6    -2.0     30.1
AVG. MINIMUM      3.7               5.3    -1.6     14.0
MEAN             13.7              15.5    -1.8     22.0
DAYS MAX >= 90      0               0.0     0.0        0
DAYS MAX <= 32     22              20.6     1.4       17
DAYS MIN <= 32     28              27.6     0.4       26
DAYS MIN <= 0      15              10.2     4.8        4

PRECIPITATION (INCHES)
RECORD
 MAXIMUM         5.35   2002
 MINIMUM         0.48   1994
TOTALS           1.44              2.14   -0.70     2.84
DAILY AVG.       0.05              0.08   -0.03     0.10
DAYS >= .01        10              13.1    -3.1       17
DAYS >= .10         5               5.5    -0.5        9
DAYS >= .50         0               1.0    -1.0        1
DAYS >= 1.00        0               0.2    -0.2        0
GREATEST
 24 HR. TOTAL    0.37   02/25 TO 02/25

SNOWFALL (INCHES)
RECORDS
 TOTAL           91.9   2002


TOTALS           16.2              35.9   -19.7     34.7
SINCE 7/1       116.0             152.4   -36.4    121.1
SNOWDEPTH AVG.     20                24      -4       16
DAYS >= 1.0         6               8.0    -2.0        9
GREATEST
 SNOW DEPTH        27   02/25                         22  02/08
 24 HR TOTAL      3.9   02/25 TO 02/25

DEGREE_DAYS
HEATING TOTAL    1432              1387      45     1195
 SINCE 7/1       6688              6624      64     5684
COOLING TOTAL       0                 0       0        0
 SINCE 1/1          0                 0       0        0
.................................................................

WIND (MPH)
AVERAGE WIND SPEED              MM
HIGHEST WIND SPEED/DIRECTION    MM        DATE   MM
HIGHEST GUST SPEED/DIRECTION    41/225    DATE  02/25

SKY COVER
POSSIBLE SUNSHINE (PERCENT)   MM
AVERAGE SKY COVER             MM
NUMBER OF DAYS FAIR            0
NUMBER OF DAYS PC              0
NUMBER OF DAYS CLOUDY          0

AVERAGE RH (PERCENT)     MM

WEATHER CONDITIONS. NUMBER OF DAYS WITH
THUNDERSTORM              0     MIXED PRECIP               2
HEAVY RAIN                0     RAIN                       0
LIGHT RAIN                0     FREEZING RAIN              0
LT FREEZING RAIN          3     HAIL                       0
HEAVY SNOW                2     SNOW                       2
LIGHT SNOW               21     SLEET                      2
FOG                       2     FOG W/VIS <= 1/4 MILE      1
HAZE                      0

-  INDICATES NEGATIVE NUMBERS.
R  INDICATES RECORD WAS SET OR TIED.
MM INDICATES DATA IS MISSING.
T  INDICATES TRACE AMOUNT.

$$
