000
CXUS53 KMQT 051415
CLMMQT

ARBCLMMQT 000
TTAA00 KMQT 051414


CLIMATE REPORT
NATIONAL WEATHER SERVICE MARQUETTE MI
913 AM EST MON FEB 5 2018

...................................

...THE MARQUETTE MI CLIMATE SUMMARY FOR THE MONTH OF JANUARY 2018...

CLIMATE NORMAL PERIOD 1981 TO 2010
CLIMATE RECORD PERIOD 1961 TO 2018

WEATHER         OBSERVED          NORMAL  DEPART  LAST YEAR`S
                 VALUE   DATE(S)  VALUE   FROM    VALUE  DATE(S)
                                          NORMAL
................................................................
TEMPERATURE (F)
RECORD
 HIGH              53   01/26/1973
 LOW              -32   01/09/1977
HIGHEST            40   01/19        20      20       45  01/18
LOWEST            -16   01/14         3     -19      -10  01/06
AVG. MAXIMUM     22.0              21.9     0.1     25.4
AVG. MINIMUM      7.4               5.2     2.2     11.8
MEAN             14.7              13.6     1.1     18.6
DAYS MAX >= 90      0               0.0     0.0        0
DAYS MAX <= 32     24              26.3    -2.3       22
DAYS MIN <= 32     31              31.0     0.0       31
DAYS MIN <= 0       9              10.5    -1.5        7

PRECIPITATION (INCHES)
RECORD
 MAXIMUM         6.61   1997
 MINIMUM         0.61   1965
TOTALS           2.72              2.41    0.31     1.74
DAILY AVG.       0.09              0.08    0.01     0.06
DAYS >= .01        17              17.3    -0.3       15
DAYS >= .10         7               7.1    -0.1        5
DAYS >= .50         1               0.9     0.1        1
DAYS >= 1.00        1               0.2     0.8        0
GREATEST
 24 HR. TOTAL    1.15   01/22 TO 01/22

SNOWFALL (INCHES)
RECORDS
 TOTAL           91.7   1997
                        0
                        0
TOTALS           36.8              43.2    -6.4     30.2
SINCE 7/1        99.8             116.5   -16.7     86.4
SNOWDEPTH AVG.     14                19      -5       12
DAYS >= 1.0        11              11.6    -0.6       10
GREATEST
 SNOW DEPTH        21   01/23                         18  01/12
 24 HR TOTAL      8.5   01/22 TO 01/22

DEGREE_DAYS
HEATING TOTAL    1550              1595     -45     1431
 SINCE 7/1       5256              5237      19     4489
COOLING TOTAL       0                 0       0        0
 SINCE 1/1          0                 0       0        0
.................................................................

WIND (MPH)
AVERAGE WIND SPEED              MM
HIGHEST WIND SPEED/DIRECTION    MM        DATE   MM
HIGHEST GUST SPEED/DIRECTION    42/180    DATE  01/31

SKY COVER
POSSIBLE SUNSHINE (PERCENT)   MM
AVERAGE SKY COVER             MM
NUMBER OF DAYS FAIR            0
NUMBER OF DAYS PC              0
NUMBER OF DAYS CLOUDY          0

AVERAGE RH (PERCENT)     MM

WEATHER CONDITIONS. NUMBER OF DAYS WITH
THUNDERSTORM              0     MIXED PRECIP               0
HEAVY RAIN                0     RAIN                       0
LIGHT RAIN                2     FREEZING RAIN              0
LT FREEZING RAIN          2     HAIL                       0
HEAVY SNOW                2     SNOW                       3
LIGHT SNOW               24     SLEET                      0
FOG                       4     FOG W/VIS <= 1/4 MILE      2
HAZE                      0

-  INDICATES NEGATIVE NUMBERS.
R  INDICATES RECORD WAS SET OR TIED.
MM INDICATES DATA IS MISSING.
T  INDICATES TRACE AMOUNT.

$$
