000
CXUS53 KMQT 041821
CLMMQT
CLIMATE REPORT
NATIONAL WEATHER SERVICE
221 PM EDT FRI AUG 04 2023
...................................
...THE MARQUETTE MI CLIMATE SUMMARY FOR THE MONTH OF JULY 2023...
CLIMATE NORMAL PERIOD: 1991 TO 2020
CLIMATE RECORD PERIOD: 1961 TO 2023
WEATHER OBSERVED NORMAL DEPART LAST YEAR`S
VALUE DATE(S) VALUE FROM VALUE DATE(S)
NORMAL
................................................................
TEMPERATURE (F)
RECORD
HIGH 99 07/28/1988
07/19/1977
LOW 34 07/10/1968
07/05/1967
HIGHEST 86 07/27 75 11 91 07/18
LOWEST 46 07/07 54 -8 43 07/14
AVG. MAXIMUM 74.4 76.0 -1.6 77.9
AVG. MINIMUM 53.4 54.5 -1.1 55.5
MEAN 63.9 65.3 -1.4 66.7
DAYS MAX >= 90 0 1.1 -1.1 1
DAYS MAX <= 32 0 0.0 0.0 0
DAYS MIN <= 32 0 0.0 0.0 0
DAYS MIN <= 0 0 0.0 0.0 0
PRECIPITATION (INCHES)
RECORD
MAXIMUM 6.32 2020
MINIMUM 0.57 1981
TOTALS 6.07 3.10 2.97 1.99
DAILY AVG. 0.20 0.10 0.10 0.06
DAYS >= .01 16 12.1 3.9 6
DAYS >= .10 10 7.1 2.9 4
DAYS >= .50 3 1.9 1.1 2
DAYS >= 1.00 2 0.5 1.5 0
GREATEST
24 HR. TOTAL 1.62 07/27 TO 07/27
SNOWFALL (INCHES)
RECORDS
TOTAL T 2021
TOTALS TR 0.0 0.0 0.0
SINCE 7/1 T 0.0 0.0 MM
SNOWDEPTH AVG. 0 0
DAYS >= 1.0 0 0.0 0.0 0
GREATEST
SNOW DEPTH 0 0 MM
24 HR TOTAL TR
DEGREE DAYS
HEATING TOTAL 64 82 -18 46
SINCE 7/1 64 76 -12 MM
COOLING TOTAL 39 90 -51 104
SINCE 1/1 139 149 -10 MM
................................................................
WIND (MPH)
AVERAGE WIND SPEED MM
HIGHEST WIND SPEED/DIRECTION MM DATE MM
HIGHEST GUST SPEED/DIRECTION 47/225 DATE 07/27
SKY COVER
POSSIBLE SUNSHINE (PERCENT) MM
AVERAGE SKY COVER MM
NUMBER OF DAYS FAIR 0
NUMBER OF DAYS PC 0
NUMBER OF DAYS CLOUDY 0
AVERAGE RH (PERCENT) MM
WEATHER CONDITIONS. NUMBER OF DAYS WITH
THUNDERSTORM 11 MIXED PRECIP 0
HEAVY RAIN 6 RAIN 8
LIGHT RAIN 16 FREEZING RAIN 0
LT FREEZING RAIN 0 HAIL 1
HEAVY SNOW 0 SNOW 0
LIGHT SNOW 0 SLEET 0
FOG 6 FOG W/VIS <= 1/4 MILE 1
HAZE 2
- INDICATES NEGATIVE NUMBERS.
R INDICATES RECORD WAS SET OR TIED.
MM INDICATES DATA IS MISSING.
T INDICATES TRACE AMOUNT.
$$