000
CXUS53 KMQT 022113
CLMMQT

ARBCLMMQT 000
TTAA00 KMQT 022111


CLIMATE REPORT
NATIONAL WEATHER SERVICE MARQUETTE MI
410 PM EST TUE JAN 2 2018

...................................

...THE MARQUETTE MI CLIMATE SUMMARY FOR THE MONTH OF DECEMBER 2017...

CLIMATE NORMAL PERIOD 1981 TO 2010
CLIMATE RECORD PERIOD 1961 TO 2018

WEATHER         OBSERVED          NORMAL  DEPART  LAST YEAR`S
                 VALUE   DATE(S)  VALUE   FROM    VALUE  DATE(S)
                                          NORMAL
................................................................
TEMPERATURE (F)
RECORD
 HIGH              59   12/03/1998
                        12/03/1982
 LOW              -28   12/20/1983
HIGHEST            50   12/05        24      26       40  12/26
                        12/04
LOWEST            -18   12/28        10     -28      -12  12/18
AVG. MAXIMUM     20.8              25.9    -5.1     24.7
AVG. MINIMUM      6.8              11.2    -4.4     12.3
MEAN             13.8              18.5    -4.7     18.5
DAYS MAX >= 90      0               0.0     0.0        0
DAYS MAX <= 32     25              22.7     2.3       22
DAYS MIN <= 32     30              30.5    -0.5       31
DAYS MIN <= 0       8               6.2     1.8        8

PRECIPITATION (INCHES)
RECORD
 MAXIMUM         6.91   1968
 MINIMUM         0.37   1994
TOTALS           2.14              2.57   -0.43     2.19
DAILY AVG.       0.07              0.08   -0.01     0.07
DAYS >= .01        22              17.1     4.9       17
DAYS >= .10         6               7.1    -1.1        7
DAYS >= .50         1               1.1    -0.1        1
DAYS >= 1.00        0               0.2    -0.2        0
GREATEST
 24 HR. TOTAL    0.83   12/04 TO 12/04

SNOWFALL (INCHES)
RECORDS
 TOTAL           89.5   2000
TOTALS           38.0              42.8    -4.8     42.0
SINCE 7/1        63.0              73.3   -10.3     56.2
SNOWDEPTH AVG.      4                11      -7        6
DAYS >= 1.0        11              10.0     1.0        8
GREATEST
 SNOW DEPTH        10   12/31                         12  12/22
 24 HR TOTAL      6.8   12/13 TO 12/13

DEGREE_DAYS
HEATING TOTAL    1579              1440     139     1433
 SINCE 7/1       3706              3642      64     3058
COOLING TOTAL       0                 0       0        0
 SINCE 1/1        145               242     -97      246
.................................................................

WIND (MPH)
AVERAGE WIND SPEED              MM
HIGHEST WIND SPEED/DIRECTION    MM        DATE   MM
HIGHEST GUST SPEED/DIRECTION   225/018    DATE  12/24

SKY COVER
POSSIBLE SUNSHINE (PERCENT)   MM
AVERAGE SKY COVER             MM
NUMBER OF DAYS FAIR            0
NUMBER OF DAYS PC              0
NUMBER OF DAYS CLOUDY          0

AVERAGE RH (PERCENT)     MM

WEATHER CONDITIONS. NUMBER OF DAYS WITH
THUNDERSTORM              0     MIXED PRECIP               0
HEAVY RAIN                0     RAIN                       0
LIGHT RAIN                5     FREEZING RAIN              0
LT FREEZING RAIN          1     HAIL                       0
HEAVY SNOW                3     SNOW                       4
LIGHT SNOW               25     SLEET                      0
FOG                       2     FOG W/VIS <= 1/4 MILE      2
HAZE                      0

-  INDICATES NEGATIVE NUMBERS.
R  INDICATES RECORD WAS SET OR TIED.
MM INDICATES DATA IS MISSING.
T  INDICATES TRACE AMOUNT.

$$
