000
CXUS51 KBTV 010700
CF61V4
PRELIMINARY LOCAL CLIMATOLOGICAL DATA (WS FORM: F-6)
STATION: SAINT JOHNSBURY VT ASOS
MONTH: JUNE
YEAR: 2021
LATITUDE: 44 25 N
LONGITUDE: 72 1 W
TEMPERATURE IN F: :PCPN: SNOW: WIND :SUNSHINE: SKY :PK WND
================================================================================
1 2 3 4 5 6A 6B 7 8 9 10 11 12 13 14 15 16 17 18
12Z AVG MX 2MIN
DY MAX MIN AVG DEP HDD CDD WTR SNW DPTH SPD SPD DIR MIN PSBL S-S WX SPD DR
================================================================================
1 73 46 60 0 5 0 0.00 M M M M M M M 0 M M
2 80 44 62 2 3 0 0.01 M M M M M M M 0 M M
3 72 58 65 4 0 0 0.10 M M M M M M M 0 M M
4 65 63 64 3 1 0 0.48 M M M M M M M 0 M M
5 M M M M M M 0.03 M M M M M M M 0 M M
6 M M M M M M 0.00 M M M M M M M 0 M M
7 91 72 82 20 0 17 0.00 M M M M M M M 0 M M
8 85 67 76 14 0 11 0.00 M M M M M M M 0 M M
9 84 56 70 8 0 5 0.02 M M M M M M M 0 M M
10 74 50 62 -1 3 0 0.00 M M M M M M M 0 M M
11 62 49 56 -7 9 0 0.00 M M M M M M M 0 M M
12 78 44 61 -2 4 0 0.00 M M M M M M M 0 M M
13 83 46 65 2 0 0 0.00 M M M M M M M 0 M M
14 70 53 62 -2 3 0 0.01 M M M M M M M 0 M M
15 76 55 66 2 0 1 0.04 M M M M M M M 0 M M
16 69 49 59 -5 6 0 0.00 M M M M M M M 0 M M
17 74 43 59 -5 6 0 0.00 M M M M M M M 0 M M
18 79 43 61 -4 4 0 0.00 M M M M M M M 0 M M
19 83 62 73 8 0 8 0.10 M M M M M M M 0 M M
20 84 54 69 4 0 4 0.00 M M M M M M M 0 M M
21 91 58 75 10 0 10 1.51 M M M M M M M 0 M M
22 69 55 62 -4 3 0 0.00 M M M M M M M 0 M M
23 70 46 58 -8 7 0 0.00 M M M M M M M 0 M M
24 78 43 61 -5 4 0 0.00 M M M M M M M 0 M M
25 77 50 64 -2 1 0 0.00 M M M M M M M 0 M M
26 77 65 71 5 0 6 0.05 M M M M M M M 0 M M
27 89 72 81 14 0 16 0.00 M M M M M M M 0 M M
28 91 73 82 15 0 17 0.00 M M M M M M M 0 M M
29 91 69 80 13 0 15 0.00 M M M M M M M 0 M M
30 87 69 78 11 0 13 0.03 M M M M M M M 0 M M
================================================================================
SM 2202 1554 59 123 2.38 M M M 0
================================================================================
AV 78.6 55.5 M FASTST M M 0 MAX(MPH)
MISC ----> M M M M
================================================================================
NOTES:
# LAST OF SEVERAL OCCURRENCES
COLUMN 17 PEAK WIND IN M.P.H.
PRELIMINARY LOCAL CLIMATOLOGICAL DATA (WS FORM: F-6) , PAGE 2
STATION: SAINT JOHNSBURY VT ASOS
MONTH: JUNE
YEAR: 2021
LATITUDE: 44 25 N
LONGITUDE: 72 1 W
[TEMPERATURE DATA] [PRECIPITATION DATA] SYMBOLS USED IN COLUMN 16
AVERAGE MONTHLY: 67.1 TOTAL FOR MONTH: 2.38 1 = FOG OR MIST
DPTR FM NORMAL: 3.2 DPTR FM NORMAL: -1.43 2 = FOG REDUCING VISIBILITY
HIGHEST: 91 ON 29,28 GRTST 24HR 1.51 ON 21-21 TO 1/4 MILE OR LESS
LOWEST: 43 ON 24,18 3 = THUNDER
SNOW, ICE PELLETS, HAIL 4 = ICE PELLETS
TOTAL MONTH: M 5 = HAIL
GRTST 24HR M ON M 6 = FREEZING RAIN OR DRIZZLE
GRTST DEPTH: M ON M 7 = DUSTSTORM OR SANDSTORM:
VSBY 1/2 MILE OR LESS
8 = SMOKE OR HAZE
[NO. OF DAYS WITH] [WEATHER - DAYS WITH] 9 = BLOWING SNOW
X = TORNADO
MAX 32 OR BELOW: 0 0.01 INCH OR MORE: 11
MAX 90 OR ABOVE: 4 0.10 INCH OR MORE: 4
MIN 32 OR BELOW: 0 0.50 INCH OR MORE: 1
MIN 0 OR BELOW: 0 1.00 INCH OR MORE: 1
[HDD (BASE 65) ]
TOTAL THIS MO. 59 CLEAR (SCALE 0-3) 30
DPTR FM NORMAL -36 PTCLDY (SCALE 4-7) 0
TOTAL FM JUL 1 7379 CLOUDY (SCALE 8-10) 0
DPTR FM NORMAL -604
[CDD (BASE 65) ]
TOTAL THIS MO. 123
DPTR FM NORMAL 61 [PRESSURE DATA]
TOTAL FM JAN 1 157 HIGHEST SLP M ON M
DPTR FM NORMAL 82 LOWEST SLP M ON M
[REMARKS]
#FINAL-06-21#