000
CXUS55 KBOU 010900
CF620V
PRELIMINARY LOCAL CLIMATOLOGICAL DATA (WS FORM: F-6)
STATION: KREMMLING
MONTH: OCTOBER
YEAR: 2021
LATITUDE: 40 3 N
LONGITUDE: 106 22 W
TEMPERATURE IN F: :PCPN: SNOW: WIND :SUNSHINE: SKY :PK WND
================================================================================
1 2 3 4 5 6A 6B 7 8 9 10 11 12 13 14 15 16 17 18
12Z AVG MX 2MIN
DY MAX MIN AVG DEP HDD CDD WTR SNW DPTH SPD SPD DIR MIN PSBL S-S WX SPD DR
================================================================================
1 63 34 49 M 16 0 M M M 2.0 16 200 M M 5 20 200
2 61 36 49 M 16 0 M M M 0.6 7 210 M M 6 1 M M
3 68 30 49 M 16 0 M M M 0.3 4 150 M M 2 M M
4 70 30 50 M 15 0 M M M 1.2 7 270 M M 0 M M
5 73 30 52 M 13 0 M M M 0.7 8 270 M M 1 M M
6 64 34 49 M 16 0 M M M 3.5 13 260 M M 4 20 250
7 68 30 49 M 16 0 M M M 2.3 12 250 M M 2 17 250
8 61 34 48 M 17 0 M M M 3.3 14 230 M M 5 25 240
9 59 34 47 M 18 0 M M M 8.0 15 270 M M 5 26 260
10 50 30 40 M 25 0 M M M 3.3 15 330 M M 8 23 310
11 61 23 42 M 23 0 M M M 1.9 10 110 M M 4 12 M M
12 54 32 43 M 22 0 M M M 4.7 24 230 M M 7 3 31 230
13 37 27 32 M 33 0 M M M 3.7 10 340 M M 9 17 350
14 37 27 32 M 33 0 M M M 3.8 10 250 M M 10 17 340
15 41 25 33 M 32 0 M M M 6.3 12 260 M M 5 20 230
16 59 18 39 M 26 0 M M M 0.9 5 90 M M 0 M M
17 68 19 44 M 21 0 M M M 1.5 13 260 M M 0 17 260
18 63 23 43 M 22 0 M M M 1.2 7 220 M M 2 M M
19 50 30 40 M 25 0 M M M 7.1 17 230 M M 5 27 260
20 55 19 37 M 28 0 M M M 3.3 16 240 M M 0 23 250
21 61 19 40 M 25 0 M M M 0.6 5 100 M M 0 M M
22 63 18 41 M 24 0 M M M 2.1 13 250 M M 0 18 240
23 59 23 41 M 24 0 M M M 5.8 14 240 M M 4 24 250
24 55 32 44 M 21 0 M M M 6.2 15 250 M M 4 21 250
25 73 30 52 M 13 0 M M M 6.7 20 230 M M 0 30 230
26 45 30 38 M 27 0 M M M 3.8 13 310 M M 7 24 100
27 41 32 37 M 28 0 M M M 10.5 21 280 M M 10 25 280
28 46 27 37 M 28 0 M M M 6.0 15 300 M M 8 24 300
29 59 21 40 M 25 0 M M M 0.8 5 110 M M 3 12 M M
30 61 19 40 M 25 0 M M M 2.1 10 220 M M 0 18 250
31 59 21 40 M 25 0 M M M 4.0 18 250 M M 5 27 250
================================================================================
SM 1784 837 698 0 M M 108.4 M 121
================================================================================
AV 57.5 27.0 3.5 FASTST M M 4 MAX(MPH)
MISC ----> 24 230 31 230
================================================================================
NOTES:
# LAST OF SEVERAL OCCURRENCES
COLUMN 17 PEAK WIND IN M.P.H.
PRELIMINARY LOCAL CLIMATOLOGICAL DATA (WS FORM: F-6) , PAGE 2
STATION: KREMMLING
MONTH: OCTOBER
YEAR: 2021
LATITUDE: 40 3 N
LONGITUDE: 106 22 W
[TEMPERATURE DATA] [PRECIPITATION DATA] SYMBOLS USED IN COLUMN 16
AVERAGE MONTHLY: 42.3 TOTAL FOR MONTH: M 1 = FOG OR MIST
DPTR FM NORMAL: 0.0 DPTR FM NORMAL: M 2 = FOG REDUCING VISIBILITY
HIGHEST: 73 ON 5,25 GRTST 24HR M ON M TO 1/4 MILE OR LESS
LOWEST: 18 ON 16,22 3 = THUNDER
SNOW, ICE PELLETS, HAIL 4 = ICE PELLETS
TOTAL MONTH: M 5 = HAIL
GRTST 24HR M ON M 6 = FREEZING RAIN OR DRIZZLE
GRTST DEPTH: M ON M 7 = DUSTSTORM OR SANDSTORM:
VSBY 1/2 MILE OR LESS
8 = SMOKE OR HAZE
[NO. OF DAYS WITH] [WEATHER - DAYS WITH] 9 = BLOWING SNOW
X = TORNADO
MAX 32 OR BELOW: 0 0.01 INCH OR MORE: 0
MAX 90 OR ABOVE: 0 0.10 INCH OR MORE: 0
MIN 32 OR BELOW: 26 0.50 INCH OR MORE: 0
MIN 0 OR BELOW: 0 1.00 INCH OR MORE: 0
[HDD (BASE 65) ]
TOTAL THIS MO. 698 CLEAR (SCALE 0-3) 13
DPTR FM NORMAL M PTCLDY (SCALE 4-7) 15
TOTAL FM JUL 1 1104 CLOUDY (SCALE 8-10) 3
DPTR FM NORMAL M
[CDD (BASE 65) ]
TOTAL THIS MO. 0
DPTR FM NORMAL M [PRESSURE DATA]
TOTAL FM JAN 1 79 HIGHEST SLP M ON M
DPTR FM NORMAL M LOWEST SLP M ON M
[REMARKS]
#FINAL-10-21#