664
CXUS54 KMAF 012208
CF66R6
PRELIMINARY LOCAL CLIMATOLOGICAL DATA (WS FORM: F-6)
STATION: TERRELL COUNTY AIRPORT
MONTH: FEBRUARY
YEAR: 2021
LATITUDE: 30 2 N
LONGITUDE: 102 13 W
TEMPERATURE IN F: :PCPN: SNOW: WIND :SUNSHINE: SKY :PK WND
================================================================================
1 2 3 4 5 6A 6B 7 8 9 10 11 12 13 14 15 16 17 18
12Z AVG MX 2MIN
DY MAX MIN AVG DEP HDD CDD WTR SNW DPTH SPD SPD DIR MIN PSBL S-S WX SPD DR
================================================================================
1 64 34 49 -2 16 0 0.00 M M 6.4 14 110 M M 0 23 100
2 71 38 55 4 10 0 0.00 M M 5.5 13 160 M M 0 16 210
3 78 41 60 9 5 0 0.00 M M 5.8 15 140 M M 0 20 150
4 83 49 66 15 0 1 0.00 M M 9.4 20 250 M M 0 27 300
5 77 38 58 7 7 0 0.00 M M 6.7 21 220 M M 0 26 190
6 72 37 55 3 10 0 0.00 M M 9.6 29 320 M M 0 37 330
7 74 34 54 2 11 0 0.00 M M 6.9 15 140 M M 0 20 140
8 83 40 62 10 3 0 0.00 M M 7.3 20 170 M M 0 25 210
9 77 43 60 8 5 0 0.00 M M 6.7 15 120 M M 0 19 110
10 67 40 54 1 11 0 0.00 M M 10.2 23 20 M M 0 28 20
11 40 32 36 -17 29 0 0.00 M M 11.5 22 350 M M 0 28 340
12 37 28 33 -20 32 0 0.00 M M 9.4 14 20 M M 0 17 30
13 28 24 26 -27 39 0 0.04 M M 9.9 15 40 M M 0 19 100
14 25 11 18 -36 47 0 0.01 M M 9.5 21 360 M M 0 27 10
15 28 11 20 -34 45 0 0.00 M M 7.1 18 340 M M 0 24 340
16 41 17 29 -25 36 0 0.03 M M 8.0 16 110 M M 0 21 80
17 61 28 45 -9 20 0 0.00 M M 10.8 21 50 M M 0 27 210
18 32 10 21 -34 44 0 0.00 M M 7.7 17 10 M M 0 22 10
19 39 5 22 -33 43 0 0.00 M M 4.6 12 290 M M 0 13 180
20 52 24 38 -17 27 0 0.00 M M M 8 20 M M 0 8 20
21 73 35 54 -1 11 0 0.00 M M M M M M M 0 M M
22 72 34 53 -3 12 0 0.00 M M M M M M M 0 M M
23 76 39 58 2 7 0 0.00 M M M M M M M 0 M M
24 79 47 63 7 2 0 0.00 M M M M M M M 0 M M
25 61 49 55 -1 10 0 0.00 M M M M M M M 0 M M
26 71 36 54 -3 11 0 0.00 M M M M M M M 0 M M
27 78 52 65 8 0 0 0.00 M M M M M M M 0 M M
28 77 55 66 9 0 1 0.00 M M M M M M M 0 M M
================================================================================
SM 1716 931 493 2 0.08 M 153.0 M 0
================================================================================
AV 61.3 33.3 8.1 FASTST M M 0 MAX(MPH)
MISC ----> 29 320 37 330
================================================================================
NOTES:
# LAST OF SEVERAL OCCURRENCES
COLUMN 17 PEAK WIND IN M.P.H.
PRELIMINARY LOCAL CLIMATOLOGICAL DATA (WS FORM: F-6) , PAGE 2
STATION: TERRELL COUNTY AIRPORT
MONTH: FEBRUARY
YEAR: 2021
LATITUDE: 30 2 N
LONGITUDE: 102 13 W
[TEMPERATURE DATA] [PRECIPITATION DATA] SYMBOLS USED IN COLUMN 16
AVERAGE MONTHLY: 47.3 TOTAL FOR MONTH: 0.08 1 = FOG OR MIST
DPTR FM NORMAL: -6.4 DPTR FM NORMAL: -0.65 2 = FOG REDUCING VISIBILITY
HIGHEST: 83 ON 8, 4 GRTST 24HR 0.04 ON 13-13 TO 1/4 MILE OR LESS
LOWEST: 5 ON 19 3 = THUNDER
SNOW, ICE PELLETS, HAIL 4 = ICE PELLETS
TOTAL MONTH: M 5 = HAIL
GRTST 24HR M ON M 6 = FREEZING RAIN OR DRIZZLE
GRTST DEPTH: M ON M 7 = DUSTSTORM OR SANDSTORM:
VSBY 1/2 MILE OR LESS
8 = SMOKE OR HAZE
[NO. OF DAYS WITH] [WEATHER - DAYS WITH] 9 = BLOWING SNOW
X = TORNADO
MAX 32 OR BELOW: 4 0.01 INCH OR MORE: 3
MAX 90 OR ABOVE: 0 0.10 INCH OR MORE: 0
MIN 32 OR BELOW: 10 0.50 INCH OR MORE: 0
MIN 0 OR BELOW: 0 1.00 INCH OR MORE: 0
[HDD (BASE 65) ]
TOTAL THIS MO. 493 CLEAR (SCALE 0-3) 28
DPTR FM NORMAL 171 PTCLDY (SCALE 4-7) 0
TOTAL FM JUL 1 1625 CLOUDY (SCALE 8-10) 0
DPTR FM NORMAL 19
[CDD (BASE 65) ]
TOTAL THIS MO. 2
DPTR FM NORMAL -6 [PRESSURE DATA]
TOTAL FM JAN 1 2 HIGHEST SLP 30.61 ON 18
DPTR FM NORMAL -3 LOWEST SLP 29.67 ON 27
[REMARKS]
#FINAL-02-21#