959
CXUS54 KMAF 011210
CF66R6
PRELIMINARY LOCAL CLIMATOLOGICAL DATA (WS FORM: F-6)
STATION: TERRELL COUNTY AIRPORT
MONTH: OCTOBER
YEAR: 2020
LATITUDE: 30 2 N
LONGITUDE: 102 13 W
TEMPERATURE IN F: :PCPN: SNOW: WIND :SUNSHINE: SKY :PK WND
================================================================================
1 2 3 4 5 6A 6B 7 8 9 10 11 12 13 14 15 16 17 18
12Z AVG MX 2MIN
DY MAX MIN AVG DEP HDD CDD WTR SNW DPTH SPD SPD DIR MIN PSBL S-S WX SPD DR
================================================================================
1 88 57 73 0 0 8 0.00 M M 8.2 20 120 M M 0 28 90
2 85 58 72 -1 0 7 0.00 M M 8.5 18 100 M M 0 25 100
3 89 55 72 -1 0 7 0.00 M M 6.8 16 100 M M 0 23 100
4 87 61 74 2 0 9 0.00 M M 8.3 16 80 M M 0 21 140
5 91 58 75 3 0 10 0.00 0.0 0 6.6 16 220 M M 0 22 230
6 92 56 74 2 0 9 0.00 M M 7.3 18 100 M M 0 24 100
7 90 59 75 3 0 10 0.00 M M 7.0 16 100 M M 0 20 140
8 90 60 75 4 0 10 0.00 M M 6.6 15 100 M M 0 21 100
9 93 60 77 6 0 12 0.00 M M 5.0 12 80 M M 0 15 80
10 103 54 79 8 0 14 0.00 M M 6.9 16 120 M M 0 20 150
11 101 61 81 11 0 16 0.00 M M 6.9 16 130 M M 0 22 160
12 87 66 77 7 0 12 0.00 M M 10.0 28 10 M M 0 36 360
13 90 62 76 6 0 11 0.00 M M 7.5 14 130 M M 0 17 90
14 99 61 80 10 0 15 0.00 M M 7.7 21 230 M M 0 27 230
15 81 58 70 1 0 5 0.00 M M 12.5 31 340 M M 0 41 350
16 76 53 65 -4 0 0 0.00 M M 7.5 15 30 M M 0 19 60
17 86 50 68 -1 0 3 0.00 M M 6.5 15 130 M M 0 20 140
18 92 55 74 6 0 9 0.00 M M 6.4 17 100 M M 0 21 100
19 87 64 76 8 0 11 0.00 M M 9.0 15 110 M M 0 20 90
20 90 66 78 10 0 13 0.00 M M 10.5 22 110 M M 0 29 110
21 88 66 77 10 0 12 0.00 M M 11.5 24 110 M M 0 32 120
22 89 65 77 10 0 12 0.00 0.0 0 8.9 15 120 M M 0 19 130
23 76 52 64 -3 1 0 0.00 0.0 0 14.1 35 340 M M 0 44 340
24 75 47 61 -5 4 0 0.00 0.0 0 5.2 12 140 M M 0 16 150
25 86 50 68 2 0 3 0.00 0.0 0 6.6 17 100 M M 0 21 100
26 70 34 52 -14 13 0 0.00 M M 18.6 37 350 M M 0 45 350
27 39 32 36 -29 29 0 0.00 M M 13.9 21 10 M M 0 28 350
28 66 28 47 -18 18 0 0.00 M M 10.8 21 330 M M 0 27 340
29 71 47 59 -5 6 0 0.00 M M 11.6 23 340 M M 0 32 320
30 72 40 56 -8 9 0 0.00 M M 6.6 14 120 M M 0 17 110
31 80 45 63 -1 2 0 0.00 M M 6.0 12 140 M M 0 15 140
================================================================================
SM 2609 1680 82 218 0.00 0.0 269.5 M 0
================================================================================
AV 84.2 54.2 8.7 FASTST M M 0 MAX(MPH)
MISC ----> 37 350 45 350
================================================================================
NOTES:
# LAST OF SEVERAL OCCURRENCES
COLUMN 17 PEAK WIND IN M.P.H.
PRELIMINARY LOCAL CLIMATOLOGICAL DATA (WS FORM: F-6) , PAGE 2
STATION: TERRELL COUNTY AIRPORT
MONTH: OCTOBER
YEAR: 2020
LATITUDE: 30 2 N
LONGITUDE: 102 13 W
[TEMPERATURE DATA] [PRECIPITATION DATA] SYMBOLS USED IN COLUMN 16
AVERAGE MONTHLY: 69.2 TOTAL FOR MONTH: 0.00 1 = FOG OR MIST
DPTR FM NORMAL: 0.5 DPTR FM NORMAL: -1.60 2 = FOG REDUCING VISIBILITY
HIGHEST: 103 ON 10 GRTST 24HR 0.00 ON 1- 1 TO 1/4 MILE OR LESS
LOWEST: 28 ON 28 3 = THUNDER
SNOW, ICE PELLETS, HAIL 4 = ICE PELLETS
TOTAL MONTH: 0.0 INCH 5 = HAIL
GRTST 24HR 0.0 6 = FREEZING RAIN OR DRIZZLE
GRTST DEPTH: 0 7 = DUSTSTORM OR SANDSTORM:
VSBY 1/2 MILE OR LESS
8 = SMOKE OR HAZE
[NO. OF DAYS WITH] [WEATHER - DAYS WITH] 9 = BLOWING SNOW
X = TORNADO
MAX 32 OR BELOW: 0 0.01 INCH OR MORE: 0
MAX 90 OR ABOVE: 11 0.10 INCH OR MORE: 0
MIN 32 OR BELOW: 2 0.50 INCH OR MORE: 0
MIN 0 OR BELOW: 0 1.00 INCH OR MORE: 0
[HDD (BASE 65) ]
TOTAL THIS MO. 82 CLEAR (SCALE 0-3) 31
DPTR FM NORMAL 40 PTCLDY (SCALE 4-7) 0
TOTAL FM JUL 1 93 CLOUDY (SCALE 8-10) 0
DPTR FM NORMAL 49
[CDD (BASE 65) ]
TOTAL THIS MO. 218
DPTR FM NORMAL 59 [PRESSURE DATA]
TOTAL FM JAN 1 3122 HIGHEST SLP 30.34 ON 16
DPTR FM NORMAL 412 LOWEST SLP 29.70 ON 26
[REMARKS]
#FINAL-10-20#