000
CXUS55 KABR 011100
CF68D3
PRELIMINARY LOCAL CLIMATOLOGICAL DATA (WS FORM: F-6)
STATION: SISSETON SD
MONTH: AUGUST
YEAR: 2021
LATITUDE: 45 40 N
LONGITUDE: 96 59 W
TEMPERATURE IN F: :PCPN: SNOW: WIND :SUNSHINE: SKY :PK WND
================================================================================
1 2 3 4 5 6A 6B 7 8 9 10 11 12 13 14 15 16 17 18
12Z AVG MX 2MIN
DY MAX MIN AVG DEP HDD CDD WTR SNW DPTH SPD SPD DIR MIN PSBL S-S WX SPD DR
================================================================================
1 80 52 66 -5 0 1 0.00 0.0 0 5.9 12 340 M M 0 15 330
2 83 52 68 -3 0 3 0.00 0.0 0 3.9 8 180 M M 0 13 320
3 85 59 72 1 0 7 0.00 0.0 0 5.3 14 230 M M 0 19 230
4 82 65 74 3 0 9 0.00 0.0 0 8.3 16 200 M M 0 23 200
5 87 62 75 4 0 10 0.00 0.0 0 8.2 16 340 M M 0 27 240
6 81 54 68 -2 0 3 0.00 0.0 0 3.3 12 60 M M 0 16 110
7 83 66 75 5 0 10 0.15 0.0 0 7.8 15 180 M M 0 3 27 150
8 82 65 74 4 0 9 3.26 0.0 0 4.6 24 340 M M 0 35 340
9 85 63 74 4 0 9 0.00 0.0 0 7.7 18 130 M M 0 26 140
10 85 62 74 4 0 9 0.00 0.0 0 11.3 23 210 M M 0 36 210
11 84 63 74 4 0 9 0.00 0.0 0 11.7 26 230 M M 0 40 230
12 79 53 66 -4 0 1 T 0.0 0 11.8 25 330 M M 0 38 330
13 81 47 64 -6 1 0 0.00 0.0 0 6.9 20 330 M M 0 27 320
14 89 52 71 2 0 6 0.00 0.0 0 12.4 23 230 M M 0 34 240
15 89 68 79 10 0 14 0.00 0.0 0 13.7 26 210 M M 0 42 220
16 89 69 79 10 0 14 0.00 0.0 0 11.9 21 170 M M 0 30 180
17 92 72 82 13 0 17 0.00 0.0 0 11.9 21 190 M M 0 31 180
18 91 69 80 11 0 15 0.00 0.0 0 11.5 21 160 M M 0 36 200
19 90 67 79 10 0 14 0.00 0.0 0 9.2 17 200 M M 0 25 180
20 86 64 75 7 0 10 0.35 0.0 0 11.5 24 250 M M 0 34 250
21 76 54 65 -3 0 0 0.01 0.0 0 9.9 22 300 M M 0 34 310
22 71 52 62 -6 3 0 0.44 0.0 0 10.7 24 160 M M 0 36 170
23 85 55 70 2 0 5 0.00 0.0 0 4.8 13 150 M M 0 19 130
24 85 64 75 7 0 10 1.01 0.0 0 8.6 32 330 M M 0 3 47 330
25 76 57 67 0 0 2 0.00 0.0 0 5.0 14 330 M M 0 20 330
26 68 56 62 -5 3 0 1.02 0.0 0 8.3 25 90 M M 0 38 80
27 81 62 72 5 0 7 0.08 0.0 0 4.8 13 150 M M 0 19 150
28 80 64 72 5 0 7 1.66 0.0 0 7.3 33 300 M M 0 50 300
29 80 59 70 4 0 5 0.00 0.0 0 8.4 17 280 M M 0 23 290
30 83 56 70 4 0 5 0.00 0.0 0 4.9 13 220 M M 0 19 230
31 81 56 69 3 0 4 0.00 0.0 0 3.7 15 110 M M 0 21 110
================================================================================
SM 2569 1859 7 215 7.98 0.0 255.2 M 0
================================================================================
AV 82.9 60.0 8.2 FASTST M M 0 MAX(MPH)
MISC ----> 33 300 50 300
================================================================================
NOTES:
# LAST OF SEVERAL OCCURRENCES
COLUMN 17 PEAK WIND IN M.P.H.
PRELIMINARY LOCAL CLIMATOLOGICAL DATA (WS FORM: F-6) , PAGE 2
STATION: SISSETON SD
MONTH: AUGUST
YEAR: 2021
LATITUDE: 45 40 N
LONGITUDE: 96 59 W
[TEMPERATURE DATA] [PRECIPITATION DATA] SYMBOLS USED IN COLUMN 16
AVERAGE MONTHLY: 71.4 TOTAL FOR MONTH: 7.98 1 = FOG OR MIST
DPTR FM NORMAL: 2.5 DPTR FM NORMAL: 5.37 2 = FOG REDUCING VISIBILITY
HIGHEST: 92 ON 17 GRTST 24HR 3.31 ON 7- 8 TO 1/4 MILE OR LESS
LOWEST: 47 ON 13 3 = THUNDER
SNOW, ICE PELLETS, HAIL 4 = ICE PELLETS
TOTAL MONTH: 0.0 INCH 5 = HAIL
GRTST 24HR 0.0 6 = FREEZING RAIN OR DRIZZLE
GRTST DEPTH: 0 7 = DUSTSTORM OR SANDSTORM:
VSBY 1/2 MILE OR LESS
8 = SMOKE OR HAZE
[NO. OF DAYS WITH] [WEATHER - DAYS WITH] 9 = BLOWING SNOW
X = TORNADO
MAX 32 OR BELOW: 0 0.01 INCH OR MORE: 9
MAX 90 OR ABOVE: 3 0.10 INCH OR MORE: 7
MIN 32 OR BELOW: 0 0.50 INCH OR MORE: 4
MIN 0 OR BELOW: 0 1.00 INCH OR MORE: 4
[HDD (BASE 65) ]
TOTAL THIS MO. 7 CLEAR (SCALE 0-3) 31
DPTR FM NORMAL -21 PTCLDY (SCALE 4-7) 0
TOTAL FM JUL 1 7 CLOUDY (SCALE 8-10) 0
DPTR FM NORMAL -29
[CDD (BASE 65) ]
TOTAL THIS MO. 215
DPTR FM NORMAL 66 [PRESSURE DATA]
TOTAL FM JAN 1 830 HIGHEST SLP 30.27 ON 26
DPTR FM NORMAL 321 LOWEST SLP 29.51 ON 20
[REMARKS]
#FINAL-08-21#