000
CXUS52 KTAE 010800
CF6AAF
PRELIMINARY LOCAL CLIMATOLOGICAL DATA (WS FORM: F-6)
STATION: APALACHICOLA
MONTH: OCTOBER
YEAR: 2022
LATITUDE: 29 43 N
LONGITUDE: 85 2 W
TEMPERATURE IN F: :PCPN: SNOW: WIND :SUNSHINE: SKY :PK WND
================================================================================
1 2 3 4 5 6A 6B 7 8 9 10 11 12 13 14 15 16 17 18
12Z AVG MX 2MIN
DY MAX MIN AVG DEP HDD CDD WTR SNW DPTH SPD SPD DIR MIN PSBL S-S WX SPD DR
================================================================================
1 86 58 72 -4 0 7 0.00 0.0 0 5.1 18 310 M M 0 24 310
2 86 57 72 -4 0 7 0.00 0.0 0 6.9 17 300 M M 0 21 310
3 82 61 72 -4 0 7 0.00 0.0 0 7.0 15 50 M M 0 19 70
4 76 57 67 -8 0 2 0.00 0.0 0 5.6 13 150 M M 0 17 50
5 81 55 68 -7 0 3 0.00 0.0 0 3.8 14 190 M M 0 17 190
6 84 57 71 -4 0 6 0.00 0.0 0 3.4 14 210 M M 0 1 17 190
7 83 56 70 -4 0 5 0.00 0.0 0 3.0 13 180 M M 0 15 190
8 89 58 74 0 0 9 0.00 0.0 0 5.3 16 10 M M 0 24 20
9 87 61 74 0 0 9 0.00 M M 8.8 15 20 M M 0 19 20
10 85 55 70 -4 0 5 0.00 0.0 M 6.3 14 10 M M 0 17 20
11 81 60 71 -2 0 6 0.00 0.0 M 7.4 15 70 M M 0 19 80
12 81 71 76 3 0 11 0.08 0.0 M 6.4 18 210 M M 1 13 25 230
13 87 69 78 5 0 13 0.09 0.0 0 5.8 15 350 M M 0 13 22 350
14 84 59 72 0 0 7 0.00 0.0 0 6.5 17 40 M M 0 22 50
15 83 56 70 -2 0 5 0.00 0.0 0 5.8 13 100 M M 0 19 110
16 83 61 72 0 0 7 0.00 0.0 0 4.9 13 150 M M 0 17 140
17 81 66 74 3 0 9 0.07 0.0 0 4.4 13 250 M M 1 123 15 250
18 70 49 60 -11 5 0 0.00 0.0 0 10.7 16 10 M M 0 25 350
19 66 39 53 -18 12 0 0.00 0.0 0 7.4 21 20 M M 0 27 10
20 69 36 53 -17 12 0 0.00 0.0 M 3.8 15 300 M M 0 20 240
21 74 43 59 -11 6 0 0.00 0.0 M 4.3 12 190 M M 0 15 170
22 74 42 58 -12 7 0 0.00 0.0 M 4.6 13 130 M M 0 17 120
23 76 48 62 -7 3 0 0.00 0.0 0 5.2 13 140 M M 0 16 140
24 78 50 64 -5 1 0 0.00 0.0 M 5.5 15 100 M M 1 12 19 110
25 83 57 70 2 0 5 0.00 0.0 M 7.8 16 150 M M 0 1 20 160
26 81 60 71 3 0 6 0.05 0.0 M 7.7 17 10 M M 1 13 21 10
27 77 53 65 -3 0 0 0.00 0.0 M 5.5 14 30 M M 0 17 30
28 77 57 67 0 0 2 0.01 M M 8.4 14 70 M M 1 1 20 90
29 73 69 71 4 0 6 0.00 0.0 0 9.1 14 80 M M 1 20 90
30 77 69 73 6 0 8 T 0.0 0 8.9 15 120 M M 3 1 22 110
31 82 60 71 5 0 6 0.00 0.0 0 5.8 12 310 M M 0 17 320
================================================================================
SM 2476 1749 46 151 0.30 0.0 191.1 M 9
================================================================================
AV 79.9 56.4 6.2 FASTST M M 0 MAX(MPH)
MISC ----> 21 20 27 10
================================================================================
NOTES:
# LAST OF SEVERAL OCCURRENCES
COLUMN 17 PEAK WIND IN M.P.H.
PRELIMINARY LOCAL CLIMATOLOGICAL DATA (WS FORM: F-6) , PAGE 2
STATION: APALACHICOLA
MONTH: OCTOBER
YEAR: 2022
LATITUDE: 29 43 N
LONGITUDE: 85 2 W
[TEMPERATURE DATA] [PRECIPITATION DATA] SYMBOLS USED IN COLUMN 16
AVERAGE MONTHLY: 68.1 TOTAL FOR MONTH: 0.30 1 = FOG OR MIST
DPTR FM NORMAL: -3.4 DPTR FM NORMAL: -3.33 2 = FOG REDUCING VISIBILITY
HIGHEST: 89 ON 8 GRTST 24HR 0.17 ON 12-13 TO 1/4 MILE OR LESS
LOWEST: 36 ON 20 3 = THUNDER
SNOW, ICE PELLETS, HAIL 4 = ICE PELLETS
TOTAL MONTH: 0.0 INCH 5 = HAIL
GRTST 24HR 0.0 6 = FREEZING RAIN OR DRIZZLE
GRTST DEPTH: 0 7 = DUSTSTORM OR SANDSTORM:
VSBY 1/2 MILE OR LESS
8 = SMOKE OR HAZE
[NO. OF DAYS WITH] [WEATHER - DAYS WITH] 9 = BLOWING SNOW
X = TORNADO
MAX 32 OR BELOW: 0 0.01 INCH OR MORE: 5
MAX 90 OR ABOVE: 0 0.10 INCH OR MORE: 0
MIN 32 OR BELOW: 0 0.50 INCH OR MORE: 0
MIN 0 OR BELOW: 0 1.00 INCH OR MORE: 0
[HDD (BASE 65) ]
TOTAL THIS MO. 46 CLEAR (SCALE 0-3) 30
DPTR FM NORMAL 22 PTCLDY (SCALE 4-7) 1
TOTAL FM JUL 1 46 CLOUDY (SCALE 8-10) 0
DPTR FM NORMAL 26
[CDD (BASE 65) ]
TOTAL THIS MO. 151
DPTR FM NORMAL -74 [PRESSURE DATA]
TOTAL FM JAN 1 2730 HIGHEST SLP 30.21 ON 9
DPTR FM NORMAL 67 LOWEST SLP 29.80 ON 17
[REMARKS]
#FINAL-10-22#