000
CXUS52 KTAE 010800
CF6AAF
PRELIMINARY LOCAL CLIMATOLOGICAL DATA (WS FORM: F-6)
STATION: APALACHICOLA
MONTH: OCTOBER
YEAR: 2021
LATITUDE: 29 43 N
LONGITUDE: 85 2 W
TEMPERATURE IN F: :PCPN: SNOW: WIND :SUNSHINE: SKY :PK WND
================================================================================
1 2 3 4 5 6A 6B 7 8 9 10 11 12 13 14 15 16 17 18
12Z AVG MX 2MIN
DY MAX MIN AVG DEP HDD CDD WTR SNW DPTH SPD SPD DIR MIN PSBL S-S WX SPD DR
================================================================================
1 85 70 78 2 0 13 0.00 0.0 0 5.9 14 120 M M 0 21 130
2 85 71 78 2 0 13 0.00 0.0 0 8.0 15 110 M M 2 20 110
3 81 70 76 0 0 11 0.35 0.0 0 4.3 13 170 M M 2 13 16 160
4 83 69 76 1 0 11 0.42 0.0 0 4.6 18 230 M M 4 138 26 230
5 79 71 75 0 0 10 1.38 0.0 0 6.2 15 150 M M 4 1 22 130
6 81 71 76 1 0 11 1.73 0.0 0 6.8 16 100 M M 6 13 22 90
7 85 74 80 6 0 15 0.04 0.0 M 4.0 17 320 M M 4 21 320
8 88 73 81 7 0 16 0.31 0.0 M 3.5 18 270 M M 3 1 22 280
9 89 68 79 5 0 14 0.00 0.0 M 6.5 15 360 M M 0 17 10
10 83 66 75 1 0 10 0.00 0.0 0 4.6 12 60 M M 0 15 100
11 82 67 75 2 0 10 0.00 0.0 0 5.4 14 120 M M 0 19 100
12 84 68 76 3 0 11 0.00 0.0 0 6.2 14 130 M M 0 18 130
13 83 68 76 3 0 11 0.00 0.0 0 5.7 14 80 M M 0 19 120
14 84 69 77 5 0 12 0.00 0.0 0 5.4 13 140 M M 1 20 100
15 86 69 78 6 0 13 0.00 0.0 0 5.0 12 160 M M 0 15 160
16 89 64 77 5 0 12 0.00 0.0 0 7.3 22 10 M M 2 1 28 360
17 77 54 66 -5 0 1 0.00 0.0 0 8.8 21 20 M M 0 27 20
18 74 53 64 -7 1 0 0.00 M M 6.9 14 80 M M 0 20 90
19 79 58 69 -2 0 4 0.00 M M 8.5 17 90 M M 1 23 90
20 80 63 72 2 0 7 0.00 0.0 M 7.6 16 120 M M 1 21 100
21 83 66 75 5 0 10 0.00 0.0 0 5.0 13 140 M M 3 17 130
22 83 67 75 5 0 10 0.00 0.0 M 3.5 15 240 M M 2 18 240
23 82 63 73 4 0 8 0.00 0.0 0 4.7 12 170 M M 0 1 15 160
24 78 62 70 1 0 5 0.54 0.0 0 5.9 13 100 M M 3 1 16 100
25 86 70 78 10 0 13 0.35 0.0 0 6.6 18 310 M M 5 1 23 310
26 84 63 74 6 0 9 0.00 M M 6.6 14 320 M M 0 19 340
27 77 54 66 -2 0 1 0.00 0.0 M 6.3 15 140 M M 1 20 140
28 81 68 75 8 0 10 0.48 0.0 0 18.7 35 240 M M 7 13 50 230
29 70 55 63 -4 2 0 0.07 0.0 0 11.3 31 290 M M 7 1 42 290
30 70 52 61 -6 4 0 0.00 0.0 0 9.6 22 300 M M 5 27 300
31 72 53 63 -3 2 0 0.00 M M 4.6 14 320 M M 5 17 340
================================================================================
SM 2523 2009 9 271 5.67 0.0 204.0 M 68
================================================================================
AV 81.4 64.8 6.6 FASTST M M 2 MAX(MPH)
MISC ----> 35 240 50 230
================================================================================
NOTES:
# LAST OF SEVERAL OCCURRENCES
COLUMN 17 PEAK WIND IN M.P.H.
PRELIMINARY LOCAL CLIMATOLOGICAL DATA (WS FORM: F-6) , PAGE 2
STATION: APALACHICOLA
MONTH: OCTOBER
YEAR: 2021
LATITUDE: 29 43 N
LONGITUDE: 85 2 W
[TEMPERATURE DATA] [PRECIPITATION DATA] SYMBOLS USED IN COLUMN 16
AVERAGE MONTHLY: 73.1 TOTAL FOR MONTH: 5.67 1 = FOG OR MIST
DPTR FM NORMAL: 1.6 DPTR FM NORMAL: 2.04 2 = FOG REDUCING VISIBILITY
HIGHEST: 89 ON 16, 9 GRTST 24HR 2.13 ON 5- 6 TO 1/4 MILE OR LESS
LOWEST: 52 ON 30 3 = THUNDER
SNOW, ICE PELLETS, HAIL 4 = ICE PELLETS
TOTAL MONTH: 0.0 INCH 5 = HAIL
GRTST 24HR 0.0 6 = FREEZING RAIN OR DRIZZLE
GRTST DEPTH: 0 7 = DUSTSTORM OR SANDSTORM:
VSBY 1/2 MILE OR LESS
8 = SMOKE OR HAZE
[NO. OF DAYS WITH] [WEATHER - DAYS WITH] 9 = BLOWING SNOW
X = TORNADO
MAX 32 OR BELOW: 0 0.01 INCH OR MORE: 10
MAX 90 OR ABOVE: 0 0.10 INCH OR MORE: 8
MIN 32 OR BELOW: 0 0.50 INCH OR MORE: 3
MIN 0 OR BELOW: 0 1.00 INCH OR MORE: 2
[HDD (BASE 65) ]
TOTAL THIS MO. 9 CLEAR (SCALE 0-3) 22
DPTR FM NORMAL -15 PTCLDY (SCALE 4-7) 9
TOTAL FM JUL 1 9 CLOUDY (SCALE 8-10) 0
DPTR FM NORMAL -11
[CDD (BASE 65) ]
TOTAL THIS MO. 271
DPTR FM NORMAL 46 [PRESSURE DATA]
TOTAL FM JAN 1 2634 HIGHEST SLP 30.23 ON 20
DPTR FM NORMAL -29 LOWEST SLP 29.57 ON 28
[REMARKS]
#FINAL-10-21#