000
CXUS54 KSJT 011000
CF6ABI
PRELIMINARY LOCAL CLIMATOLOGICAL DATA (WS FORM: F-6)
STATION: ABILENE
MONTH: MARCH
YEAR: 2022
LATITUDE: 32 25 N
LONGITUDE: 99 41 W
TEMPERATURE IN F: :PCPN: SNOW: WIND :SUNSHINE: SKY :PK WND
================================================================================
1 2 3 4 5 6A 6B 7 8 9 10 11 12 13 14 15 16 17 18
12Z AVG MX 2MIN
DY MAX MIN AVG DEP HDD CDD WTR SNW DPTH SPD SPD DIR MIN PSBL S-S WX SPD DR
================================================================================
1 71 40 56 2 9 0 0.00 0.0 0 6.3 14 230 M M 0 17 230
2 75 42 59 5 6 0 0.00 0.0 0 6.2 12 180 M M 0 17 180
3 79 47 63 9 2 0 0.00 0.0 0 6.2 14 140 M M 0 19 140
4 80 51 66 12 0 1 0.00 0.0 0 15.0 28 170 M M 3 40 170
5 85 58 72 17 0 7 0.00 0.0 0 14.9 29 170 M M 1 8 45 170
6 67 35 51 -4 14 0 T 0.0 0 13.6 24 350 M M 8 18 31 340
7 49 30 40 -15 25 0 0.00 0.0 0 12.5 23 360 M M 4 32 360
8 53 32 43 -13 22 0 0.00 0.0 0 5.7 10 360 M M 4 15 330
9 63 25 44 -12 21 0 0.00 0.0 0 9.2 20 140 M M 0 40 120
10 68 33 51 -5 14 0 0.00 0.0 0 14.9 23 360 M M 0 34 170
11 39 24 32 -25 33 0 T 0.0 0 17.4 28 340 M M 7 18 37 10
12 59 17 38 -19 27 0 0.00 0.0 0 9.5 20 180 M M 0 29 200
13 68 38 53 -4 12 0 0.00 0.0 0 16.4 26 210 M M 0 37 170
14 78 50 64 6 1 0 T 0.0 0 18.4 32 200 M M 2 46 200
15 72 45 59 1 6 0 0.00 0.0 0 10.7 25 340 M M 0 35 330
16 85 45 65 7 0 0 0.00 0.0 0 12.8 24 200 M M 0 35 200
17 85 47 66 8 0 1 0.00 0.0 0 21.4 37 270 M M 2 8 56 260
18 67 41 54 -5 11 0 0.00 0.0 0 13.8 29 320 M M 0 39 320
19 77 39 58 -1 7 0 0.00 0.0 0 9.1 18 190 M M 0 24 210
20 81 50 66 7 0 1 0.00 0.0 0 20.3 32 150 M M 0 8 46 140
21 73 50 62 2 3 0 0.10 0.0 0 14.8 36 250 M M 5 13 52 240
22 56 42 49 -11 16 0 0.00 0.0 0 18.4 32 330 M M 6 41 340
23 65 40 53 -7 12 0 T 0.0 0 14.1 35 300 M M 3 45 300
24 74 31 53 -8 12 0 0.00 0.0 0 9.2 28 340 M M 0 35 340
25 86 43 65 4 0 0 0.00 0.0 0 5.6 13 120 M M 0 8 20 140
26 90 45 68 7 0 3 0.00 0.0 0 6.6 16 170 M M 0 22 160
27 94 59 77 15 0 12 0.00 0.0 0 16.5 31 200 M M 0 42 210
28 95 63 79 17 0 14 0.00 0.0 0 17.7 25 170 M M 0 34 180
29 87 57 72 10 0 7 0.30 0.0 0 19.6 31 150 M M 1 3 50 200
30 64 48 56 -6 9 0 0.00 0.0 0 13.5 35 340 M M 3 8 44 340
31 72 44 58 -4 7 0 0.00 0.0 0 6.8 16 330 M M 2 28 300
================================================================================
SM 2257 1311 269 46 0.40 0.0 397.1 M 51
================================================================================
AV 72.8 42.3 12.8 FASTST M M 2 MAX(MPH)
MISC ----> 37 270 56 260
================================================================================
NOTES:
# LAST OF SEVERAL OCCURRENCES
COLUMN 17 PEAK WIND IN M.P.H.
PRELIMINARY LOCAL CLIMATOLOGICAL DATA (WS FORM: F-6) , PAGE 2
STATION: ABILENE
MONTH: MARCH
YEAR: 2022
LATITUDE: 32 25 N
LONGITUDE: 99 41 W
[TEMPERATURE DATA] [PRECIPITATION DATA] SYMBOLS USED IN COLUMN 16
AVERAGE MONTHLY: 57.5 TOTAL FOR MONTH: 0.40 1 = FOG OR MIST
DPTR FM NORMAL: -0.6 DPTR FM NORMAL: -1.33 2 = FOG REDUCING VISIBILITY
HIGHEST: 95 ON 28 GRTST 24HR 0.30 ON 29-29 TO 1/4 MILE OR LESS
LOWEST: 17 ON 12 3 = THUNDER
SNOW, ICE PELLETS, HAIL 4 = ICE PELLETS
TOTAL MONTH: 0.0 INCH 5 = HAIL
GRTST 24HR 0.0 6 = FREEZING RAIN OR DRIZZLE
GRTST DEPTH: 0 7 = DUSTSTORM OR SANDSTORM:
VSBY 1/2 MILE OR LESS
8 = SMOKE OR HAZE
[NO. OF DAYS WITH] [WEATHER - DAYS WITH] 9 = BLOWING SNOW
X = TORNADO
MAX 32 OR BELOW: 0 0.01 INCH OR MORE: 2
MAX 90 OR ABOVE: 3 0.10 INCH OR MORE: 2
MIN 32 OR BELOW: 6 0.50 INCH OR MORE: 0
MIN 0 OR BELOW: 0 1.00 INCH OR MORE: 0
[HDD (BASE 65) ]
TOTAL THIS MO. 269 CLEAR (SCALE 0-3) 24
DPTR FM NORMAL 14 PTCLDY (SCALE 4-7) 6
TOTAL FM JUL 1 1919 CLOUDY (SCALE 8-10) 1
DPTR FM NORMAL -293
[CDD (BASE 65) ]
TOTAL THIS MO. 46
DPTR FM NORMAL 5 [PRESSURE DATA]
TOTAL FM JAN 1 51 HIGHEST SLP 30.50 ON 12
DPTR FM NORMAL 0 LOWEST SLP 29.36 ON 29
[REMARKS]
#FINAL-03-22#