000
CXUS55 KABQ 031346
CF6ABQ
PRELIMINARY LOCAL CLIMATOLOGICAL DATA (WS FORM: F-6)
STATION: ALBUQUERQUE NM
MONTH: OCTOBER
YEAR: 2021
LATITUDE: 35 2 N
LONGITUDE: 106 37 W
TEMPERATURE IN F: :PCPN: SNOW: WIND :SUNSHINE: SKY :PK WND
================================================================================
1 2 3 4 5 6A 6B 7 8 9 10 11 12 13 14 15 16 17 18
12Z AVG MX 2MIN
DY MAX MIN AVG DEP HDD CDD WTR SNW DPTH SPD SPD DIR MIN PSBL S-S WX SPD DR
================================================================================
1 63 49 56 -9 9 0 T 0.0 0 3.9 18 190 M M 6 3 24 190
2 70 47 59 -5 6 0 0.00 0.0 0 4.8 10 80 M M 1 14 100
3 75 52 64 0 1 0 0.00 0.0 0 5.0 10 220 M M 2 16 250
4 79 52 66 3 0 1 0.00 0.0 0 5.4 13 10 M M 2 16 10
5 79 54 67 4 0 2 0.00 0.0 0 7.0 17 220 M M 5 23 220
6 75 57 66 4 0 1 0.01 0.0 0 6.6 18 280 M M 5 25 280
7 77 54 66 4 0 1 0.00 0.0 0 4.3 14 170 M M 6 17 220
8 80 53 67 5 0 2 0.00 0.0 0 7.3 18 180 M M 7 24 180
9 80 55 68 7 0 3 0.00 0.0 0 7.9 20 270 M M 6 26 270
10 68 47 58 -3 7 0 T 0.0 0 11.1 23 310 M M 4 36 310
11 73 40 57 -3 8 0 0.00 0.0 0 12.4 32 180 M M 1 42 180
12 62 43 53 -7 12 0 T 0.0 0 18.1 38 260 M M 4 55 260
13 63 34 49 -11 16 0 0.00 0.0 0 4.7 17 260 M M 1 23 270
14 66 35 51 -8 14 0 0.00 0.0 0 7.9 17 270 M M 2 24 260
15 62 40 51 -8 14 0 0.00 0.0 0 9.1 20 320 M M 0 26 360
16 66 37 52 -6 13 0 0.00 0.0 0 5.0 12 190 M M 0 16 210
17 71 40 56 -2 9 0 0.00 0.0 0 5.0 12 200 M M 3 16 200
18 76 49 63 5 2 0 0.00 0.0 0 9.3 25 170 M M 3 32 230
19 70 48 59 2 6 0 0.00 0.0 0 10.0 25 280 M M 2 35 260
20 68 40 54 -3 11 0 0.00 0.0 0 4.5 10 10 M M 1 13 10
21 73 44 59 3 6 0 0.00 0.0 0 4.7 14 10 M M 3 18 20
22 74 45 60 4 5 0 0.00 0.0 0 5.4 13 20 M M 3 17 10
23 73 45 59 4 6 0 0.00 0.0 0 5.7 21 270 M M 6 29 270
24 74 46 60 5 5 0 0.00 0.0 0 5.4 16 210 M M 5 21 210
25 78 45 62 7 3 0 0.00 0.0 0 7.2 20 180 M M 2 28 190
26 66 46 56 2 9 0 0.01 0.0 0 16.5 35 270 M M 2 46 250
27 59 40 50 -4 15 0 0.00 0.0 0 17.3 32 300 M M 1 43 300
28 67 41 54 1 11 0 0.00 0.0 0 6.6 16 290 M M 0 23 320
29 68 39 54 1 11 0 0.00 0.0 0 4.7 14 340 M M 0 20 340
30 75 40 58 6 7 0 0.00 0.0 0 3.2 16 120 M M 0 19 120
31 70 48 59 7 6 0 0.00 0.0 0 8.7 23 80 M M 3 28 80
================================================================================
SM 2200 1405 212 10 0.02 0.0 234.7 M 86
================================================================================
AV 71.0 45.3 7.6 FASTST M M 3 MAX(MPH)
MISC ----> 38 260 55 260
================================================================================
NOTES:
# LAST OF SEVERAL OCCURRENCES
COLUMN 17 PEAK WIND IN M.P.H.
PRELIMINARY LOCAL CLIMATOLOGICAL DATA (WS FORM: F-6) , PAGE 2
STATION: ALBUQUERQUE NM
MONTH: OCTOBER
YEAR: 2021
LATITUDE: 35 2 N
LONGITUDE: 106 37 W
[TEMPERATURE DATA] [PRECIPITATION DATA] SYMBOLS USED IN COLUMN 16
AVERAGE MONTHLY: 58.1 TOTAL FOR MONTH: 0.02 1 = FOG OR MIST
DPTR FM NORMAL: -0.3 DPTR FM NORMAL: -0.85 2 = FOG REDUCING VISIBILITY
HIGHEST: 80 ON 9, 8 GRTST 24HR 0.53 ON 30- 1 TO 1/4 MILE OR LESS
LOWEST: 34 ON 13 3 = THUNDER
SNOW, ICE PELLETS, HAIL 4 = ICE PELLETS
TOTAL MONTH: 0.0 INCH 5 = HAIL
GRTST 24HR 0.0 6 = FREEZING RAIN OR DRIZZLE
GRTST DEPTH: 0 7 = DUSTSTORM OR SANDSTORM:
VSBY 1/2 MILE OR LESS
8 = SMOKE OR HAZE
[NO. OF DAYS WITH] [WEATHER - DAYS WITH] 9 = BLOWING SNOW
X = TORNADO
MAX 32 OR BELOW: 0 0.01 INCH OR MORE: 2
MAX 90 OR ABOVE: 0 0.10 INCH OR MORE: 0
MIN 32 OR BELOW: 0 0.50 INCH OR MORE: 0
MIN 0 OR BELOW: 0 1.00 INCH OR MORE: 0
[HDD (BASE 65) ]
TOTAL THIS MO. 212 CLEAR (SCALE 0-3) 19
DPTR FM NORMAL -8 PTCLDY (SCALE 4-7) 12
TOTAL FM JUL 1 226 CLOUDY (SCALE 8-10) 0
DPTR FM NORMAL -12
[CDD (BASE 65) ]
TOTAL THIS MO. 10
DPTR FM NORMAL -3 [PRESSURE DATA]
TOTAL FM JAN 1 1626 HIGHEST SLP 30.38 ON 16
DPTR FM NORMAL 190 LOWEST SLP 29.46 ON 12
[REMARKS]
#FINAL-10-21#