000
CXUS54 KFWD 012155
CF6ACT
PRELIMINARY LOCAL CLIMATOLOGICAL DATA (WS FORM: F-6)
STATION: WACO
MONTH: AUGUST
YEAR: 2020
LATITUDE: 31 37 N
LONGITUDE: 97 13 W
TEMPERATURE IN F: :PCPN: SNOW: WIND :SUNSHINE: SKY :PK WND
================================================================================
1 2 3 4 5 6A 6B 7 8 9 10 11 12 13 14 15 16 17 18
12Z AVG MX 2MIN
DY MAX MIN AVG DEP HDD CDD WTR SNW DPTH SPD SPD DIR MIN PSBL S-S WX SPD DR
================================================================================
1 96 70 83 -3 0 18 0.00 0.0 0 6.1 16 20 M M 0 20 40
2 100 68 84 -2 0 19 0.00 0.0 0 5.5 18 350 M M 0 23 350
3 95 70 83 -3 0 18 T 0.0 0 3.4 20 260 M M 1 27 260
4 100 71 86 0 0 21 0.00 0.0 0 6.1 12 120 M M 1 17 110
5 101 75 88 2 0 23 0.00 0.0 0 8.8 17 150 M M 0 24 140
6 101 77 89 3 0 24 0.00 0.0 0 13.3 21 170 M M 0 27 140
7 100 77 89 3 0 24 0.00 0.0 0 12.7 20 140 M M 0 27 140
8 99 77 88 2 0 23 0.00 0.0 0 12.2 21 170 M M 0 27 170
9 100 79 90 4 0 25 0.00 0.0 0 14.4 23 170 M M 1 30 170
10 100 78 89 3 0 24 0.00 0.0 0 14.7 22 190 M M 1 33 160
11 103 79 91 5 0 26 0.00 0.0 0 14.2 21 170 M M 0 28 170
12 102 79 91 5 0 26 0.00 0.0 0 11.5 18 180 M M 0 24 170
13 103 80 92 6 0 27 0.00 0.0 0 11.7 18 170 M M 0 23 160
14 105 79 92 6 0 27 0.00 0.0 0 12.3 20 180 M M 0 25 180
15 106 80 93 7 0 28 0.00 0.0 0 11.0 18 180 M M 0 24 180
16 104 74 89 3 0 24 T 0.0 0 8.3 29 20 M M 0 3 35 10
17 93 72 83 -3 0 18 T 0.0 0 5.2 18 40 M M 1 3 24 30
18 99 69 84 -2 0 19 0.00 0.0 0 7.5 21 20 M M 0 29 20
19 97 68 83 -2 0 18 0.00 0.0 0 6.2 17 50 M M 0 26 50
20 96 64 80 -5 0 15 0.00 0.0 0 4.6 13 40 M M 0 20 90
21 99 67 83 -2 0 18 0.00 0.0 0 6.0 14 70 M M 0 21 80
22 96 73 85 0 0 20 0.01 0.0 0 6.0 13 180 M M 2 3 20 100
23 98 70 84 -1 0 19 0.00 0.0 0 5.4 13 90 M M 1 19 80
24 99 71 85 0 0 20 0.00 0.0 0 5.5 17 60 M M 1 24 60
25 99 70 85 1 0 20 0.00 0.0 0 5.0 15 70 M M 1 22 40
26 95 73 84 0 0 19 0.00 0.0 0 8.1 20 60 M M 2 30 70
27 98 74 86 2 0 21 0.00 0.0 0 6.9 16 200 M M 2 19 200
28 107 81 94 10 0 29 0.00 0.0 0 12.0 24 130 M M 0 30 160
29 105 79 92 8 0 27 0.00 0.0 0 12.1 20 170 M M 0 27 180
30 101 80 91 8 0 26 0.00 0.0 0 10.3 20 180 M M 1 26 190
31 102 82 92 9 0 27 0.00 0.0 0 15.6 24 180 M M 2 33 180
================================================================================
SM 3099 2306 0 693 0.01 0.0 282.6 M 17
================================================================================
AV100.0 74.4 9.1 FASTST M M 1 MAX(MPH)
MISC ----> # 29 20 # 35 10
================================================================================
NOTES:
# LAST OF SEVERAL OCCURRENCES
COLUMN 17 PEAK WIND IN M.P.H.
PRELIMINARY LOCAL CLIMATOLOGICAL DATA (WS FORM: F-6) , PAGE 2
STATION: WACO
MONTH: AUGUST
YEAR: 2020
LATITUDE: 31 37 N
LONGITUDE: 97 13 W
[TEMPERATURE DATA] [PRECIPITATION DATA] SYMBOLS USED IN COLUMN 16
AVERAGE MONTHLY: 87.2 TOTAL FOR MONTH: 0.01 1 = FOG OR MIST
DPTR FM NORMAL: 1.9 DPTR FM NORMAL: -2.04 2 = FOG REDUCING VISIBILITY
HIGHEST: 107 ON 28 GRTST 24HR 0.01 ON 22-22 TO 1/4 MILE OR LESS
LOWEST: 64 ON 20 3 = THUNDER
SNOW, ICE PELLETS, HAIL 4 = ICE PELLETS
TOTAL MONTH: 0.0 INCH 5 = HAIL
GRTST 24HR 0.0 6 = FREEZING RAIN OR DRIZZLE
GRTST DEPTH: 0 7 = DUSTSTORM OR SANDSTORM:
VSBY 1/2 MILE OR LESS
8 = SMOKE OR HAZE
[NO. OF DAYS WITH] [WEATHER - DAYS WITH] 9 = BLOWING SNOW
X = TORNADO
MAX 32 OR BELOW: 0 0.01 INCH OR MORE: 1
MAX 90 OR ABOVE: 31 0.10 INCH OR MORE: 0
MIN 32 OR BELOW: 0 0.50 INCH OR MORE: 0
MIN 0 OR BELOW: 0 1.00 INCH OR MORE: 0
[HDD (BASE 65) ]
TOTAL THIS MO. 0 CLEAR (SCALE 0-3) 31
DPTR FM NORMAL 0 PTCLDY (SCALE 4-7) 0
TOTAL FM JUL 1 0 CLOUDY (SCALE 8-10) 0
DPTR FM NORMAL 0
[CDD (BASE 65) ]
TOTAL THIS MO. 693
DPTR FM NORMAL 64 [PRESSURE DATA]
TOTAL FM JAN 1 2384 HIGHEST SLP 30.12 ON 17
DPTR FM NORMAL 189 LOWEST SLP 29.65 ON 31
[REMARKS]
EDITED MAX TEMPERATURE AND WX ON 11TH
#FINAL-08-20#