000
CXUS51 KPHI 010815
CF6ACY
PRELIMINARY LOCAL CLIMATOLOGICAL DATA (WS FORM: F-6)
STATION: ATLANTIC CITY NJ
MONTH: JUNE
YEAR: 2021
LATITUDE: 39 27 N
LONGITUDE: 74 34 W
TEMPERATURE IN F: :PCPN: SNOW: WIND :SUNSHINE: SKY :PK WND
================================================================================
1 2 3 4 5 6A 6B 7 8 9 10 11 12 13 14 15 16 17 18
12Z AVG MX 2MIN
DY MAX MIN AVG DEP HDD CDD WTR SNW DPTH SPD SPD DIR MIN PSBL S-S WX SPD DR
================================================================================
1 76 51 64 -3 1 0 0.00 0.0 0 7.4 15 190 M M 0 21 170
2 74 59 67 0 0 2 T 0.0 0 6.2 15 140 M M 0 20 140
3 79 62 71 4 0 6 1.27 0.0 0 7.9 29 220 M M 6 13 43 210
4 81 64 73 5 0 8 0.73 0.0 0 6.9 20 350 M M 7 138 29 320
5 90 65 78 10 0 13 0.00 0.0 0 7.5 17 220 M M 0 22 230
6 91 69 80 12 0 15 0.00 0.0 0 8.7 18 200 M M 0 24 180
7 91 68 80 11 0 15 0.00 0.0 0 7.6 17 180 M M 0 25 180
8 89 71 80 11 0 15 T 0.0 0 5.6 23 350 M M 1 35 340
9 88 68 78 9 0 13 T 0.0 0 4.1 15 210 M M 1 20 220
10 80 66 73 3 0 8 T 0.0 0 10.5 23 70 M M 4 12 30 60
11 68 63 66 -4 0 1 0.22 0.0 0 10.2 17 60 M M 10 1 22 60
12 73 59 66 -4 0 1 0.00 0.0 0 8.8 17 70 M M 6 24 80
13 74 59 67 -4 0 2 0.00 0.0 0 5.7 14 160 M M 6 21 130
14 79 65 72 1 0 7 0.11 0.0 0 8.7 16 200 M M 6 13 23 360
15 82 62 72 1 0 7 0.60 0.0 0 7.1 18 300 M M 4 13 25 280
16 80 54 67 -5 0 2 0.00 0.0 0 7.9 16 330 M M 2 21 310
17 79 52 66 -6 0 1 0.00 0.0 0 5.8 15 130 M M 0 21 180
18 83 54 69 -3 0 4 0.00 0.0 0 8.6 17 200 M M 0 27 190
19 88 69 79 6 0 14 0.16 0.0 0 8.1 15 270 M M 3 1 22 280
20 88 64 76 3 0 11 0.00 0.0 0 5.4 16 200 M M 1 12 22 190
21 85 71 78 5 0 13 0.03 0.0 0 9.6 30 270 M M 5 1 42 250
22 80 57 69 -5 0 4 0.60 0.0 0 6.4 25 320 M M 6 13 34 320
23 75 51 63 -11 2 0 0.00 0.0 0 6.0 14 340 M M 1 23 330
24 74 50 62 -12 3 0 0.00 0.0 0 6.9 17 90 M M 0 27 90
25 77 58 68 -6 0 3 0.00 0.0 0 6.1 13 180 M M 6 12 19 160
26 82 70 76 1 0 11 0.01 0.0 0 10.0 22 200 M M 6 1 30 190
27 86 72 79 4 0 14 0.00 0.0 0 11.3 18 200 M M 2 27 200
28 90 73 82 7 0 17 0.00 0.0 0 9.5 16 180 M M 0 25 170
29 93 73 83 8 0 18 0.00 0.0 0 8.5 15 230 M M 1 22 240
30 94 75 85 9 0 20 0.00 0.0 0 8.9 17 210 M M 0 24 200
================================================================================
SM 2469 1894 6 245 3.73 0.0 231.9 M 84
================================================================================
AV 82.3 63.1 7.7 FASTST M M 3 MAX(MPH)
MISC ----> 30 270 43 210
================================================================================
NOTES:
# LAST OF SEVERAL OCCURRENCES
COLUMN 17 PEAK WIND IN M.P.H.
PRELIMINARY LOCAL CLIMATOLOGICAL DATA (WS FORM: F-6) , PAGE 2
STATION: ATLANTIC CITY NJ
MONTH: JUNE
YEAR: 2021
LATITUDE: 39 27 N
LONGITUDE: 74 34 W
[TEMPERATURE DATA] [PRECIPITATION DATA] SYMBOLS USED IN COLUMN 16
AVERAGE MONTHLY: 72.7 TOTAL FOR MONTH: 3.73 1 = FOG OR MIST
DPTR FM NORMAL: 1.3 DPTR FM NORMAL: 0.15 2 = FOG REDUCING VISIBILITY
HIGHEST: 94 ON 30 GRTST 24HR 1.27 ON 2- 3 TO 1/4 MILE OR LESS
LOWEST: 50 ON 24 3 = THUNDER
SNOW, ICE PELLETS, HAIL 4 = ICE PELLETS
TOTAL MONTH: 0.0 INCH 5 = HAIL
GRTST 24HR 0.0 6 = FREEZING RAIN OR DRIZZLE
GRTST DEPTH: 0 7 = DUSTSTORM OR SANDSTORM:
VSBY 1/2 MILE OR LESS
8 = SMOKE OR HAZE
[NO. OF DAYS WITH] [WEATHER - DAYS WITH] 9 = BLOWING SNOW
X = TORNADO
MAX 32 OR BELOW: 0 0.01 INCH OR MORE: 9
MAX 90 OR ABOVE: 6 0.10 INCH OR MORE: 7
MIN 32 OR BELOW: 0 0.50 INCH OR MORE: 4
MIN 0 OR BELOW: 0 1.00 INCH OR MORE: 1
[HDD (BASE 65) ]
TOTAL THIS MO. 6 CLEAR (SCALE 0-3) 17
DPTR FM NORMAL -16 PTCLDY (SCALE 4-7) 12
TOTAL FM JUL 1 4325 CLOUDY (SCALE 8-10) 1
DPTR FM NORMAL -374
[CDD (BASE 65) ]
TOTAL THIS MO. 245
DPTR FM NORMAL 31 [PRESSURE DATA]
TOTAL FM JAN 1 336 HIGHEST SLP 30.39 ON 24
DPTR FM NORMAL 48 LOWEST SLP 29.63 ON 21
[REMARKS]
#FINAL-06-21#