000
CXUS51 KPHI 020243
CLMACY
CLIMATE REPORT
NATIONAL WEATHER SERVICE MOUNT HOLLY NJ
1043 PM EDT SAT JUL 01 2023
...................................
...THE ATLANTIC CITY AIRPORT NJ CLIMATE SUMMARY FOR THE MONTH OF JUNE 2023...
CLIMATE NORMAL PERIOD: 1991 TO 2020
CLIMATE RECORD PERIOD: 1943 TO 2023
WEATHER OBSERVED NORMAL DEPART LAST YEAR`S
VALUE DATE(S) VALUE FROM VALUE DATE(S)
NORMAL
................................................................
TEMPERATURE (F)
RECORD
HIGH 106 06/28/1969
LOW 37 06/12/1980
06/01/1967
HIGHEST 87 06/11 93 -6 96 06/17
LOWEST 45 06/05 45 0 47 06/06
06/08
AVG. MAXIMUM 78.5 81.5 -3.0 81.4
AVG. MINIMUM 57.0 61.3 -4.3 60.1
MEAN 67.8 71.4 -3.7 70.8
DAYS MAX >= 90 0 4.4 -4.4 3
DAYS MAX <= 32 0 0.0 0.0 0
DAYS MIN <= 32 0 0.0 0.0 0
DAYS MIN <= 0 0 0.0 0.0 0
PRECIPITATION (INCHES)
RECORD
MAXIMUM 8.45 1920
MINIMUM 0.28 1954
TOTALS 2.68 3.58 -0.90 2.59
DAILY AVG. 0.09 0.12 -0.03 0.09
DAYS >= .01 8 9.9 -1.9 10
DAYS >= .10 7 5.8 1.2 6
DAYS >= .50 2 2.2 -0.2 1
DAYS >= 1.00 0 0.9 -0.9 0
GREATEST
24 HR. TOTAL 0.85 06/27 TO 06/27 0.77
SNOWFALL (INCHES)
RECORDS
TOTAL MM 5
24 HR TOTAL MM
TOTALS 0.0 0.0 0.0 0.0
SINCE 7/1 0.3 17.4 -17.1 MM
SNOWDEPTH AVG. 0 0
DAYS >= 1.0 0 0.0 0.0 0
GREATEST
SNOW DEPTH 0 0 MM
24 HR TOTAL 0.0 MM
DEGREE DAYS
HEATING TOTAL 25 22 3 7
SINCE 7/1 4162 4699 -537 MM
COOLING TOTAL 114 214 -100 190
SINCE 1/1 158 288 -130 MM
................................................................
WIND (MPH)
AVERAGE WIND SPEED 8.1
HIGHEST WIND SPEED/DIRECTION 30/330 DATE 06/06
HIGHEST GUST SPEED/DIRECTION 41/300 DATE 06/14
SKY COVER
POSSIBLE SUNSHINE (PERCENT) MM
AVERAGE SKY COVER 0.37
NUMBER OF DAYS FAIR 17
NUMBER OF DAYS PC 10
NUMBER OF DAYS CLOUDY 2
AVERAGE RH (PERCENT) 70
WEATHER CONDITIONS. NUMBER OF DAYS WITH
THUNDERSTORM 7 MIXED PRECIP 0
HEAVY RAIN 4 RAIN 5
LIGHT RAIN 10 FREEZING RAIN 0
LT FREEZING RAIN 0 HEAVY SNOW 0
SNOW 0 LIGHT SNOW 0
SLEET 0 FOG 16
FOG W/VIS <= 1/4 MILE 4 HAZE 11
- INDICATES NEGATIVE NUMBERS.
R INDICATES RECORD WAS SET OR TIED.
MM INDICATES DATA IS MISSING.
T INDICATES TRACE AMOUNT.
$$