000
CXUS51 KPHI 022110
CLMACY
CLIMATE REPORT
NATIONAL WEATHER SERVICE MOUNT HOLLY NJ
410 PM EST FRI FEB 02 2024
...................................
...THE ATLANTIC CITY AIRPORT NJ CLIMATE SUMMARY FOR THE MONTH OF JANUARY 2024...
CLIMATE NORMAL PERIOD: 1991 TO 2020
CLIMATE RECORD PERIOD: 1943 TO 2024
WEATHER OBSERVED NORMAL DEPART LAST YEAR`S
VALUE DATE(S) VALUE FROM VALUE DATE(S)
NORMAL
................................................................
TEMPERATURE (F)
RECORD
HIGH 78 01/24/1967
LOW -10 01/17/1977
HIGHEST 62 01/25 62 0 70 01/04
LOWEST 13 01/20 4 9 24 01/11
01/25
01/27
AVG. MAXIMUM 44.6 43.2 1.4 51.1
AVG. MINIMUM 28.1 25.1 3.0 33.9
MEAN 36.4 34.1 2.3 42.5
DAYS MAX >= 90 0 0.0 0.0 0
DAYS MAX <= 32 4 5.4 -1.4 0
DAYS MIN <= 32 20 23.6 -3.6 13
DAYS MIN <= 0 0 0.2 -0.2 0
PRECIPITATION (INCHES)
RECORD
MAXIMUM 8.14 1948
MINIMUM 0.38 1955
TOTALS 6.64 3.38 3.26 3.74
DAILY AVG. 0.21 0.11 0.10 0.12
DAYS >= .01 15 10.8 4.2 12
DAYS >= .10 10 6.3 3.7 8
DAYS >= .50 4 2.4 1.6 3
DAYS >= 1.00 2 0.8 1.2 1
GREATEST
24 HR. TOTAL 2.54 01/09 TO 01/10 1.58
SNOWFALL (INCHES)
RECORDS
TOTAL 33.2 2022
24 HR TOTAL MM
TOTALS 5.9 5.7 0.2 T
SINCE 7/1 5.9 9.0 -3.1 MM
SNOWDEPTH AVG. 0 0
DAYS >= 1.0 2 1.6 0.4 0
GREATEST
SNOW DEPTH 3 01/20 0 MM
24 HR TOTAL 4.6 01/19 TO 01/19 MM
DEGREE DAYS
HEATING TOTAL 879 956 -77 690
SINCE 7/1 2384 2627 -243 MM
COOLING TOTAL 0 0 0 0
SINCE 1/1 0 0 0 MM
................................................................
WIND (MPH)
AVERAGE WIND SPEED 9.0
HIGHEST WIND SPEED/DIRECTION 36/160 DATE 01/09
HIGHEST GUST SPEED/DIRECTION 59/150 DATE 01/09
SKY COVER
POSSIBLE SUNSHINE (PERCENT) MM
AVERAGE SKY COVER 0.52
NUMBER OF DAYS FAIR 13
NUMBER OF DAYS PC 7
NUMBER OF DAYS CLOUDY 11
AVERAGE RH (PERCENT) 72
WEATHER CONDITIONS. NUMBER OF DAYS WITH
THUNDERSTORM 0 MIXED PRECIP 0
HEAVY RAIN 5 RAIN 7
LIGHT RAIN 16 FREEZING RAIN 1
LT FREEZING RAIN 1 HEAVY SNOW 0
SNOW 1 LIGHT SNOW 3
SLEET 0 FOG 17
FOG W/VIS <= 1/4 MILE 5 HAZE 0
- INDICATES NEGATIVE NUMBERS.
R INDICATES RECORD WAS SET OR TIED.
MM INDICATES DATA IS MISSING.
T INDICATES TRACE AMOUNT.
$$