000
CXUS52 KFFC 011110
CF6AHN
PRELIMINARY LOCAL CLIMATOLOGICAL DATA (WS FORM: F-6)
STATION: ATHENS
MONTH: DECEMBER
YEAR: 2022
LATITUDE: 33 57 N
LONGITUDE: 83 19 W
TEMPERATURE IN F: :PCPN: SNOW: WIND :SUNSHINE: SKY :PK WND
================================================================================
1 2 3 4 5 6A 6B 7 8 9 10 11 12 13 14 15 16 17 18
12Z AVG MX 2MIN
DY MAX MIN AVG DEP HDD CDD WTR SNW DPTH SPD SPD DIR MIN PSBL S-S WX SPD DR
================================================================================
1 55 28 42 -7 23 0 0.00 0.0 M 4.4 10 100 M M 0 16 310
2 59 31 45 -4 20 0 0.00 0.0 M 5.6 9 100 M M 3 14 100
3 59 46 53 4 12 0 0.04 M M 2.3 13 320 M M 9 128 15 320
4 60 45 53 4 12 0 0.00 0.0 M 1.7 7 300 M M 8 12 10 290
5 51 44 48 0 17 0 1.37 M M 6.9 10 110 M M 10 1 15 110
6 50 44 47 -1 18 0 0.67 M M 5.1 13 80 M M 10 12 16 80
7 72 50 61 13 4 0 0.06 M M 2.1 8 250 M M 9 12 15 240
8 77 57 67 19 0 2 0.00 0.0 M 2.4 8 250 M M 7 12 14 250
9 62 51 57 9 8 0 0.36 0.0 M 5.9 12 90 M M 9 1 17 60
10 53 48 51 4 14 0 0.00 0.0 M 5.4 10 60 M M 10 1 14 70
11 52 49 51 4 14 0 0.21 M M 1.8 7 100 M M 10 1 9 210
12 56 41 49 2 16 0 0.00 0.0 M 2.9 10 110 M M 9 12 14 110
13 53 39 46 -1 19 0 0.00 0.0 M 8.0 15 90 M M 8 12 20 100
14 45 41 43 -4 22 0 0.52 M M 7.8 16 90 M M 10 1 21 80
15 58 42 50 4 15 0 1.02 M M 7.1 14 80 M M 6 1 21 250
16 54 35 45 -1 20 0 0.00 0.0 M 5.8 17 290 M M 0 28 280
17 49 34 42 -4 23 0 0.00 0.0 M 4.9 10 250 M M 5 20 240
18 49 29 39 -7 26 0 0.00 0.0 M 7.4 16 300 M M 0 23 290
19 49 25 37 -9 28 0 0.00 0.0 M 4.5 10 110 M M 0 13 110
20 41 38 40 -6 25 0 0.11 M M 6.5 12 70 M M 10 18 16 40
21 51 37 44 -2 21 0 0.04 M M 10.8 17 80 M M 9 18 25 50
22 45 39 42 -4 23 0 0.12 M M 4.9 15 70 M M 10 1 22 70
23 49 11 30 -15 35 0 0.13 M M 14.7 31 300 M M 3 1 51 300
24 27 7 17 -28 48 0 0.00 0.0 M 10.6 20 300 M M 0 30 300
25 37 18 28 -17 37 0 0.00 0.0 M 8.1 15 300 M M 0 23 290
26 44 17 31 -14 34 0 0.00 0.0 M 2.8 12 300 M M 2 16 300
27 53 28 41 -4 24 0 0.00 0.0 M 1.8 8 310 M M 3 12 320
28 57 24 41 -4 24 0 0.00 0.0 M 1.4 9 80 M M 0 18 13 200
29 65 36 51 6 14 0 0.00 0.0 M 3.9 9 90 M M 4 11 100
30 64 43 54 9 11 0 0.02 M M 6.7 17 140 M M 7 1 32 150
31 61 50 56 12 9 0 0.10 M M 3.2 16 140 M M 8 12 33 150
================================================================================
SM 1657 1127 616 2 4.77 0.0 167.4 M 179
================================================================================
AV 53.5 36.4 5.4 FASTST M M 6 MAX(MPH)
MISC ----> 31 300 51 300
================================================================================
NOTES:
# LAST OF SEVERAL OCCURRENCES
COLUMN 17 PEAK WIND IN M.P.H.
PRELIMINARY LOCAL CLIMATOLOGICAL DATA (WS FORM: F-6) , PAGE 2
STATION: ATHENS
MONTH: DECEMBER
YEAR: 2022
LATITUDE: 33 57 N
LONGITUDE: 83 19 W
[TEMPERATURE DATA] [PRECIPITATION DATA] SYMBOLS USED IN COLUMN 16
AVERAGE MONTHLY: 44.9 TOTAL FOR MONTH: 4.77 1 = FOG OR MIST
DPTR FM NORMAL: -1.6 DPTR FM NORMAL: 0.34 2 = FOG REDUCING VISIBILITY
HIGHEST: 77 ON 8 GRTST 24HR 2.04 ON 5- 6 TO 1/4 MILE OR LESS
LOWEST: 7 ON 24 3 = THUNDER
SNOW, ICE PELLETS, HAIL 4 = ICE PELLETS
TOTAL MONTH: 0.0 INCH 5 = HAIL
GRTST 24HR 0.0 6 = FREEZING RAIN OR DRIZZLE
GRTST DEPTH: M ON M 7 = DUSTSTORM OR SANDSTORM:
VSBY 1/2 MILE OR LESS
8 = SMOKE OR HAZE
[NO. OF DAYS WITH] [WEATHER - DAYS WITH] 9 = BLOWING SNOW
X = TORNADO
MAX 32 OR BELOW: 1 0.01 INCH OR MORE: 14
MAX 90 OR ABOVE: 0 0.10 INCH OR MORE: 10
MIN 32 OR BELOW: 10 0.50 INCH OR MORE: 4
MIN 0 OR BELOW: 0 1.00 INCH OR MORE: 2
[HDD (BASE 65) ]
TOTAL THIS MO. 616 CLEAR (SCALE 0-3) 10
DPTR FM NORMAL 43 PTCLDY (SCALE 4-7) 8
TOTAL FM JUL 1 1083 CLOUDY (SCALE 8-10) 13
DPTR FM NORMAL 27
[CDD (BASE 65) ]
TOTAL THIS MO. 2
DPTR FM NORMAL 0 [PRESSURE DATA]
TOTAL FM JAN 1 2024 HIGHEST SLP 30.53 ON 2
DPTR FM NORMAL 69 LOWEST SLP 29.67 ON 23
[REMARKS]
#FINAL-12-22#