000
CXUS52 KFFC 071202
CF6AHN
PRELIMINARY LOCAL CLIMATOLOGICAL DATA (WS FORM: F-6)
STATION: ATHENS
MONTH: OCTOBER
YEAR: 2021
LATITUDE: 33 57 N
LONGITUDE: 83 19 W
TEMPERATURE IN F: :PCPN: SNOW: WIND :SUNSHINE: SKY :PK WND
================================================================================
1 2 3 4 5 6A 6B 7 8 9 10 11 12 13 14 15 16 17 18
12Z AVG MX 2MIN
DY MAX MIN AVG DEP HDD CDD WTR SNW DPTH SPD SPD DIR MIN PSBL S-S WX SPD DR
================================================================================
1 87 64 76 7 0 11 0.00 0.0 M 4.3 12 70 M M 3 18 15 80
2 84 67 76 7 0 11 0.00 0.0 M 2.0 7 180 M M 4 128 11 190
3 85 64 75 7 0 10 0.04 0.0 M 1.9 10 190 M M 2 1 18 180
4 79 66 73 5 0 8 0.46 0.0 M 1.6 8 190 M M 7 12 15 200
5 76 67 72 4 0 7 1.76 0.0 M 4.5 10 50 M M 9 1 13 50
6 76 71 74 7 0 9 0.47 0.0 M 6.9 14 100 M M 9 1 19 110
7 79 70 75 8 0 10 1.45 0.0 M 4.4 9 90 M M 10 1 12 70
8 83 67 75 9 0 10 1.13 0.0 M 4.9 13 60 M M 6 1 17 90
9 84 65 75 9 0 10 0.00 0.0 M 3.9 12 20 M M 5 12 15 350
10 84 62 73 7 0 8 0.00 0.0 M 4.1 12 50 M M 1 16 50
11 82 63 73 8 0 8 0.00 0.0 M 4.9 10 90 M M 2 16 90
12 82 63 73 8 0 8 0.00 0.0 M 1.3 8 300 M M 6 1 12 290
13 86 59 73 8 0 8 0.00 0.0 M 0.9 6 160 M M 3 128 9 120
14 86 63 75 11 0 10 0.00 0.0 M 1.2 7 240 M M 0 12 11 250
15 88 63 76 12 0 11 0.00 0.0 M 1.7 8 240 M M 1 1 14 260
16 78 54 66 2 0 1 0.00 0.0 M 6.7 21 310 M M 2 33 320
17 73 45 59 -4 6 0 0.00 0.0 M 4.1 10 310 M M 0 18 290
18 76 42 59 -4 6 0 0.00 0.0 M 2.0 9 110 M M 0 14 110
19 79 45 62 0 3 0 0.00 0.0 M 1.3 7 230 M M 0 1 12 220
20 81 48 65 3 0 0 0.00 0.0 M 2.0 8 280 M M 0 1 14 190
21 77 52 65 3 0 0 0.11 0.0 M 2.0 9 220 M M 4 138 16 230
22 77 56 67 6 0 2 0.51 0.0 M 4.2 12 280 M M 2 13 19 250
23 77 50 64 3 1 0 0.00 0.0 M 2.1 10 80 M M 0 1 15 80
24 80 49 65 5 0 0 0.00 0.0 M 2.3 7 60 M M 0 1 10 120
25 81 57 69 9 0 4 0.00 0.0 M 4.3 18 300 M M 5 29 290
26 73 51 62 2 3 0 0.00 0.0 M 8.2 18 300 M M 0 28 290
27 72 40 56 -3 9 0 0.00 0.0 M 2.4 8 80 M M 0 11 40
28 58 49 54 -5 11 0 0.60 M M 6.6 15 80 M M 8 12 23 110
29 59 52 56 -3 9 0 0.04 0.0 M 4.0 10 220 M M 10 12 19 200
30 59 49 54 -4 11 0 0.04 M M 5.8 13 260 M M 8 22 270
31 70 42 56 -2 9 0 0.00 0.0 M 6.2 14 300 M M 1 22 310
================================================================================
SM 2411 1755 68 146 6.61 0.0 112.7 M 108
================================================================================
AV 77.8 56.6 3.6 FASTST M M 3 MAX(MPH)
MISC ----> 21 310 33 320
================================================================================
NOTES:
# LAST OF SEVERAL OCCURRENCES
COLUMN 17 PEAK WIND IN M.P.H.
PRELIMINARY LOCAL CLIMATOLOGICAL DATA (WS FORM: F-6) , PAGE 2
STATION: ATHENS
MONTH: OCTOBER
YEAR: 2021
LATITUDE: 33 57 N
LONGITUDE: 83 19 W
[TEMPERATURE DATA] [PRECIPITATION DATA] SYMBOLS USED IN COLUMN 16
AVERAGE MONTHLY: 67.2 TOTAL FOR MONTH: 6.61 1 = FOG OR MIST
DPTR FM NORMAL: 3.7 DPTR FM NORMAL: 3.27 2 = FOG REDUCING VISIBILITY
HIGHEST: 88 ON 15 GRTST 24HR 2.14 ON 4- 5 TO 1/4 MILE OR LESS
LOWEST: 40 ON 27 3 = THUNDER
SNOW, ICE PELLETS, HAIL 4 = ICE PELLETS
TOTAL MONTH: 0.0 INCH 5 = HAIL
GRTST 24HR 0.0 6 = FREEZING RAIN OR DRIZZLE
GRTST DEPTH: M ON M 7 = DUSTSTORM OR SANDSTORM:
VSBY 1/2 MILE OR LESS
8 = SMOKE OR HAZE
[NO. OF DAYS WITH] [WEATHER - DAYS WITH] 9 = BLOWING SNOW
X = TORNADO
MAX 32 OR BELOW: 0 0.01 INCH OR MORE: 11
MAX 90 OR ABOVE: 0 0.10 INCH OR MORE: 8
MIN 32 OR BELOW: 0 0.50 INCH OR MORE: 5
MIN 0 OR BELOW: 0 1.00 INCH OR MORE: 3
[HDD (BASE 65) ]
TOTAL THIS MO. 68 CLEAR (SCALE 0-3) 17
DPTR FM NORMAL -48 PTCLDY (SCALE 4-7) 9
TOTAL FM JUL 1 68 CLOUDY (SCALE 8-10) 5
DPTR FM NORMAL -55
[CDD (BASE 65) ]
TOTAL THIS MO. 146
DPTR FM NORMAL 77 [PRESSURE DATA]
TOTAL FM JAN 1 2133 HIGHEST SLP 30.30 ON 20
DPTR FM NORMAL 189 LOWEST SLP 29.47 ON 29
[REMARKS]
#FINAL-10-21#
HIGH TEMPERATURE FOR OCTOBER 30 WAS TAKEN FROM DANIELSVILLE COOP SITE.
LOW TEMPERATURES FOR OCTOBER 30 AND 31 WERE TAKEN FROM DANIELSVILLE COOP SITE DUE TO EQUIPMENT FAILURE.