759
CXUS52 KFFC 011010
CF6AHN
PRELIMINARY LOCAL CLIMATOLOGICAL DATA (WS FORM: F-6)
STATION: ATHENS
MONTH: JULY
YEAR: 2020
LATITUDE: 33 57 N
LONGITUDE: 83 19 W
TEMPERATURE IN F: :PCPN: SNOW: WIND :SUNSHINE: SKY :PK WND
================================================================================
1 2 3 4 5 6A 6B 7 8 9 10 11 12 13 14 15 16 17 18
12Z AVG MX 2MIN
DY MAX MIN AVG DEP HDD CDD WTR SNW DPTH SPD SPD DIR MIN PSBL S-S WX SPD DR
================================================================================
1 86 71 79 -1 0 14 T 0.0 M 4.9 15 300 M M 2 19 300
2 95 71 83 3 0 18 0.00 0.0 M 3.7 10 20 M M 1 13 20
3 95 70 83 3 0 18 0.00 0.0 M 2.3 10 60 M M 1 8 14 110
4 95 70 83 3 0 18 0.00 0.0 M 2.1 7 60 M M 4 11 250
5 94 72 83 3 0 18 0.00 0.0 M 4.6 13 90 M M 2 19 130
6 87 70 79 -1 0 14 1.26 0.0 M 5.8 17 160 M M 7 13 25 160
7 85 73 79 -1 0 14 0.11 M M 7.5 15 60 M M 8 1 19 70
8 91 72 82 2 0 17 0.00 M M 3.7 10 70 M M 3 13 60
9 92 73 83 2 0 18 0.00 M M 4.6 10 40 M M 2 18 220
10 95 72 84 3 0 19 0.04 0.0 M 2.8 20 270 M M 2 3 33 270
11 92 72 82 1 0 17 0.00 0.0 M 5.8 14 310 M M 0 21 310
12 93 67 80 -1 0 15 0.00 M M 2.7 9 260 M M 0 13 280
13 94 70 82 1 0 17 0.00 M M 3.6 10 310 M M 1 16 150
14 97 69 83 2 0 18 0.00 M M 1.8 10 10 M M 0 14 10
15 98 71 85 4 0 20 0.00 M M 4.1 9 160 M M 2 26 90
16 97 72 85 4 0 20 0.00 M M 3.0 9 260 M M 1 13 260
17 98 73 86 5 0 21 0.00 0.0 M 2.6 8 240 M M 2 12 250
18 97 74 86 5 0 21 T 0.0 M 3.1 15 20 M M 2 3 20 10
19 99 72 86 5 0 21 0.00 0.0 M 2.1 8 240 M M 1 14 230
20 102 72 87 6 0 22 0.00 0.0 M 1.9 9 110 M M 1 16 140
21 98 73 86 5 0 21 0.34 M M 2.3 17 170 M M 2 13 32 160
22 94 71 83 2 0 18 0.00 M M 2.5 12 110 M M 2 3 18 220
23 96 72 84 3 0 19 0.00 M M 1.7 12 200 M M 0 22 180
24 92 71 82 1 0 17 0.00 M M 2.9 17 50 M M 1 24 50
25 95 71 83 2 0 18 0.00 M M 1.8 12 170 M M 1 3 25 160
26 96 68 82 1 0 17 0.00 M M 1.6 9 80 M M 1 13 13 170
27 99 73 86 5 0 21 0.00 0.0 M 3.5 13 320 M M 1 3 22 320
28 97 73 85 4 0 20 0.00 M M 3.4 12 220 M M 2 3 23 200
29 94 74 84 3 0 19 0.00 0.0 M 4.9 10 240 M M 2 19 220
30 92 75 84 3 0 19 0.15 M M 3.9 14 240 M M 5 38 25 240
31 97 75 86 5 0 21 0.00 M M 5.0 10 230 M M 2 3 20 230
================================================================================
SM 2932 2222 0 570 1.90 0.0 106.2 M 61
================================================================================
AV 94.6 71.7 3.4 FASTST M M 2 MAX(MPH)
MISC ----> 20 270 33 270
================================================================================
NOTES:
# LAST OF SEVERAL OCCURRENCES
COLUMN 17 PEAK WIND IN M.P.H.
PRELIMINARY LOCAL CLIMATOLOGICAL DATA (WS FORM: F-6) , PAGE 2
STATION: ATHENS
MONTH: JULY
YEAR: 2020
LATITUDE: 33 57 N
LONGITUDE: 83 19 W
[TEMPERATURE DATA] [PRECIPITATION DATA] SYMBOLS USED IN COLUMN 16
AVERAGE MONTHLY: 83.1 TOTAL FOR MONTH: 1.90 1 = FOG OR MIST
DPTR FM NORMAL: 2.5 DPTR FM NORMAL: -2.57 2 = FOG REDUCING VISIBILITY
HIGHEST: 102 ON 20 GRTST 24HR 1.35 ON 6- 7 TO 1/4 MILE OR LESS
LOWEST: 67 ON 12 3 = THUNDER
SNOW, ICE PELLETS, HAIL 4 = ICE PELLETS
TOTAL MONTH: 0.0 INCH 5 = HAIL
GRTST 24HR 0.0 6 = FREEZING RAIN OR DRIZZLE
GRTST DEPTH: M ON M 7 = DUSTSTORM OR SANDSTORM:
VSBY 1/2 MILE OR LESS
8 = SMOKE OR HAZE
[NO. OF DAYS WITH] [WEATHER - DAYS WITH] 9 = BLOWING SNOW
X = TORNADO
MAX 32 OR BELOW: 0 0.01 INCH OR MORE: 5
MAX 90 OR ABOVE: 28 0.10 INCH OR MORE: 4
MIN 32 OR BELOW: 0 0.50 INCH OR MORE: 1
MIN 0 OR BELOW: 0 1.00 INCH OR MORE: 1
[HDD (BASE 65) ]
TOTAL THIS MO. 0 CLEAR (SCALE 0-3) 26
DPTR FM NORMAL 0 PTCLDY (SCALE 4-7) 4
TOTAL FM JUL 1 0 CLOUDY (SCALE 8-10) 1
DPTR FM NORMAL 0
[CDD (BASE 65) ]
TOTAL THIS MO. 570
DPTR FM NORMAL 86 [PRESSURE DATA]
TOTAL FM JAN 1 1237 HIGHEST SLP 30.22 ON 17
DPTR FM NORMAL 135 LOWEST SLP 29.75 ON 12
[REMARKS]
#FINAL-07-20#