000
CXUS53 KGRB 010754
CF6AIG
PRELIMINARY LOCAL CLIMATOLOGICAL DATA (WS FORM: F-6)
STATION: ANTIGO AWOS
MONTH: OCTOBER
YEAR: 2023
LATITUDE: 45 9 N
LONGITUDE: 89 8 W
TEMPERATURE IN F: :PCPN: SNOW: WIND :SUNSHINE: SKY :PK WND
================================================================================
1 2 3 4 5 6A 6B 7 8 9 10 11 12 13 14 15 16 17 18
12Z AVG MX 2MIN
DY MAX MIN AVG DEP HDD CDD WTR SNW DPTH SPD SPD DIR MIN PSBL S-S WX SPD DR
================================================================================
1 82 58 70 20 0 5 0.01 M M 6.5 12 120 M M 3 12 18 200
2 80 52 66 17 0 1 M M M 6.6 14 200 M M 0 17 220
3 79 54 67 18 0 2 M M M 8.5 18 190 M M 1 24 200
4 73 58 66 18 0 1 M M M 11.0 20 220 M M 6 31 220
5 65 41 53 5 12 0 0.01 M M 8.4 17 200 M M 4 1 24 230
6 53 39 46 -2 19 0 0.07 M M 11.7 16 270 M M 8 25 280
7 52 32 42 -5 23 0 M M M 8.8 17 330 M M 2 25 330
8 49 30 40 -7 25 0 M M M 4.2 9 350 M M 6 20 330
9 47 31 39 -7 26 0 M M M 10.5 16 330 M M 6 25 300
10 47 38 43 -3 22 0 M M M 6.1 10 300 M M 10 1 M M
11 53 30 42 -4 23 0 M M M 1.3 7 50 M M 7 1 M M
12 54 31 43 -2 22 0 M M M 8.2 16 60 M M 4 21 90
13 46 41 44 -1 21 0 0.35 M M 14.4 20 40 M M 10 27 90
14 52 41 47 2 18 0 M M M 14.0 21 10 M M 8 25 30
15 52 37 45 1 20 0 M M M 12.0 17 360 M M 7 23 340
16 54 33 44 0 21 0 M M M 5.9 10 10 M M 2 M M
17 56 29 43 -1 22 0 M M M 2.6 6 160 M M 4 1 M M
18 61 39 50 7 15 0 M M M 8.0 18 160 M M 6 25 160
19 54 40 47 4 18 0 0.31 M M 4.1 10 320 M M 9 M M
20 54 33 44 1 21 0 M M M 9.4 17 340 M M 4 24 340
21 40 32 36 -6 29 0 0.24 M M 7.1 16 360 M M 8 24 340
22 47 26 37 -5 28 0 M M M 1.0 6 280 M M 4 1 M M
23 48 32 40 -2 25 0 0.04 M M 5.6 10 120 M M 8 M M
24 59 45 52 11 13 0 1.89 M M 5.7 13 250 M M 9 1 26 250
25 58 48 53 12 12 0 0.18 M M 7.1 14 230 M M 10 1 16 230
26 53 45 49 9 16 0 0.35 M M 5.3 12 90 M M 10 1 16 100
27 58 36 47 7 18 0 0.02 M M 10.2 18 280 M M 10 1 29 280
28 36 32 34 -6 31 0 M M M 6.9 14 290 M M 10 22 290
29 36 26 31 -8 34 0 M M M 5.7 9 300 M M 5 M M
30 31 20 26 -13 39 0 M M M 9.7 17 290 M M 4 26 300
31 35 22 29 -9 36 0 M M M 9.1 16 350 M M 6 21 360
================================================================================
SM 1664 1151 609 9 3.47 M 235.6 M 191
================================================================================
AV 53.7 37.1 7.6 FASTST M M 6 MAX(MPH)
MISC ----> 21 10 31 220
================================================================================
NOTES:
# LAST OF SEVERAL OCCURRENCES
COLUMN 17 PEAK WIND IN M.P.H.
PRELIMINARY LOCAL CLIMATOLOGICAL DATA (WS FORM: F-6) , PAGE 2
STATION: ANTIGO AWOS
MONTH: OCTOBER
YEAR: 2023
LATITUDE: 45 9 N
LONGITUDE: 89 8 W
[TEMPERATURE DATA] [PRECIPITATION DATA] SYMBOLS USED IN COLUMN 16
AVERAGE MONTHLY: 45.4 TOTAL FOR MONTH: 3.47 1 = FOG OR MIST
DPTR FM NORMAL: 1.5 DPTR FM NORMAL: 0.37 2 = FOG REDUCING VISIBILITY
HIGHEST: 82 ON 1 GRTST 24HR 1.89 ON 24-24 TO 1/4 MILE OR LESS
LOWEST: 20 ON 30 3 = THUNDER
SNOW, ICE PELLETS, HAIL 4 = ICE PELLETS
TOTAL MONTH: M 5 = HAIL
GRTST 24HR M ON M 6 = FREEZING RAIN OR DRIZZLE
GRTST DEPTH: M ON M 7 = DUSTSTORM OR SANDSTORM:
VSBY 1/2 MILE OR LESS
8 = SMOKE OR HAZE
[NO. OF DAYS WITH] [WEATHER - DAYS WITH] 9 = BLOWING SNOW
X = TORNADO
MAX 32 OR BELOW: 1 0.01 INCH OR MORE: 11
MAX 90 OR ABOVE: 0 0.10 INCH OR MORE: 6
MIN 32 OR BELOW: 13 0.50 INCH OR MORE: 1
MIN 0 OR BELOW: 0 1.00 INCH OR MORE: 1
[HDD (BASE 65) ]
TOTAL THIS MO. 609 CLEAR (SCALE 0-3) 5
DPTR FM NORMAL -45 PTCLDY (SCALE 4-7) 15
TOTAL FM JUL 1 908 CLOUDY (SCALE 8-10) 11
DPTR FM NORMAL -156
[CDD (BASE 65) ]
TOTAL THIS MO. 9
DPTR FM NORMAL 7 [PRESSURE DATA]
TOTAL FM JAN 1 275 HIGHEST SLP M ON M
DPTR FM NORMAL 15 LOWEST SLP M ON M
[REMARKS]
#FINAL-10-23#