091
CXAK56 PAFC 141602
CF6AKN
PRELIMINARY LOCAL CLIMATOLOGICAL DATA (WS FORM: F-6)
STATION: KING SALMON
MONTH: OCTOBER
YEAR: 2020
LATITUDE: 58 41 N
LONGITUDE: 156 39 W
TEMPERATURE IN F: :PCPN: SNOW: WIND :SUNSHINE: SKY :PK WND
================================================================================
1 2 3 4 5 6A 6B 7 8 9 10 11 12 13 14 15 16 17 18
12Z AVG MX 2MIN
DY MAX MIN AVG DEP HDD CDD WTR SNW DPTH SPD SPD DIR MIN PSBL S-S WX SPD DR
================================================================================
1 56 48 52 11 13 0 0.05 M M 14.0 28 80 M M 9 1 37 90
2 62 48 55 15 10 0 0.19 M M 10.3 23 80 M M 8 1 30 60
3 52 37 45 5 20 0 0.05 M M 10.8 22 160 M M 9 1 29 170
4 54 33 44 5 21 0 0.00 M M 6.3 14 290 M M 3 19 290
5 57 30 44 5 21 0 0.00 M M 4.8 14 270 M M 5 12 19 280
6 51 34 43 5 22 0 0.01 M M 5.4 14 230 M M 8 1 19 240
7 50 38 44 6 21 0 0.30 M M 13.0 26 140 M M 10 1 36 150
8 49 43 46 9 19 0 0.25 M M 5.7 13 120 M M 10 1 18 120
9 51 33 42 5 23 0 0.01 M M 2.4 8 150 M M 7 1 10 340
10 48 31 40 4 25 0 0.06 M M 6.9 16 240 M M 7 1 23 240
11 47 23 35 -1 30 0 0.04 M M 3.0 8 200 M M 4 1 10 210
12 49 27 38 3 27 0 0.01 M M 5.2 12 20 M M 5 1 15 30
13 51 26 39 4 26 0 0.00 M M 6.0 13 340 M M 0 17 340
14 42 24 33 -1 32 0 T M M 7.7 17 10 M M 6 23 360
15 40 18 29 -5 36 0 0.00 M M 5.0 13 350 M M 0 18 360
16 45 13 29 -4 36 0 0.00 M M 3.0 9 350 M M 0 11 350
17 41 19 30 -3 35 0 0.21 M M 2.3 12 160 M M 6 1 16 120
18 47 30 39 7 26 0 T M M 3.3 7 160 M M 7 12 M M
19 47 32 40 8 25 0 0.05 M M 6.5 16 270 M M 6 1 20 260
20 44 25 35 4 30 0 0.00 M M 6.1 13 350 M M 2 16 360
21 45 22 34 3 31 0 0.00 M M 9.1 18 60 M M 2 28 80
22 48 38 43 13 22 0 0.10 M M 19.8 30 90 M M 7 46 110
23 50 40 45 15 20 0 0.11 M M 17.4 28 100 M M 8 37 100
24 52 38 45 15 20 0 0.00 M M 13.1 29 160 M M 7 38 160
25 45 32 39 10 26 0 0.53 M M 8.9 17 10 M M 10 1 27 10
26 47 29 38 9 27 0 0.06 M M 10.6 22 290 M M 6 1 29 280
27 41 28 35 7 30 0 0.00 M M 2.5 10 210 M M 8 1 14 210
28 35 25 30 2 35 0 T M M 5.8 12 20 M M 9 15 10
29 30 19 25 -3 40 0 0.00 M M 5.7 15 10 M M 9 20 10
30 34 15 25 -2 40 0 0.00 M M 14.9 26 30 M M 1 36 40
31 28 9 19 -8 46 0 0.00 M M 10.3 17 10 M M 0 23 360
================================================================================
SM 1438 907 835 0 2.03 M 245.8 M 179
================================================================================
AV 46.4 29.3 7.9 FASTST M M 6 MAX(MPH)
MISC ----> 30 90 46 110
================================================================================
NOTES:
# LAST OF SEVERAL OCCURRENCES
COLUMN 17 PEAK WIND IN M.P.H.
PRELIMINARY LOCAL CLIMATOLOGICAL DATA (WS FORM: F-6) , PAGE 2
STATION: KING SALMON
MONTH: OCTOBER
YEAR: 2020
LATITUDE: 58 41 N
LONGITUDE: 156 39 W
[TEMPERATURE DATA] [PRECIPITATION DATA] SYMBOLS USED IN COLUMN 16
AVERAGE MONTHLY: 37.8 TOTAL FOR MONTH: 2.03 1 = FOG OR MIST
DPTR FM NORMAL: 4.3 DPTR FM NORMAL: -0.05 2 = FOG REDUCING VISIBILITY
HIGHEST: 62 ON 2 GRTST 24HR 0.54 ON 25-26 TO 1/4 MILE OR LESS
LOWEST: 9 ON 31 3 = THUNDER
SNOW, ICE PELLETS, HAIL 4 = ICE PELLETS
TOTAL MONTH: M 5 = HAIL
GRTST 24HR M ON M 6 = FREEZING RAIN OR DRIZZLE
GRTST DEPTH: M ON M 7 = DUSTSTORM OR SANDSTORM:
VSBY 1/2 MILE OR LESS
8 = SMOKE OR HAZE
[NO. OF DAYS WITH] [WEATHER - DAYS WITH] 9 = BLOWING SNOW
X = TORNADO
MAX 32 OR BELOW: 2 0.01 INCH OR MORE: 16
MAX 90 OR ABOVE: 0 0.10 INCH OR MORE: 7
MIN 32 OR BELOW: 20 0.50 INCH OR MORE: 1
MIN 0 OR BELOW: 0 1.00 INCH OR MORE: 0
[HDD (BASE 65) ]
TOTAL THIS MO. 835 CLEAR (SCALE 0-3) 7
DPTR FM NORMAL -141 PTCLDY (SCALE 4-7) 17
TOTAL FM JUL 1 1864 CLOUDY (SCALE 8-10) 7
DPTR FM NORMAL -251
[CDD (BASE 65) ]
TOTAL THIS MO. 0
DPTR FM NORMAL 0 [PRESSURE DATA]
TOTAL FM JAN 1 1 HIGHEST SLP 30.59 ON 20
DPTR FM NORMAL 0 LOWEST SLP 28.86 ON 2
[REMARKS]
#FINAL-10-20#