000
CXUS55 KPUB 011450
CF6ALS
PRELIMINARY LOCAL CLIMATOLOGICAL DATA (WS FORM: F-6)
STATION: ALAMOSA CO
MONTH: SEPTEMBER
YEAR: 2023
LATITUDE: 37 27 N
LONGITUDE: 105 52 W
TEMPERATURE IN F: :PCPN: SNOW: WIND :SUNSHINE: SKY :PK WND
================================================================================
1 2 3 4 5 6A 6B 7 8 9 10 11 12 13 14 15 16 17 18
12Z AVG MX 2MIN
DY MAX MIN AVG DEP HDD CDD WTR SNW DPTH SPD SPD DIR MIN PSBL S-S WX SPD DR
================================================================================
1 87 43 65 5 0 0 0.00 0.0 0 8.1 23 180 M M 0 31 180
2 86 44 65 5 0 0 0.00 0.0 0 6.3 13 220 M M 0 17 230
3 85 47 66 6 0 1 T 0.0 0 7.1 24 140 M M 3 3 33 140
4 80 41 61 1 4 0 0.00 0.0 0 13.2 28 250 M M 0 37 250
5 82 37 60 1 5 0 0.00 0.0 0 7.4 21 210 M M 1 28 200
6 86 37 62 3 3 0 0.00 0.0 0 7.5 22 250 M M 0 29 250
7 87 33 60 1 5 0 0.00 0.0 0 5.5 20 220 M M 0 8 28 210
8 84 33 59 1 6 0 0.00 0.0 0 3.6 12 200 M M 0 17 110
9 83 36 60 2 5 0 0.00 0.0 0 4.7 15 350 M M 0 19 350
10 79 38 59 1 6 0 T 0.0 0 7.9 32 320 M M 3 38 49 330
11 68 50 59 1 6 0 0.25 0.0 0 7.5 21 40 M M 7 1 31 40
12 62 47 55 -2 10 0 0.11 0.0 0 5.7 21 190 M M 7 13 30 280
13 70 42 56 -1 9 0 0.36 0.0 0 4.3 21 340 M M 6 123 28 350
14 70 37 54 -3 11 0 0.05 0.0 0 3.0 22 180 M M 5 123 27 170
15 63 47 55 -1 10 0 0.07 0.0 0 7.3 22 10 M M 9 13 30 360
16 68 40 54 -2 11 0 0.00 0.0 0 3.3 9 120 M M 3 12 360
17 72 33 53 -3 12 0 0.00 0.0 0 3.4 9 210 M M 3 15 250
18 73 37 55 0 10 0 0.04 0.0 0 6.2 32 310 M M 2 13 43 310
19 69 36 53 -2 12 0 0.00 0.0 0 6.9 31 270 M M 1 42 270
20 73 30 52 -2 13 0 0.00 0.0 0 7.0 29 230 M M 2 36 230
21 74 38 56 2 9 0 0.01 0.0 0 10.1 24 220 M M 1 36 220
22 75 38 57 3 8 0 0.00 0.0 0 12.8 30 240 M M 0 43 230
23 73 37 55 2 10 0 0.00 0.0 0 5.8 18 230 M M 1 24 230
24 72 34 53 0 12 0 0.00 0.0 0 4.0 12 130 M M 2 15 200
25 75 31 53 1 12 0 0.00 0.0 0 3.9 12 140 M M 0 17 140
26 77 33 55 3 10 0 0.00 0.0 0 4.6 13 130 M M 0 18 160
27 77 33 55 3 10 0 0.00 0.0 0 4.4 13 190 M M 0 20 130
28 80 27 54 3 11 0 0.00 0.0 0 5.4 23 210 M M 0 31 220
29 79 30 55 4 10 0 0.00 0.0 0 6.9 22 200 M M 0 32 220
30 80 31 56 6 9 0 0.03 0.0 0 9.2 32 200 M M 2 3 45 200
================================================================================
SM 2289 1120 239 1 0.92 0.0 193.0 M 58
================================================================================
AV 76.3 37.3 6.4 FASTST M M 2 MAX(MPH)
MISC ----> #32 200 49 330
================================================================================
NOTES:
# LAST OF SEVERAL OCCURRENCES
COLUMN 17 PEAK WIND IN M.P.H.
PRELIMINARY LOCAL CLIMATOLOGICAL DATA (WS FORM: F-6) , PAGE 2
STATION: ALAMOSA CO
MONTH: SEPTEMBER
YEAR: 2023
LATITUDE: 37 27 N
LONGITUDE: 105 52 W
[TEMPERATURE DATA] [PRECIPITATION DATA] SYMBOLS USED IN COLUMN 16
AVERAGE MONTHLY: 56.8 TOTAL FOR MONTH: 0.92 1 = FOG OR MIST
DPTR FM NORMAL: 0.9 DPTR FM NORMAL: -0.06 2 = FOG REDUCING VISIBILITY
HIGHEST: 87 ON 1,7 GRTST 24HR 0.36 ON 13 TO 1/4 MILE OR LESS
LOWEST: 27 ON 28 3 = THUNDER
SNOW, ICE PELLETS, HAIL 4 = ICE PELLETS
TOTAL MONTH: 0.0 INCH 5 = HAIL
GRTST 24HR 0.0 6 = FREEZING RAIN OR DRIZZLE
GRTST DEPTH: 0 7 = DUSTSTORM OR SANDSTORM:
VSBY 1/2 MILE OR LESS
8 = SMOKE OR HAZE
[NO. OF DAYS WITH] [WEATHER - DAYS WITH] 9 = BLOWING SNOW
X = TORNADO
MAX 32 OR BELOW: 0 0.01 INCH OR MORE: 8
MAX 90 OR ABOVE: 0 0.10 INCH OR MORE: 3
MIN 32 OR BELOW: 5 0.50 INCH OR MORE: 0
MIN 0 OR BELOW: 0 1.00 INCH OR MORE: 0
[HDD (BASE 65) ]
TOTAL THIS MO. 239 CLEAR (SCALE 0-3) 25
DPTR FM NORMAL -36 PTCLDY (SCALE 4-7) 4
TOTAL FM JUL 1 252 CLOUDY (SCALE 8-10) 1
DPTR FM NORMAL -129
[CDD (BASE 65) ]
TOTAL THIS MO. 1
DPTR FM NORMAL 0 [PRESSURE DATA]
TOTAL FM JAN 1 161 HIGHEST SLP 30.33 ON 17
DPTR FM NORMAL 90 LOWEST SLP 29.74 ON 4
[REMARKS]
#FINAL-09-23#