000
CXUS55 KPUB 011827
CLSALS
ALSCLSALS 000
TTAA00 PUB 011819
CLIMATE REPORT
NATIONAL WEATHER SERVICE
1218 PM MDT WED SEP 01 2021
...................................
...THE ALAMOSA CO CLIMATE SUMMARY FOR THE SEASON, FROM
6/1/2021 TO 8/31/2021...
CLIMATE NORMAL PERIOD 1991 TO 2020
CLIMATE RECORD PERIOD 1932 TO 2021
WEATHER OBSERVED NORMAL DEPART LAST YEAR`S
VALUE DATE(S) VALUE FROM VALUE DATE(S)
NORMAL
................................................................
TEMPERATURE (F)
RECORD
HIGH 96 07/05/1989
LOW 23 06/03/1936
HIGHEST 94 06/16 93 07/11
07/10
LOWEST 33 08/25 28 06/10
07/01
AVG. MAXIMUM 84.0 81.4 2.6 84.2
AVG. MINIMUM 46.3 44.7 1.6 44.2
MEAN 65.1 63.0 2.1 64.3
DAYS MAX >= 90 10 3.8 6.2
DAYS MAX <= 32 0 0.0 0.0
DAYS MIN <= 32 0 2.3 -2.3
DAYS MIN <= 0 0 0.0 0.0
PRECIPITATION (INCHES)
RECORD
MAXIMUM 6.04 2001
MINIMUM 0.75 1980
TOTALS 2.13 2.76 -0.63 2.08
DAILY AVG. 0.02 0.03 -0.01
DAYS >= .01 20 22.4 -2.4
DAYS >= .10 7 7.9 -0.9
DAYS >= .50 0 1.1 -1.1
DAYS >= 1.00 0 0.2 -0.2
GREATEST
24 HR. TOTAL 0.51 07/04 TO 07/05
SNOWFALL (INCHES)
RECORDS
TOTAL 1.2 1950
TOTALS 0.0 MM MM T
SINCE 7/1 0.0 MM MM MM
SNOWDEPTH AVG. 0
DAYS >= 1.0 0 MM MM
GREATEST
SNOW DEPTH 0 0
24 HR TOTAL 0.0 T
DEGREE DAYS
HEATING TOTAL 118 252 -134 131
SINCE 7/1 32 107 -75 MM
COOLING TOTAL 155 70 85 90
SINCE 1/1 155 70 85 MM
................................................................
WIND (MPH)
AVERAGE WIND SPEED 6.7
HIGHEST WIND SPEED/DIRECTION 33/080 DATE 06/05
HIGHEST GUST SPEED/DIRECTION 51/080 DATE 06/05
SKY COVER
POSSIBLE SUNSHINE (PERCENT) MM
AVERAGE SKY COVER 0.17
NUMBER OF DAYS FAIR 79
NUMBER OF DAYS PC 12
NUMBER OF DAYS CLOUDY 1
AVERAGE RH (PERCENT) 54
WEATHER CONDITIONS. NUMBER OF DAYS WITH
THUNDERSTORM 25 MIXED PRECIP 0
HEAVY RAIN 7 RAIN 13
LIGHT RAIN 37 FREEZING RAIN 0
LT FREEZING RAIN 0 HAIL 0
HEAVY SNOW 0 SNOW 0
LIGHT SNOW 0 SLEET 0
FOG 12 FOG W/VIS <= 1/4 MILE 7
HAZE 4
- INDICATES NEGATIVE NUMBERS.
R INDICATES RECORD WAS SET OR TIED.
MM INDICATES DATA IS MISSING.
T INDICATES TRACE AMOUNT.
$$