000
CXUS54 KAMA 010710
CF6AMA
PRELIMINARY LOCAL CLIMATOLOGICAL DATA (WS FORM: F-6)
STATION: AMARILLO
MONTH: OCTOBER
YEAR: 2021
LATITUDE: 35 13 N
LONGITUDE: 101 42 W
TEMPERATURE IN F: :PCPN: SNOW: WIND :SUNSHINE: SKY :PK WND
================================================================================
1 2 3 4 5 6A 6B 7 8 9 10 11 12 13 14 15 16 17 18
12Z AVG MX 2MIN
DY MAX MIN AVG DEP HDD CDD WTR SNW DPTH SPD SPD DIR MIN PSBL S-S WX SPD DR
================================================================================
1 66 53 60 -5 5 0 0.52 0.0 0 6.5 20 30 M M 8 1 24 40
2 75 50 63 -2 2 0 0.00 0.0 0 7.6 18 340 M M 5 1 26 330
3 82 48 65 1 0 0 0.00 0.0 0 5.4 14 280 M M 0 1 19 260
4 87 51 69 5 0 4 0.00 0.0 0 5.4 13 50 M M 0 16 250
5 79 50 65 1 0 0 0.00 0.0 0 9.2 18 120 M M 0 26 120
6 80 48 64 1 1 0 0.00 0.0 0 12.6 22 190 M M 0 28 180
7 91 56 74 11 0 9 0.00 0.0 0 11.7 18 220 M M 0 27 210
8 92 56 74 12 0 9 0.00 0.0 0 10.9 21 190 M M 0 28 220
9 96 58 77 15 0 12 0.00 0.0 0 15.7 30 240 M M 0 41 200
10 71 47 59 -3 6 0 0.10 0.0 0 16.3 31 360 M M 5 13 39 350
11 78 41 60 -1 5 0 0.00 0.0 0 13.0 25 180 M M 0 35 200
12 86 50 68 7 0 3 0.03 0.0 0 19.7 41 200 M M 1 3 63 210
13 76 42 59 -1 6 0 0.00 0.0 0 14.1 25 230 M M 0 35 230
14 74 39 57 -3 8 0 0.00 0.0 0 9.4 15 350 M M 0 19 350
15 62 36 49 -11 16 0 0.00 0.0 0 12.8 21 360 M M 0 8 30 350
16 71 35 53 -6 12 0 0.00 0.0 0 10.4 18 230 M M 0 25 220
17 74 41 58 -1 7 0 0.00 0.0 0 15.7 25 200 M M 0 36 180
18 77 47 62 4 3 0 0.00 0.0 0 16.1 28 160 M M 0 37 150
19 85 52 69 11 0 4 0.00 0.0 0 15.1 31 200 M M 0 39 210
20 72 43 58 0 7 0 0.00 0.0 0 9.9 29 340 M M 0 39 330
21 78 41 60 3 5 0 0.00 0.0 0 11.9 22 190 M M 1 32 170
22 82 49 66 9 0 1 0.00 0.0 0 12.7 22 210 M M 2 1 28 200
23 90 57 74 18 0 9 0.00 0.0 0 16.2 35 220 M M 1 8 47 240
24 78 51 65 9 0 0 0.00 0.0 0 11.3 20 360 M M 0 27 290
25 84 49 67 11 0 2 0.00 0.0 0 15.8 26 170 M M 0 40 170
26 90 57 74 19 0 9 0.00 0.0 0 20.1 36 210 M M 1 48 200
27 65 48 57 2 8 0 0.00 0.0 0 22.1 41 340 M M 4 78 63 330
28 64 45 55 1 10 0 0.00 0.0 0 21.0 38 330 M M 0 53 360
29 72 38 55 1 10 0 0.00 0.0 0 9.9 20 350 M M 0 29 300
30 83 40 62 8 3 0 0.00 0.0 0 10.4 15 20 M M 0 20 350
31 62 40 51 -2 14 0 0.00 0.0 0 14.1 25 20 M M 2 35 20
================================================================================
SM 2422 1458 128 62 0.65 0.0 403.0 M 30
================================================================================
AV 78.1 47.0 13.0 FASTST M M 1 MAX(MPH)
MISC ----> # 41 200 # 63 210
================================================================================
NOTES:
# LAST OF SEVERAL OCCURRENCES
COLUMN 17 PEAK WIND IN M.P.H.
PRELIMINARY LOCAL CLIMATOLOGICAL DATA (WS FORM: F-6) , PAGE 2
STATION: AMARILLO
MONTH: OCTOBER
YEAR: 2021
LATITUDE: 35 13 N
LONGITUDE: 101 42 W
[TEMPERATURE DATA] [PRECIPITATION DATA] SYMBOLS USED IN COLUMN 16
AVERAGE MONTHLY: 62.6 TOTAL FOR MONTH: 0.65 1 = FOG OR MIST
DPTR FM NORMAL: 3.4 DPTR FM NORMAL: -1.10 2 = FOG REDUCING VISIBILITY
HIGHEST: 96 ON 9 GRTST 24HR 0.55 ON 30- 1 TO 1/4 MILE OR LESS
LOWEST: 35 ON 16 3 = THUNDER
SNOW, ICE PELLETS, HAIL 4 = ICE PELLETS
TOTAL MONTH: 0.0 INCH 5 = HAIL
GRTST 24HR 0.0 6 = FREEZING RAIN OR DRIZZLE
GRTST DEPTH: 0 7 = DUSTSTORM OR SANDSTORM:
VSBY 1/2 MILE OR LESS
8 = SMOKE OR HAZE
[NO. OF DAYS WITH] [WEATHER - DAYS WITH] 9 = BLOWING SNOW
X = TORNADO
MAX 32 OR BELOW: 0 0.01 INCH OR MORE: 3
MAX 90 OR ABOVE: 5 0.10 INCH OR MORE: 2
MIN 32 OR BELOW: 0 0.50 INCH OR MORE: 1
MIN 0 OR BELOW: 0 1.00 INCH OR MORE: 0
[HDD (BASE 65) ]
TOTAL THIS MO. 128 CLEAR (SCALE 0-3) 27
DPTR FM NORMAL -91 PTCLDY (SCALE 4-7) 4
TOTAL FM JUL 1 137 CLOUDY (SCALE 8-10) 0
DPTR FM NORMAL -114
[CDD (BASE 65) ]
TOTAL THIS MO. 62
DPTR FM NORMAL 23 [PRESSURE DATA]
TOTAL FM JAN 1 1663 HIGHEST SLP M ON M
DPTR FM NORMAL 58 LOWEST SLP 29.35 ON 26
[REMARKS]
#FINAL-10-21#