000
CXUS53 KDMX 020240
CF6AMW
PRELIMINARY LOCAL CLIMATOLOGICAL DATA (WS FORM: F-6)
STATION: AMES IA
MONTH: FEBRUARY
YEAR: 2024
LATITUDE: 41 59 N
LONGITUDE: 93 37 W
TEMPERATURE IN F: :PCPN: SNOW: WIND :SUNSHINE: SKY :PK WND
================================================================================
1 2 3 4 5 6A 6B 7 8 9 10 11 12 13 14 15 16 17 18
12Z AVG MX 2MIN
DY MAX MIN AVG DEP HDD CDD WTR SNW DPTH SPD SPD DIR MIN PSBL S-S WX SPD DR
================================================================================
1 57 28 43 23 22 0 0.00 0.0 M 3.4 12 80 M M 1 12 16 80
2 39 33 36 15 29 0 0.00 0.0 M 12.2 21 100 M M 6 1 30 100
3 41 35 38 17 27 0 0.00 0.0 M 11.9 20 110 M M 9 18 27 100
4 49 30 40 19 25 0 0.00 0.0 M 7.7 15 40 M M 1 18 20 30
5 57 26 42 21 23 0 0.00 0.0 M 2.7 9 320 M M 0 11 300
6 56 21 39 17 26 0 0.00 0.0 M 4.1 15 190 M M 0 18 20 180
7 58 34 46 24 19 0 0.00 0.0 M 12.4 21 160 M M 0 29 140
8 62 33 48 26 17 0 T 0.0 M 17.7 33 220 M M 4 44 270
9 45 31 38 16 27 0 0.00 0.0 M 11.8 20 310 M M 7 28 290
10 40 23 32 9 33 0 0.00 0.0 M 10.0 22 330 M M 5 28 330
11 40 24 32 9 33 0 0.00 0.0 M 5.7 12 270 M M 6 14 240
12 51 20 36 13 29 0 0.00 0.0 M 6.8 16 330 M M 0 22 350
13 48 28 38 14 27 0 0.00 0.0 M 1.5 8 130 M M 7 13 130
14 56 22 39 15 26 0 T 0.0 M 8.9 21 150 M M 4 27 140
15 41 25 33 9 32 0 0.03 M M 14.5 30 340 M M 5 18 41 340
16 28 10 19 -6 46 0 M M M 12.4 22 350 M M 9 18 30 330
17 29 6 18 -7 47 0 0.00 0.0 M 15.5 25 250 M M 0 32 240
18 44 22 33 8 32 0 0.00 0.0 M 8.2 20 260 M M 0 25 250
19 56 17 37 11 28 0 0.00 0.0 M 5.9 18 160 M M 0 18 30 180
20 64 25 45 19 20 0 0.00 0.0 M 7.2 15 210 M M 0 21 170
21 64 33 49 23 16 0 0.00 0.0 M 6.4 18 230 M M 1 25 230
22 65 36 51 24 14 0 T 0.0 M 8.9 22 340 M M 2 31 320
23 54 28 41 14 24 0 0.00 0.0 M 13.8 29 320 M M 3 39 310
24 51 17 34 6 31 0 0.00 0.0 M 8.6 22 190 M M 2 30 170
25 67 25 46 18 19 0 0.00 0.0 M 4.9 12 10 M M 0 22 330
26 78 29 54 25 11 0 0.00 0.0 M 11.5 29 220 M M 0 38 240
27 61 14 38 9 27 0 T M M 19.6 35 330 M M 3 49 330
28 31 7 19 -11 46 0 0.00 0.0 M 14.1 35 320 M M 1 47 320
29 58 14 36 6 29 0 0.00 0.0 M 14.6 30 190 M M 0 44 180
================================================================================
SM 1490 696 785 0 0.03 0.0 282.9 M 76
================================================================================
AV 51.4 24.0 9.8 FASTST M M 3 MAX(MPH)
MISC ----> # 35 330 49 330
================================================================================
NOTES:
# LAST OF SEVERAL OCCURRENCES
COLUMN 17 PEAK WIND IN M.P.H.
PRELIMINARY LOCAL CLIMATOLOGICAL DATA (WS FORM: F-6) , PAGE 2
STATION: AMES IA
MONTH: FEBRUARY
YEAR: 2024
LATITUDE: 41 59 N
LONGITUDE: 93 37 W
[TEMPERATURE DATA] [PRECIPITATION DATA] SYMBOLS USED IN COLUMN 16
AVERAGE MONTHLY: 37.7 TOTAL FOR MONTH: 0.03 1 = FOG OR MIST
DPTR FM NORMAL: 13.3 DPTR FM NORMAL: -0.75 2 = FOG REDUCING VISIBILITY
HIGHEST: 78 ON 26 GRTST 24HR 0.06 ON 15-16 TO 1/4 MILE OR LESS
LOWEST: 6 ON 17 3 = THUNDER
SNOW, ICE PELLETS, HAIL 4 = ICE PELLETS
TOTAL MONTH: 0.0 INCH 5 = HAIL
GRTST 24HR 0.0 6 = FREEZING RAIN OR DRIZZLE
GRTST DEPTH: M ON M 7 = DUSTSTORM OR SANDSTORM:
VSBY 1/2 MILE OR LESS
8 = SMOKE OR HAZE
[NO. OF DAYS WITH] [WEATHER - DAYS WITH] 9 = BLOWING SNOW
X = TORNADO
MAX 32 OR BELOW: 3 0.01 INCH OR MORE: 1
MAX 90 OR ABOVE: 0 0.10 INCH OR MORE: 0
MIN 32 OR BELOW: 23 0.50 INCH OR MORE: 0
MIN 0 OR BELOW: 0 1.00 INCH OR MORE: 0
[HDD (BASE 65) ]
TOTAL THIS MO. 785 CLEAR (SCALE 0-3) 17
DPTR FM NORMAL -352 PTCLDY (SCALE 4-7) 10
TOTAL FM JUL 1 4121 CLOUDY (SCALE 8-10) 2
DPTR FM NORMAL -1149
[CDD (BASE 65) ]
TOTAL THIS MO. 0
DPTR FM NORMAL 0 [PRESSURE DATA]
TOTAL FM JAN 1 0 HIGHEST SLP 30.40 ON 17
DPTR FM NORMAL 0 LOWEST SLP 29.28 ON 27
[REMARKS]
#FINAL-02-24#