000
CXUS54 KBMX 011110
CF6ANB
PRELIMINARY LOCAL CLIMATOLOGICAL DATA (WS FORM: F-6)
STATION: ANNISTON
MONTH: FEBRUARY
YEAR: 2024
LATITUDE: 33 35 N
LONGITUDE: 85 51 W
TEMPERATURE IN F: :PCPN: SNOW: WIND :SUNSHINE: SKY :PK WND
================================================================================
1 2 3 4 5 6A 6B 7 8 9 10 11 12 13 14 15 16 17 18
12Z AVG MX 2MIN
DY MAX MIN AVG DEP HDD CDD WTR SNW DPTH SPD SPD DIR MIN PSBL S-S WX SPD DR
================================================================================
1 61 27 44 -1 21 0 0.00 0.0 0 1.2 8 250 M M 0 1 11 230
2 70 33 52 6 13 0 0.00 0.0 0 1.0 10 20 M M 0 17 50
3 66 37 52 6 13 0 0.00 0.0 0 6.9 15 100 M M 0 25 100
4 53 41 47 1 18 0 0.59 0.0 0 12.0 21 100 M M 9 1 33 90
5 62 35 49 3 16 0 0.00 0.0 0 7.1 18 60 M M 7 32 60
6 67 30 49 3 16 0 0.00 0.0 0 2.3 13 310 M M 0 18 30
7 66 34 50 4 15 0 0.00 0.0 0 4.6 13 70 M M 0 19 90
8 61 41 51 4 14 0 0.00 0.0 0 4.8 12 60 M M 0 16 60
9 67 48 58 11 7 0 0.00 0.0 0 2.9 8 190 M M 5 12 180
10 70 54 62 15 3 0 0.11 0.0 0 4.6 13 200 M M 9 1 18 180
11 67 59 63 16 2 0 1.30 0.0 0 6.1 17 230 M M 9 138 24 230
12 63 45 54 6 11 0 1.08 0.0 0 10.2 28 270 M M 9 13 44 260
13 56 34 45 -3 20 0 T 0.0 0 5.9 17 270 M M 7 30 280
14 66 31 49 1 16 0 0.00 0.0 M 1.1 8 40 M M M M M
15 68 34 51 3 14 0 0.00 0.0 M 2.9 14 250 M M 0 22 280
16 65 44 55 7 10 0 0.00 0.0 0 5.3 15 240 M M 1 18 20 230
17 58 34 46 -3 19 0 0.06 0.0 0 8.3 16 360 M M 6 1 25 350
18 52 30 41 -8 24 0 0.00 0.0 0 4.5 13 360 M M 0 21 360
19 60 24 42 -7 23 0 0.00 0.0 0 2.3 12 240 M M 0 18 270
20 63 28 46 -4 19 0 0.00 0.0 0 2.8 9 220 M M 2 8 13 250
21 70 33 52 2 13 0 0.00 0.0 0 2.9 12 200 M M 0 16 200
22 71 40 56 6 9 0 0.14 0.0 0 7.7 20 230 M M 3 28 240
23 68 44 56 6 9 0 0.17 0.0 M 8.4 24 280 M M 10 39 280
24 66 36 51 1 14 0 0.00 0.0 M 8.8 23 280 M M M 35 260
25 69 31 50 -1 15 0 0.00 0.0 0 M 13 240 M M M 17 230
26 74 39 57 6 8 0 0.00 0.0 0 6.8 18 240 M M 1 26 180
27 77 59 68 17 0 3 0.00 0.0 0 10.6 22 210 M M 2 36 240
28 75 43 59 7 6 0 0.25 0.0 0 12.1 28 270 M M 8 13 50 290
29 50 38 44 -8 21 0 T 0.0 0 6.5 14 60 M M 3 19 50
================================================================================
SM 1881 1106 389 3 3.70 0.0 160.6 M 91
================================================================================
AV 64.9 38.1 5.7 FASTST M M 4 MAX(MPH)
MISC ----> # 28 270 50 290
================================================================================
NOTES:
# LAST OF SEVERAL OCCURRENCES
COLUMN 17 PEAK WIND IN M.P.H.
PRELIMINARY LOCAL CLIMATOLOGICAL DATA (WS FORM: F-6) , PAGE 2
STATION: ANNISTON
MONTH: FEBRUARY
YEAR: 2024
LATITUDE: 33 35 N
LONGITUDE: 85 51 W
[TEMPERATURE DATA] [PRECIPITATION DATA] SYMBOLS USED IN COLUMN 16
AVERAGE MONTHLY: 51.5 TOTAL FOR MONTH: 3.70 1 = FOG OR MIST
DPTR FM NORMAL: 3.3 DPTR FM NORMAL: -1.38 2 = FOG REDUCING VISIBILITY
HIGHEST: 77 ON 27 GRTST 24HR 1.86 ON 11-12 TO 1/4 MILE OR LESS
LOWEST: 24 ON 19 3 = THUNDER
SNOW, ICE PELLETS, HAIL 4 = ICE PELLETS
TOTAL MONTH: 0.0 INCH 5 = HAIL
GRTST 24HR 0.0 6 = FREEZING RAIN OR DRIZZLE
GRTST DEPTH: 0 7 = DUSTSTORM OR SANDSTORM:
VSBY 1/2 MILE OR LESS
8 = SMOKE OR HAZE
[NO. OF DAYS WITH] [WEATHER - DAYS WITH] 9 = BLOWING SNOW
X = TORNADO
MAX 32 OR BELOW: 0 0.01 INCH OR MORE: 8
MAX 90 OR ABOVE: 0 0.10 INCH OR MORE: 7
MIN 32 OR BELOW: 7 0.50 INCH OR MORE: 3
MIN 0 OR BELOW: 0 1.00 INCH OR MORE: 2
[HDD (BASE 65) ]
TOTAL THIS MO. 389 CLEAR (SCALE 0-3) 15
DPTR FM NORMAL -82 PTCLDY (SCALE 4-7) 6
TOTAL FM JUL 1 2023 CLOUDY (SCALE 8-10) 8
DPTR FM NORMAL -174
[CDD (BASE 65) ]
TOTAL THIS MO. 3
DPTR FM NORMAL 1 [PRESSURE DATA]
TOTAL FM JAN 1 4 HIGHEST SLP 30.48 ON 29
DPTR FM NORMAL 1 LOWEST SLP 29.55 ON 12
[REMARKS]
#FINAL-02-24#