000
CXAK56 PAFC 011027
CF6ANC
PRELIMINARY LOCAL CLIMATOLOGICAL DATA (WS FORM: F-6)
STATION: ANCHORAGE AK
MONTH: SEPTEMBER
YEAR: 2021
LATITUDE: 61 10 N
LONGITUDE: 150 2 W
TEMPERATURE IN F: :PCPN: SNOW: WIND :SUNSHINE: SKY :PK WND
================================================================================
1 2 3 4 5 6A 6B 7 8 9 10 11 12 13 14 15 16 17 18
12Z AVG MX 2MIN
DY MAX MIN AVG DEP HDD CDD WTR SNW DPTH SPD SPD DIR MIN PSBL S-S WX SPD DR
================================================================================
1 59 49 54 0 11 0 0.14 0.0 0 3.2 10 140 M M 7 22 360
2 61 51 56 2 9 0 0.37 0.0 0 7.3 18 140 M M 10 1 28 150
3 62 53 58 5 7 0 0.03 0.0 0 2.5 9 80 M M 9 1 22 10
4 61 54 58 5 7 0 0.07 0.0 0 3.7 12 170 M M 9 1 19 350
5 62 53 58 5 7 0 0.17 0.0 0 6.0 18 160 M M 8 1 26 150
6 61 50 56 4 9 0 0.01 0.0 0 3.9 16 160 M M 7 22 160
7 60 48 54 2 11 0 0.00 0.0 0 5.3 15 160 M M 8 25 330
8 56 47 52 0 13 0 0.04 0.0 0 3.5 10 180 M M 9 14 340
9 61 50 56 4 9 0 0.02 0.0 0 3.7 10 160 M M 8 1 21 350
10 56 50 53 2 12 0 0.04 0.0 0 3.6 9 150 M M 9 16 360
11 61 42 52 1 13 0 0.00 0.0 0 2.9 9 310 M M 5 1 22 350
12 58 44 51 0 14 0 0.02 0.0 0 6.2 26 150 M M 7 1 38 170
13 54 47 51 1 14 0 0.05 0.0 0 12.1 21 140 M M 7 30 140
14 56 45 51 1 14 0 0.08 0.0 0 7.9 17 150 M M 7 1 23 150
15 54 46 50 0 15 0 0.06 0.0 0 9.9 17 150 M M 9 27 180
16 51 44 48 -1 17 0 0.01 0.0 0 6.2 10 20 M M 10 17 160
17 55 44 50 1 15 0 0.00 0.0 0 5.6 12 40 M M 8 20 20
18 57 38 48 -1 17 0 0.01 0.0 0 4.9 14 210 M M 4 22 120
19 58 33 46 -2 19 0 0.00 0.0 0 5.3 21 140 M M 2 1 28 140
20 50 42 46 -2 19 0 T 0.0 0 9.6 24 350 M M 8 35 350
21 48 39 44 -4 21 0 0.00 0.0 0 20.0 31 360 M M 8 43 330
22 44 28 36 -11 29 0 0.00 0.0 0 4.6 12 330 M M 5 18 160
23 46 37 42 -5 23 0 0.57 0.0 0 13.9 25 360 M M 10 36 360
24 40 35 38 -8 27 0 0.25 T 0 8.9 26 320 M M 10 1 36 320
25 45 35 40 -6 25 0 0.01 0.0 0 4.4 12 40 M M 8 1 15 40
26 46 30 38 -8 27 0 0.00 0.0 0 5.1 10 360 M M 1 15 360
27 47 28 38 -7 27 0 0.00 0.0 0 2.1 6 180 M M 1 10 180
28 49 25 37 -8 28 0 0.00 0.0 0 2.4 7 170 M M 1 13 50
29 47 27 37 -8 28 0 0.00 0.0 0 3.2 8 40 M M 1 10 30
30 47 25 36 -8 29 0 0.00 0.0 0 7.9 21 350 M M 4 27 350
================================================================================
SM 1612 1239 516 0 1.95 T 185.8 M 200
================================================================================
AV 53.7 41.3 6.2 FASTST M M 7 MAX(MPH)
MISC ----> 31 360 43 330
================================================================================
NOTES:
# LAST OF SEVERAL OCCURRENCES
COLUMN 17 PEAK WIND IN M.P.H.
PRELIMINARY LOCAL CLIMATOLOGICAL DATA (WS FORM: F-6) , PAGE 2
STATION: ANCHORAGE AK
MONTH: SEPTEMBER
YEAR: 2021
LATITUDE: 61 10 N
LONGITUDE: 150 2 W
[TEMPERATURE DATA] [PRECIPITATION DATA] SYMBOLS USED IN COLUMN 16
AVERAGE MONTHLY: 47.5 TOTAL FOR MONTH: 1.95 1 = FOG OR MIST
DPTR FM NORMAL: -1.8 DPTR FM NORMAL: -1.15 2 = FOG REDUCING VISIBILITY
HIGHEST: 62 ON 5, 3 GRTST 24HR 0.74 ON 23-24 TO 1/4 MILE OR LESS
LOWEST: 25 ON 30,28 3 = THUNDER
SNOW, ICE PELLETS, HAIL 4 = ICE PELLETS
TOTAL MONTH: T 5 = HAIL
GRTST 24HR T ON 24-24 6 = FREEZING RAIN OR DRIZZLE
GRTST DEPTH: 0 7 = DUSTSTORM OR SANDSTORM:
VSBY 1/2 MILE OR LESS
8 = SMOKE OR HAZE
[NO. OF DAYS WITH] [WEATHER - DAYS WITH] 9 = BLOWING SNOW
X = TORNADO
MAX 32 OR BELOW: 0 0.01 INCH OR MORE: 18
MAX 90 OR ABOVE: 0 0.10 INCH OR MORE: 5
MIN 32 OR BELOW: 6 0.50 INCH OR MORE: 1
MIN 0 OR BELOW: 0 1.00 INCH OR MORE: 0
[HDD (BASE 65) ]
TOTAL THIS MO. 516 CLEAR (SCALE 0-3) 5
DPTR FM NORMAL 45 PTCLDY (SCALE 4-7) 13
TOTAL FM JUL 1 934 CLOUDY (SCALE 8-10) 12
DPTR FM NORMAL 54
[CDD (BASE 65) ]
TOTAL THIS MO. 0
DPTR FM NORMAL 0 [PRESSURE DATA]
TOTAL FM JAN 1 11 HIGHEST SLP M ON M
DPTR FM NORMAL 3 LOWEST SLP 29.04 ON 30
[REMARKS]
#FINAL-09-21#