000
CXUS53 KAPX 011341
CF6ANJ
PRELIMINARY LOCAL CLIMATOLOGICAL DATA (WS FORM: F-6)
STATION: SAULT STE MARIE MI
MONTH: MARCH
YEAR: 2020
LATITUDE: 46 28 N
LONGITUDE: 84 21 W
TEMPERATURE IN F: :PCPN: SNOW: WIND :SUNSHINE: SKY :PK WND
================================================================================
1 2 3 4 5 6A 6B 7 8 9 10 11 12 13 14 15 16 17 18
12Z AVG MX 2MIN
DY MAX MIN AVG DEP HDD CDD WTR SNW DPTH SPD SPD DIR MIN PSBL S-S WX SPD DR
================================================================================
1 39 13 26 5 39 0 0.00 0.0 25 8.0 18 120 M M 4 31 120
2 35 20 28 7 37 0 0.00 0.0 22 7.6 20 290 M M 5 128 30 300
3 38 20 29 7 36 0 0.12 2.2 22 6.3 15 290 M M 9 1 20 290
4 34 26 30 8 35 0 0.03 0.3 24 10.8 23 290 M M 10 18 34 310
5 32 16 24 2 41 0 0.51 7.2 23 8.2 20 100 M M 7 12 30 90
6 32 11 22 0 43 0 0.01 0.2 30 8.2 17 50 M M 4 1 29 50
7 40 8 24 1 41 0 0.00 0.0 28 5.4 20 210 M M 1 29 220
8 51 22 37 14 28 0 0.00 0.0 27 6.3 20 200 M M 0 31 200
9 47 31 39 15 26 0 0.05 0.1 23 6.2 16 310 M M 6 16 23 240
10 31 19 25 1 40 0 0.08 0.4 22 10.0 18 310 M M 3 16 26 310
11 35 19 27 3 38 0 0.16 2.0 22 4.7 9 120 M M 10 1 14 120
12 42 32 37 13 28 0 0.25 0.3 22 9.9 24 140 M M 10 18 37 140
13 38 30 34 9 31 0 0.06 0.3 21 21.2 31 280 M M 10 18 50 280
14 33 25 29 4 36 0 T T 21 11.3 25 310 M M 5 39 310
15 30 14 22 -4 43 0 0.00 0.0 21 5.3 13 60 M M 0 21 60
16 34 20 27 1 38 0 0.15 1.4 20 7.1 13 210 M M 7 1 18 230
17 34 19 27 1 38 0 0.03 0.5 21 11.4 26 280 M M 5 1 41 270
18 37 19 28 1 37 0 0.00 0.0 20 5.7 12 110 M M 8 16 110
19 41 27 34 7 31 0 0.52 0.0 20 6.7 17 120 M M 8 1 27 120
20 36 16 26 -2 39 0 0.10 0.2 19 11.5 24 320 M M 8 18 35 320
21 29 6 18 -10 47 0 0.00 0.0 19 3.4 13 360 M M 0 18 10
22 32 12 22 -6 43 0 0.00 0.0 19 8.1 20 150 M M 2 29 150
23 39 23 31 2 34 0 0.00 0.0 18 4.5 14 200 M M 7 17 190
24 44 24 34 5 31 0 T 0.0 18 4.3 9 150 M M 3 128 14 120
25 43 32 38 8 27 0 0.79 T 18 5.7 16 210 M M 10 18 25 190
26 41 34 38 8 27 0 0.13 T 16 2.6 9 260 M M 10 1 14 20
27 44 28 36 5 29 0 0.00 0.0 16 4.2 12 140 M M 2 1 15 160
28 49 33 41 10 24 0 0.00 0.0 15 5.5 14 100 M M 6 25 100
29 47 38 43 11 22 0 0.37 0.0 13 8.1 21 100 M M 10 12 36 100
30 43 36 40 8 25 0 0.00 0.0 11 8.8 15 30 M M 10 24 20
31 43 36 40 7 25 0 0.00 0.0 11 3.8 12 30 M M 10 17 20
================================================================================
SM 1193 709 1059 0 3.36 15.1 230.8 M 190
================================================================================
AV 38.5 22.9 7.4 FASTST M M 6 MAX(MPH)
MISC ----> # 31 280 # 50 280
================================================================================
NOTES:
# LAST OF SEVERAL OCCURRENCES
COLUMN 17 PEAK WIND IN M.P.H.
PRELIMINARY LOCAL CLIMATOLOGICAL DATA (WS FORM: F-6) , PAGE 2
STATION: SAULT STE MARIE MI
MONTH: MARCH
YEAR: 2020
LATITUDE: 46 28 N
LONGITUDE: 84 21 W
[TEMPERATURE DATA] [PRECIPITATION DATA] SYMBOLS USED IN COLUMN 16
AVERAGE MONTHLY: 30.7 TOTAL FOR MONTH: 3.36 1 = FOG OR MIST
DPTR FM NORMAL: 4.4 DPTR FM NORMAL: 1.41 2 = FOG REDUCING VISIBILITY
HIGHEST: 51 ON 8 GRTST 24HR 0.79 ON 25-25 TO 1/4 MILE OR LESS
LOWEST: 6 ON 21 3 = THUNDER
SNOW, ICE PELLETS, HAIL 4 = ICE PELLETS
TOTAL MONTH: 15.1 INCHES 5 = HAIL
GRTST 24HR 7.2 ON 5- 5 6 = FREEZING RAIN OR DRIZZLE
GRTST DEPTH: 30 ON 6 7 = DUSTSTORM OR SANDSTORM:
VSBY 1/2 MILE OR LESS
8 = SMOKE OR HAZE
[NO. OF DAYS WITH] [WEATHER - DAYS WITH] 9 = BLOWING SNOW
X = TORNADO
MAX 32 OR BELOW: 6 0.01 INCH OR MORE: 16
MAX 90 OR ABOVE: 0 0.10 INCH OR MORE: 10
MIN 32 OR BELOW: 26 0.50 INCH OR MORE: 3
MIN 0 OR BELOW: 0 1.00 INCH OR MORE: 0
[HDD (BASE 65) ]
TOTAL THIS MO. 1059 CLEAR (SCALE 0-3) 6
DPTR FM NORMAL -141 PTCLDY (SCALE 4-7) 15
TOTAL FM JUL 1 6681 CLOUDY (SCALE 8-10) 10
DPTR FM NORMAL -645
[CDD (BASE 65) ]
TOTAL THIS MO. 0
DPTR FM NORMAL 0 [PRESSURE DATA]
TOTAL FM JAN 1 0 HIGHEST SLP M ON M
DPTR FM NORMAL 0 LOWEST SLP 29.39 ON 12
[REMARKS]
#FINAL-03-20#