000
CXUS53 KAPX 011015
CLMANJ
CLIMATE REPORT
NATIONAL WEATHER SERVICE
615 AM EDT WED NOV 01 2023
...................................
...THE SAULT STE MARIE MI CLIMATE SUMMARY FOR THE MONTH OF OCTOBER 2023...
CLIMATE NORMAL PERIOD: 1991 TO 2020
CLIMATE RECORD PERIOD: 1888 TO 2023
WEATHER OBSERVED NORMAL DEPART LAST YEAR`S
VALUE DATE(S) VALUE FROM VALUE
NORMAL
..............................................................
TEMPERATURE (F)
RECORD
HIGH 83 10/02/2023
LOW 15 10/30/1925
HIGHEST 83R 10/02 MM MM
10/03
LOWEST 25 10/31 MM MM
AVG. MAXIMUM 56.4 54.1 2.3
AVG. MINIMUM 41.9 38.5 3.4
MEAN 49.2 46.3 2.9
DAYS MAX <= 32 0 0.0 0.0
DAYS MIN <= 0 0 0.0 0.0
DAYS MIN <= -20 0
PRECIPITATION (INCHES)
TOTALS 4.17 4.38 -0.21
DAYS >= .01 18 16.5 1.5
DAYS >= .10 13 9.9 3.1
DAYS >= .50 3 2.4 0.6
DAYS >= 1.00 0 0.9 -0.9
GREATEST
24 HR. TOTAL 0.73 10/24 TO 10/25
SNOWFALL (INCHES)
RECORDS
TOTAL 19.7 1895
TOTALS 4.1 1.7 2.4 2.3
DAYS >= TRACE 4 2.0 3
GREATEST
SNOW DEPTH 4R 10/31 2
DEGREE DAYS
HEATING TOTAL 499 581 -82
SINCE 7/1 714 926 -212
COOLING TOTAL 14 1 13
SINCE 1/1 269 236 33
..............................................................
WIND (MPH)
AVERAGE WIND SPEED 6.3
HIGHEST WIND SPEED/DIRECTION 24/320 DATE 10/08
24/310 10/28
HIGHEST GUST SPEED/DIRECTION 44/340 DATE 10/08
SKY COVER
AVERAGE SKY COVER 0.64
AVERAGE RH (PERCENT) 80
- INDICATES NEGATIVE NUMBERS.
R INDICATES RECORD WAS SET OR TIED.
MM INDICATES DATA IS MISSING.
T INDICATES TRACE AMOUNT.
$$