000
CXUS55 KBOU 011000
CF6APA
PRELIMINARY LOCAL CLIMATOLOGICAL DATA (WS FORM: F-6)
STATION: CENTENNIAL CO
MONTH: NOVEMBER
YEAR: 2020
LATITUDE: 39 33 N
LONGITUDE: 104 51 W
TEMPERATURE IN F: :PCPN: SNOW: WIND :SUNSHINE: SKY :PK WND
================================================================================
1 2 3 4 5 6A 6B 7 8 9 10 11 12 13 14 15 16 17 18
12Z AVG MX 2MIN
DY MAX MIN AVG DEP HDD CDD WTR SNW DPTH SPD SPD DIR MIN PSBL S-S WX SPD DR
================================================================================
1 74 33 54 10 11 0 0.00 M M 6.5 13 180 M M 1 17 70
2 76 34 55 11 10 0 0.00 M M 4.8 14 180 M M 0 17 170
3 78 41 60 17 5 0 0.00 M M 4.0 12 250 M M 5 14 260
4 75 40 58 15 7 0 0.00 M M 6.1 18 320 M M 2 26 320
5 75 40 58 16 7 0 0.00 M M 8.7 20 170 M M 0 25 170
6 74 49 62 20 3 0 0.00 M M 13.0 25 230 M M 6 33 230
7 74 53 64 22 1 0 0.00 M M 13.8 30 220 M M 6 45 200
8 58 42 50 9 15 0 0.00 M M 19.6 45 220 M M 4 63 230
9 44 26 35 -6 30 0 0.11 M M 5.7 21 350 M M 8 12 27 240
10 48 19 34 -6 31 0 0.00 M M 5.9 18 360 M M 3 18 23 10
11 50 19 35 -5 30 0 0.00 M M 6.7 18 20 M M 1 25 350
12 45 21 33 -7 32 0 0.00 M M 8.3 20 200 M M 2 29 200
13 60 21 41 2 24 0 0.00 M M 13.3 28 250 M M 2 36 230
14 50 28 39 0 26 0 T M M 17.6 40 310 M M 4 55 310
15 59 21 40 2 25 0 0.00 M M 6.5 20 170 M M 2 23 170
16 66 33 50 12 15 0 0.00 M M 7.5 22 160 M M 3 28 160
17 74 36 55 18 10 0 0.00 M M 6.0 14 200 M M 4 18 200
18 71 49 60 23 5 0 0.00 M M 13.2 23 230 M M 5 32 240
19 67 38 53 17 12 0 0.00 M M 9.2 16 150 M M 2 23 80
20 55 33 44 8 21 0 0.00 M M 10.2 22 170 M M 5 29 180
21 50 28 39 3 26 0 0.00 M M 4.7 14 150 M M 4 19 150
22 49 19 34 -1 31 0 0.00 M M 8.3 21 170 M M 3 28 180
23 65 32 49 14 16 0 0.00 M M 10.3 31 240 M M 6 45 230
24 43 20 32 -2 33 0 0.31 M M 8.6 21 350 M M 6 12 28 360
25 50 21 36 2 29 0 0.00 M M 5.3 13 170 M M 0 16 180
26 45 26 36 2 29 0 T M M 7.9 17 360 M M 3 22 360
27 44 24 34 1 31 0 T M M 5.4 14 170 M M 1 17 170
28 56 23 40 7 25 0 0.00 M M 3.0 9 170 M M 1 10 120
29 37 23 30 -3 35 0 0.00 M M 6.1 14 360 M M 1 21 360
30 57 21 39 7 26 0 0.00 M M 6.2 13 170 M M 1 16 230
================================================================================
SM 1769 913 601 0 0.42 M 252.4 M 91
================================================================================
AV 59.0 30.4 8.4 FASTST M M 3 MAX(MPH)
MISC ----> 45 220 63 230
================================================================================
NOTES:
# LAST OF SEVERAL OCCURRENCES
COLUMN 17 PEAK WIND IN M.P.H.
PRELIMINARY LOCAL CLIMATOLOGICAL DATA (WS FORM: F-6) , PAGE 2
STATION: CENTENNIAL CO
MONTH: NOVEMBER
YEAR: 2020
LATITUDE: 39 33 N
LONGITUDE: 104 51 W
[TEMPERATURE DATA] [PRECIPITATION DATA] SYMBOLS USED IN COLUMN 16
AVERAGE MONTHLY: 44.7 TOTAL FOR MONTH: 0.42 1 = FOG OR MIST
DPTR FM NORMAL: 6.6 DPTR FM NORMAL: -0.56 2 = FOG REDUCING VISIBILITY
HIGHEST: 78 ON 3 GRTST 24HR 0.31 ON 24-24 TO 1/4 MILE OR LESS
LOWEST: 19 ON 22,11 3 = THUNDER
SNOW, ICE PELLETS, HAIL 4 = ICE PELLETS
TOTAL MONTH: M 5 = HAIL
GRTST 24HR M ON M 6 = FREEZING RAIN OR DRIZZLE
GRTST DEPTH: M ON M 7 = DUSTSTORM OR SANDSTORM:
VSBY 1/2 MILE OR LESS
8 = SMOKE OR HAZE
[NO. OF DAYS WITH] [WEATHER - DAYS WITH] 9 = BLOWING SNOW
X = TORNADO
MAX 32 OR BELOW: 0 0.01 INCH OR MORE: 2
MAX 90 OR ABOVE: 0 0.10 INCH OR MORE: 2
MIN 32 OR BELOW: 17 0.50 INCH OR MORE: 0
MIN 0 OR BELOW: 0 1.00 INCH OR MORE: 0
[HDD (BASE 65) ]
TOTAL THIS MO. 601 CLEAR (SCALE 0-3) 17
DPTR FM NORMAL -207 PTCLDY (SCALE 4-7) 13
TOTAL FM JUL 1 1198 CLOUDY (SCALE 8-10) 0
DPTR FM NORMAL -249
[CDD (BASE 65) ]
TOTAL THIS MO. 0
DPTR FM NORMAL 0 [PRESSURE DATA]
TOTAL FM JAN 1 1013 HIGHEST SLP 30.60 ON 29
DPTR FM NORMAL 453 LOWEST SLP 29.14 ON 8
[REMARKS]
#FINAL-11-20#