000
CXUS54 KEWX 011110
CF6AQO
PRELIMINARY LOCAL CLIMATOLOGICAL DATA (WS FORM: F-6)
STATION: LLANO MUNICIPAL AIRPORT
MONTH: DECEMBER
YEAR: 2022
LATITUDE: 30 47 N
LONGITUDE: 98 40 W
TEMPERATURE IN F: :PCPN: SNOW: WIND :SUNSHINE: SKY :PK WND
================================================================================
1 2 3 4 5 6A 6B 7 8 9 10 11 12 13 14 15 16 17 18
12Z AVG MX 2MIN
DY MAX MIN AVG DEP HDD CDD WTR SNW DPTH SPD SPD DIR MIN PSBL S-S WX SPD DR
================================================================================
1 50 30 40 M 25 0 0.00 M M 3.5 8 130 M M 9 1 14 160
2 77 48 63 M 2 0 0.00 M M 4.5 17 200 M M 5 1 16 230
3 63 46 55 M 10 0 0.00 M M 5.5 13 30 M M 5 12 22 360
4 57 48 53 M 12 0 0.00 M M 3.0 9 350 M M 10 1 12 350
5 79 54 67 M 0 2 0.00 M M 4.9 15 200 M M 7 22 200
6 75 55 65 M 0 0 0.00 M M 2.0 9 190 M M 6 M M
7 79 64 72 M 0 7 0.00 M M 5.0 16 190 M M 8 1 21 190
8 77 64 71 M 0 6 0.00 M M 1.6 7 200 M M 10 1 14 200
9 79 63 71 M 0 6 0.00 M M 3.7 9 210 M M 7 1 17 160
10 73 61 67 M 0 2 0.00 M M 3.6 8 160 M M 10 18 0
11 61 59 60 M 5 0 0.00 M M 4.0 9 10 M M 10 M M
12 70 57 64 M 1 0 0.00 M M 6.5 10 140 M M 10 1 18 140
13 72 52 62 M 3 0 0.00 M M 7.5 14 300 M M 9 8 20 160
14 63 34 49 M 16 0 0.00 M M 7.6 21 290 M M 6 31 290
15 64 28 46 M 19 0 0.00 M M 1.6 9 260 M M 3 M M
16 48 32 40 M 25 0 0.00 M M 3.6 14 20 M M 8 17 20
17 55 34 45 M 20 0 0.00 M M 3.2 12 350 M M 5 M M
18 54 27 41 M 24 0 0.00 M M 4.0 9 120 M M 7 16 160
19 48 45 47 M 18 0 0.00 M M 2.6 6 110 M M 10 1 M M
20 50 45 48 M 17 0 0.00 M M 4.8 9 30 M M 10 1 M M
21 48 30 39 M 26 0 0.00 M M 1.9 7 130 M M 7 1 14 130
22 50 14 32 M 33 0 0.00 M M 10.2 22 360 M M 9 12 32 360
23 28 12 20 M 45 0 0.00 M M 9.8 16 340 M M 5 24 350
24 39 12 26 M 39 0 0.00 M M 1.0 6 90 M M 4 M M
25 54 18 36 M 29 0 0.00 M M 2.7 10 230 M M 5 13 230
26 61 23 42 M 23 0 0.00 M M 4.2 12 350 M M 4 16 350
27 63 25 44 M 21 0 0.00 M M 3.9 10 110 M M 3 16 170
28 77 32 55 M 10 0 0.00 M M 5.2 15 180 M M 3 23 180
29 M M M M M M 0.00 M M 9.2 9 100 M M 8 M M
30 M M M M M M 0.00 M M M M M M M M M M
31 M M M M M M M M M M M M M M M M M
================================================================================
SM 1714 1112 423 23 0.00 M 130.9 M 203
================================================================================
AV 61.2 39.7 4.5 FASTST M M 7 MAX(MPH)
MISC ----> 22 360 32 360
================================================================================
NOTES:
# LAST OF SEVERAL OCCURRENCES
COLUMN 17 PEAK WIND IN M.P.H.
PRELIMINARY LOCAL CLIMATOLOGICAL DATA (WS FORM: F-6) , PAGE 2
STATION: LLANO MUNICIPAL AIRPORT
MONTH: DECEMBER
YEAR: 2022
LATITUDE: 30 47 N
LONGITUDE: 98 40 W
[TEMPERATURE DATA] [PRECIPITATION DATA] SYMBOLS USED IN COLUMN 16
AVERAGE MONTHLY: 50.5 TOTAL FOR MONTH: 0.00 1 = FOG OR MIST
DPTR FM NORMAL: 0.0 DPTR FM NORMAL: M 2 = FOG REDUCING VISIBILITY
HIGHEST: 79 ON 9, 7 GRTST 24HR 0.00 ON 1- 1 TO 1/4 MILE OR LESS
LOWEST: 12 ON 24,23 3 = THUNDER
SNOW, ICE PELLETS, HAIL 4 = ICE PELLETS
TOTAL MONTH: 0.0 INCH 5 = HAIL
GRTST 24HR M ON M 6 = FREEZING RAIN OR DRIZZLE
GRTST DEPTH: M ON M 7 = DUSTSTORM OR SANDSTORM:
VSBY 1/2 MILE OR LESS
8 = SMOKE OR HAZE
[NO. OF DAYS WITH] [WEATHER - DAYS WITH] 9 = BLOWING SNOW
X = TORNADO
MAX 32 OR BELOW: 1 0.01 INCH OR MORE: 0
MAX 90 OR ABOVE: 0 0.10 INCH OR MORE: 0
MIN 32 OR BELOW: 12 0.50 INCH OR MORE: 0
MIN 0 OR BELOW: 0 1.00 INCH OR MORE: 0
[HDD (BASE 65) ]
TOTAL THIS MO. 423 CLEAR (SCALE 0-3) 2
DPTR FM NORMAL M PTCLDY (SCALE 4-7) 16
TOTAL FM JUL 1 798 CLOUDY (SCALE 8-10) 13
DPTR FM NORMAL M
[CDD (BASE 65) ]
TOTAL THIS MO. 23
DPTR FM NORMAL M [PRESSURE DATA]
TOTAL FM JAN 1 3423 HIGHEST SLP M ON M
DPTR FM NORMAL M LOWEST SLP M ON M
[REMARKS]
#FINAL-12-22#