000
CXUS54 KEWX 132133
CF6AQO
PRELIMINARY LOCAL CLIMATOLOGICAL DATA (WS FORM: F-6)
STATION: LLANO MUNICIPAL AIRPORT
MONTH: DECEMBER
YEAR: 2020
LATITUDE: 30 47 N
LONGITUDE: 98 40 W
TEMPERATURE IN F: :PCPN: SNOW: WIND :SUNSHINE: SKY :PK WND
================================================================================
1 2 3 4 5 6A 6B 7 8 9 10 11 12 13 14 15 16 17 18
12Z AVG MX 2MIN
DY MAX MIN AVG DEP HDD CDD WTR SNW DPTH SPD SPD DIR MIN PSBL S-S WX SPD DR
================================================================================
1 63 18 41 M 24 0 0.00 M M 4.9 16 180 M M 3 22 200
2 59 37 48 M 17 0 0.00 M M 8.7 17 330 M M 4 28 300
3 50 30 40 M 25 0 0.00 M M 8.9 17 330 M M 6 23 330
4 57 25 41 M 24 0 0.00 M M 3.1 8 330 M M 3 M M
5 55 28 42 M 23 0 0.00 M M 1.2 6 330 M M 8 M M
6 64 32 48 M 17 0 0.00 M M 7.1 16 350 M M 3 8 22 330
7 68 28 48 M 17 0 0.00 M M 2.2 10 340 M M 1 8 16 340
8 77 28 53 M 12 0 0.00 0.0 0 2.5 9 320 M M 2 M M
9 81 27 54 M 11 0 0.00 0.0 0 2.5 9 200 M M 2 8 13 99
10 79 30 55 M 10 0 0.00 M M 4.7 14 170 M M 2 22 190
11 72 52 62 M 3 0 0.07 M M 3.7 9 320 M M 6 13 15 0
12 61 37 49 M 16 0 0.00 M M 4.7 9 360 M M 5 15 130
13 66 39 53 M 12 0 0.06 M M 11.6 29 350 M M 8 12 40 320
14 54 25 40 M 25 0 0.00 M M 5.3 16 330 M M 4 15 330
15 64 32 48 M 17 0 0.00 M M 9.5 25 310 M M 7 8 32 310
16 55 30 43 M 22 0 0.00 M M 6.8 13 320 M M 3 20 320
17 64 23 44 M 21 0 0.00 M M 2.4 7 170 M M 4 M M
18 64 32 48 M 17 0 0.00 M M 5.2 15 190 M M 9 22 190
19 66 36 51 M 14 0 0.07 M M 5.6 15 300 M M 6 1 23 300
20 66 28 47 M 18 0 0.00 M M 3.3 10 290 M M 2 21 340
21 73 27 50 M 15 0 0.00 M M 2.2 7 99 M M 1 8 13 99
22 70 32 51 M 14 0 0.00 M M 4.6 15 200 M M 6 22 200
23 77 39 58 M 7 0 0.00 M M 11.6 27 350 M M 5 35 350
24 55 28 42 M 23 0 0.00 M M 10.1 16 290 M M 3 28 340
25 70 25 48 M 17 0 0.00 M M 2.6 12 270 M M 4 16 270
26 70 28 49 M 16 0 0.00 M M 5.8 18 200 M M 3 24 190
27 79 34 57 M 8 0 0.00 M M 3.8 15 220 M M 3 20 220
28 72 39 56 M 9 0 0.00 M M 6.1 13 130 M M 9 20 130
29 73 61 67 M 0 2 0.00 M M 11.8 18 160 M M 10 26 160
30 66 41 54 M 11 0 0.03 M M 10.6 20 360 M M 10 3 30 30
31 39 34 37 M 28 0 0.93 M M 10.2 16 360 M M 10 1 31 99
================================================================================
SM 2029 1005 493 2 1.16 0.0 183.2 M 152
================================================================================
AV 65.5 32.4 5.9 FASTST M M 5 MAX(MPH)
MISC ----> 29 350 40 320
================================================================================
NOTES:
# LAST OF SEVERAL OCCURRENCES
COLUMN 17 PEAK WIND IN M.P.H.
PRELIMINARY LOCAL CLIMATOLOGICAL DATA (WS FORM: F-6) , PAGE 2
STATION: LLANO MUNICIPAL AIRPORT
MONTH: DECEMBER
YEAR: 2020
LATITUDE: 30 47 N
LONGITUDE: 98 40 W
[TEMPERATURE DATA] [PRECIPITATION DATA] SYMBOLS USED IN COLUMN 16
AVERAGE MONTHLY: 48.9 TOTAL FOR MONTH: 1.16 1 = FOG OR MIST
DPTR FM NORMAL: 0.0 DPTR FM NORMAL: M 2 = FOG REDUCING VISIBILITY
HIGHEST: 81 ON 9 GRTST 24HR 0.93 ON 31-31 TO 1/4 MILE OR LESS
LOWEST: 18 ON 1 3 = THUNDER
SNOW, ICE PELLETS, HAIL 4 = ICE PELLETS
TOTAL MONTH: 0.0 INCH 5 = HAIL
GRTST 24HR 0.0 6 = FREEZING RAIN OR DRIZZLE
GRTST DEPTH: 0 7 = DUSTSTORM OR SANDSTORM:
VSBY 1/2 MILE OR LESS
8 = SMOKE OR HAZE
[NO. OF DAYS WITH] [WEATHER - DAYS WITH] 9 = BLOWING SNOW
X = TORNADO
MAX 32 OR BELOW: 0 0.01 INCH OR MORE: 5
MAX 90 OR ABOVE: 0 0.10 INCH OR MORE: 1
MIN 32 OR BELOW: 20 0.50 INCH OR MORE: 1
MIN 0 OR BELOW: 0 1.00 INCH OR MORE: 0
[HDD (BASE 65) ]
TOTAL THIS MO. 493 CLEAR (SCALE 0-3) 13
DPTR FM NORMAL M PTCLDY (SCALE 4-7) 12
TOTAL FM JUL 1 770 CLOUDY (SCALE 8-10) 6
DPTR FM NORMAL M
[CDD (BASE 65) ]
TOTAL THIS MO. 2
DPTR FM NORMAL M [PRESSURE DATA]
TOTAL FM JAN 1 2901 HIGHEST SLP M ON M
DPTR FM NORMAL M LOWEST SLP M ON M
[REMARKS]
#FINAL-12-20#